-- Table structure for table `llx_mrp_mo`
--

CREATE TABLE `llx_mrp_mo` (
  `rowid` int(11) NOT NULL AUTO_INCREMENT,
  `ref` varchar(128) COLLATE utf8_unicode_ci NOT NULL DEFAULT '(PROV)',
  `entity` int(11) NOT NULL DEFAULT 1,
  `label` varchar(255) COLLATE utf8_unicode_ci DEFAULT NULL,
  `qty` double NOT NULL,
  `fk_warehouse` int(11) DEFAULT NULL,
  `fk_soc` int(11) DEFAULT NULL,
  `note_public` text COLLATE utf8_unicode_ci DEFAULT NULL,
  `note_private` text COLLATE utf8_unicode_ci DEFAULT NULL,
  `date_creation` datetime NOT NULL,
  `tms` timestamp NOT NULL DEFAULT current_timestamp() ON UPDATE current_timestamp(),
  `fk_user_creat` int(11) NOT NULL,
  `fk_user_modif` int(11) DEFAULT NULL,
  `import_key` varchar(14) COLLATE utf8_unicode_ci DEFAULT NULL,
  `model_pdf` varchar(255) COLLATE utf8_unicode_ci DEFAULT NULL,
  `status` int(11) NOT NULL,
  `fk_product` int(11) NOT NULL,
  `date_start_planned` datetime DEFAULT NULL,
  `date_end_planned` datetime DEFAULT NULL,
  `fk_bom` int(11) DEFAULT NULL,
  `fk_project` int(11) DEFAULT NULL,
  `date_valid` datetime DEFAULT NULL,
  `fk_user_valid` int(11) DEFAULT NULL,
  `last_main_doc` varchar(255) COLLATE utf8_unicode_ci DEFAULT NULL,
  `mrptype` int(11) DEFAULT 0,
  PRIMARY KEY (`rowid`),
  KEY `idx_mrp_mo_ref` (`ref`),
  KEY `idx_mrp_mo_entity` (`entity`),
  KEY `idx_mrp_mo_fk_soc` (`fk_soc`),
  KEY `fk_mrp_mo_fk_user_creat` (`fk_user_creat`),
  KEY `idx_mrp_mo_status` (`status`),
  KEY `idx_mrp_mo_fk_product` (`fk_product`),
  KEY `idx_mrp_mo_date_start_planned` (`date_start_planned`),
  KEY `idx_mrp_mo_date_end_planned` (`date_end_planned`),
  KEY `idx_mrp_mo_fk_bom` (`fk_bom`),
  KEY `idx_mrp_mo_fk_project` (`fk_project`),
  CONSTRAINT `fk_mrp_mo_fk_user_creat` FOREIGN KEY (`fk_user_creat`) REFERENCES `llx_user` (`rowid`)
) ENGINE=InnoDB AUTO_INCREMENT=30 DEFAULT CHARSET=utf8 COLLATE=utf8_unicode_ci;

--
-- Dumping data for table `llx_mrp_mo`
--

INSERT INTO `llx_mrp_mo` VALUES (5,'MO1912-0002',1,'Build 2 apple pies for CIO birthday',3,2,10,NULL,NULL,'2019-12-20 16:42:08','2020-01-13 11:29:30',12,12,NULL,NULL,3,4,NULL,NULL,6,7,'2019-12-20 20:32:09',12,NULL,0),(8,'MO1912-0001',1,NULL,1,NULL,NULL,NULL,NULL,'2019-12-20 17:01:21','2019-12-20 13:25:47',12,NULL,NULL,NULL,1,3,NULL,NULL,6,NULL,'2019-12-20 17:25:47',12,NULL,0),(14,'MO2001-0003',1,NULL,10,NULL,NULL,NULL,'Production very dangerous','2020-01-02 23:46:54','2020-01-06 02:48:22',12,12,NULL,NULL,2,4,NULL,NULL,6,NULL,'2020-01-02 23:57:42',12,NULL,0),(18,'MO2001-0004',1,NULL,2,2,NULL,NULL,NULL,'2020-01-03 13:34:34','2020-01-03 10:10:41',12,12,NULL,NULL,1,4,NULL,NULL,6,NULL,'2020-01-03 14:10:41',12,NULL,0),(22,'(PROV22)',1,'label',1,NULL,26,NULL,NULL,'2020-01-08 19:42:15','2020-01-08 15:42:15',12,NULL,NULL,NULL,0,4,'2020-01-08 16:41:00','2020-01-08 17:41:00',6,6,NULL,NULL,NULL,0),(23,'(PROV23)',1,NULL,1,NULL,26,NULL,NULL,'2020-01-08 19:45:04','2020-01-08 15:45:04',12,NULL,NULL,NULL,0,4,'2020-01-08 16:42:00','2020-01-08 17:42:00',6,6,NULL,NULL,NULL,0),(24,'MO2001-0006',1,NULL,1,NULL,26,NULL,NULL,'2020-01-08 19:46:41','2020-01-13 11:13:19',12,NULL,NULL,NULL,2,4,NULL,NULL,6,6,'2020-01-13 15:11:54',12,NULL,0),(26,'(PROV26)',1,NULL,1,NULL,NULL,NULL,NULL,'2020-01-08 19:49:22','2020-01-08 15:49:22',12,NULL,NULL,NULL,0,4,NULL,NULL,6,NULL,NULL,NULL,NULL,0),(27,'(PROV27)',1,NULL,1,NULL,NULL,NULL,NULL,'2020-01-08 19:49:50','2020-01-08 15:49:50',12,NULL,NULL,NULL,0,4,NULL,NULL,6,NULL,NULL,NULL,NULL,0),(28,'MO2001-0005',1,NULL,1,NULL,NULL,NULL,NULL,'2020-01-08 20:09:40','2020-01-08 16:21:22',12,NULL,NULL,NULL,2,4,NULL,NULL,6,NULL,'2020-01-08 20:12:55',12,NULL,0),(29,'(PROV29)',1,NULL,3,NULL,NULL,NULL,NULL,'2020-01-08 21:00:55','2020-01-08 17:00:55',12,NULL,NULL,NULL,0,4,NULL,NULL,NULL,NULL,NULL,NULL,NULL,0);

--
-- Table structure for table `llx_mrp_mo_extrafields`
--

CREATE TABLE `llx_mrp_mo_extrafields` (
  `rowid` int(11) NOT NULL AUTO_INCREMENT,
  `tms` timestamp NOT NULL DEFAULT current_timestamp() ON UPDATE current_timestamp(),
  `fk_object` int(11) NOT NULL,
  `import_key` varchar(14) COLLATE utf8_unicode_ci DEFAULT NULL,
  PRIMARY KEY (`rowid`),
  KEY `idx_mrp_mo_fk_object` (`fk_object`)
) ENGINE=InnoDB DEFAULT CHARSET=utf8 COLLATE=utf8_unicode_ci;

--
-- Dumping data for table `llx_mrp_mo_extrafields`
--


--
-- Table structure for table `llx_mrp_production`
--

CREATE TABLE `llx_mrp_production` (
  `rowid` int(11) NOT NULL AUTO_INCREMENT,
  `fk_mo` int(11) NOT NULL,
  `origin_id` int(11) DEFAULT NULL,
  `origin_type` varchar(10) COLLATE utf8_unicode_ci DEFAULT NULL,
  `position` int(11) NOT NULL DEFAULT 0,
  `fk_product` int(11) NOT NULL,
  `fk_warehouse` int(11) DEFAULT NULL,
  `qty` double NOT NULL DEFAULT 1,
  `batch` varchar(128) COLLATE utf8_unicode_ci DEFAULT NULL,
  `role` varchar(10) COLLATE utf8_unicode_ci DEFAULT NULL,
  `fk_mrp_production` int(11) DEFAULT NULL,
  `fk_stock_movement` int(11) DEFAULT NULL,
  `date_creation` datetime NOT NULL,
  `tms` timestamp NOT NULL DEFAULT current_timestamp() ON UPDATE current_timestamp(),
  `fk_user_creat` int(11) NOT NULL,
  `fk_user_modif` int(11) DEFAULT NULL,
  `import_key` varchar(14) COLLATE utf8_unicode_ci DEFAULT NULL,
  `qty_frozen` smallint(6) DEFAULT 0,
  `disable_stock_change` smallint(6) DEFAULT 0,
  PRIMARY KEY (`rowid`),
  KEY `fk_mrp_production_product` (`fk_product`),
  KEY `fk_mrp_production_stock_movement` (`fk_stock_movement`),
  KEY `idx_mrp_production_fk_mo` (`fk_mo`),
  CONSTRAINT `fk_mrp_production_mo` FOREIGN KEY (`fk_mo`) REFERENCES `llx_mrp_mo` (`rowid`),
  CONSTRAINT `fk_mrp_production_product` FOREIGN KEY (`fk_product`) REFERENCES `llx_product` (`rowid`),
  CONSTRAINT `fk_mrp_production_stock_movement` FOREIGN KEY (`fk_stock_movement`) REFERENCES `llx_stock_mouvement` (`rowid`)
) ENGINE=InnoDB AUTO_INCREMENT=214 DEFAULT CHARSET=utf8 COLLATE=utf8_unicode_ci;

--
-- Dumping data for table `llx_mrp_production`
--

INSERT INTO `llx_mrp_production` VALUES (13,8,NULL,NULL,1,3,NULL,1,NULL,'toproduce',NULL,NULL,'2019-12-20 17:01:21','2019-12-20 13:01:21',12,NULL,NULL,NULL,NULL),(14,8,NULL,NULL,0,25,NULL,4,NULL,'toconsume',NULL,NULL,'2019-12-20 17:01:21','2019-12-20 13:01:21',12,NULL,NULL,0,0),(15,8,NULL,NULL,0,3,NULL,1,NULL,'toconsume',NULL,NULL,'2019-12-20 17:01:21','2019-12-20 13:01:21',12,NULL,NULL,0,1),(49,5,NULL,NULL,1,4,NULL,3,NULL,'toproduce',NULL,NULL,'2019-12-20 20:32:00','2019-12-20 16:32:00',12,NULL,NULL,NULL,NULL),(50,5,NULL,NULL,0,25,NULL,12,NULL,'toconsume',NULL,NULL,'2019-12-20 20:32:00','2019-12-20 16:32:00',12,NULL,NULL,0,0),(51,5,NULL,NULL,0,3,NULL,3,NULL,'toconsume',NULL,NULL,'2019-12-20 20:32:00','2019-12-20 16:32:00',12,NULL,NULL,0,1),(52,14,NULL,NULL,1,4,NULL,10,NULL,'toproduce',NULL,NULL,'2020-01-02 23:46:54','2020-01-02 19:46:54',12,NULL,NULL,NULL,NULL),(53,14,NULL,NULL,0,25,NULL,40,NULL,'toconsume',NULL,NULL,'2020-01-02 23:46:54','2020-01-02 19:46:54',12,NULL,NULL,0,0),(54,14,NULL,NULL,0,3,NULL,10,NULL,'toconsume',NULL,NULL,'2020-01-02 23:46:54','2020-01-02 19:46:54',12,NULL,NULL,0,1),(68,18,NULL,NULL,1,4,NULL,2,NULL,'toproduce',NULL,NULL,'2020-01-03 14:10:33','2020-01-03 10:10:33',12,NULL,NULL,NULL,NULL),(69,18,NULL,NULL,1,25,NULL,8,NULL,'toconsume',NULL,NULL,'2020-01-03 14:10:33','2020-01-03 10:10:33',12,NULL,NULL,0,0),(70,18,NULL,NULL,3,3,NULL,2,NULL,'toconsume',NULL,NULL,'2020-01-03 14:10:33','2020-01-03 10:10:33',12,NULL,NULL,0,1),(71,18,NULL,NULL,2,2,NULL,1,NULL,'toconsume',NULL,NULL,'2020-01-03 14:10:33','2020-01-03 10:10:33',12,NULL,NULL,1,0),(93,5,NULL,NULL,0,25,1,12,'','consumed',50,23,'2020-01-06 05:44:30','2020-01-06 01:44:30',12,NULL,NULL,NULL,NULL),(95,5,NULL,NULL,0,4,2,3,'','produced',49,24,'2020-01-06 05:44:30','2020-01-06 01:44:30',12,NULL,NULL,NULL,NULL),(96,5,NULL,NULL,0,25,1,2,'','consumed',50,25,'2020-01-06 05:54:05','2020-01-06 01:54:05',12,NULL,NULL,NULL,NULL),(97,5,NULL,NULL,0,3,NULL,2,'','consumed',51,NULL,'2020-01-06 05:54:05','2020-01-06 01:54:05',12,NULL,NULL,NULL,NULL),(98,5,NULL,NULL,0,4,2,3,'','produced',49,26,'2020-01-06 05:54:05','2020-01-06 01:54:05',12,NULL,NULL,NULL,NULL),(99,14,NULL,NULL,0,25,1,1,'','consumed',53,27,'2020-01-06 06:44:49','2020-01-06 02:44:49',12,NULL,NULL,NULL,NULL),(100,14,NULL,NULL,0,3,NULL,10,'','consumed',54,NULL,'2020-01-06 06:44:49','2020-01-06 02:44:49',12,NULL,NULL,NULL,NULL),(101,14,NULL,NULL,0,4,1,1,'','produced',52,28,'2020-01-06 06:44:49','2020-01-06 02:44:49',12,NULL,NULL,NULL,NULL),(102,14,NULL,NULL,0,25,1,1,'','consumed',53,29,'2020-01-06 06:46:03','2020-01-06 02:46:03',12,NULL,NULL,NULL,NULL),(103,14,NULL,NULL,0,3,NULL,1,'','consumed',54,NULL,'2020-01-06 06:46:03','2020-01-06 02:46:03',12,NULL,NULL,NULL,NULL),(104,14,NULL,NULL,0,4,1,1,'','produced',52,30,'2020-01-06 06:46:03','2020-01-06 02:46:03',12,NULL,NULL,NULL,NULL),(105,14,NULL,NULL,0,25,1,1,'','consumed',53,31,'2020-01-06 06:48:22','2020-01-06 02:48:22',12,NULL,NULL,NULL,NULL),(106,14,NULL,NULL,0,3,NULL,1,'','consumed',54,NULL,'2020-01-06 06:48:22','2020-01-06 02:48:22',12,NULL,NULL,NULL,NULL),(107,14,NULL,NULL,0,4,1,1,'','produced',52,32,'2020-01-06 06:48:22','2020-01-06 02:48:22',12,NULL,NULL,NULL,NULL),(108,14,NULL,NULL,0,25,1,1,'','consumed',53,33,'2020-01-06 06:50:05','2020-01-06 02:50:05',12,NULL,NULL,NULL,NULL),(109,14,NULL,NULL,0,3,NULL,1,'','consumed',54,NULL,'2020-01-06 06:50:05','2020-01-06 02:50:05',12,NULL,NULL,NULL,NULL),(110,14,NULL,NULL,0,4,1,1,'','produced',52,34,'2020-01-06 06:50:05','2020-01-06 02:50:05',12,NULL,NULL,NULL,NULL),(111,5,NULL,NULL,0,25,1,2,'','consumed',50,35,'2020-01-07 20:25:02','2020-01-07 16:25:02',12,NULL,NULL,NULL,NULL),(112,5,NULL,NULL,0,3,NULL,1,'','consumed',51,NULL,'2020-01-07 20:25:02','2020-01-07 16:25:02',12,NULL,NULL,NULL,NULL),(113,5,NULL,NULL,0,4,2,1,'','produced',49,36,'2020-01-07 20:25:02','2020-01-07 16:25:02',12,NULL,NULL,NULL,NULL),(132,5,NULL,NULL,0,25,1,1,'','consumed',50,46,'2020-01-07 21:53:58','2020-01-07 17:53:58',12,NULL,NULL,NULL,NULL),(135,5,NULL,NULL,0,25,1,1,'','consumed',50,48,'2020-01-07 21:54:12','2020-01-07 17:54:12',12,NULL,NULL,NULL,NULL),(140,5,NULL,NULL,0,25,1,1,'','consumed',50,51,'2020-01-07 22:00:55','2020-01-07 18:00:55',12,NULL,NULL,NULL,NULL),(142,5,NULL,NULL,0,4,1,1,'','produced',49,52,'2020-01-07 22:00:55','2020-01-07 18:00:55',12,NULL,NULL,NULL,NULL),(143,14,NULL,NULL,0,25,1,1,'','consumed',53,53,'2020-01-07 22:39:52','2020-01-07 18:39:52',12,NULL,NULL,NULL,NULL),(144,14,NULL,NULL,0,3,NULL,1,'','consumed',54,NULL,'2020-01-07 22:39:52','2020-01-07 18:39:52',12,NULL,NULL,NULL,NULL),(145,14,NULL,NULL,0,4,1,2,'','produced',52,54,'2020-01-07 22:39:52','2020-01-07 18:39:52',12,NULL,NULL,NULL,NULL),(146,14,NULL,NULL,0,25,1,2,'','consumed',53,55,'2020-01-07 23:09:04','2020-01-07 19:09:04',12,NULL,NULL,NULL,NULL),(148,14,NULL,NULL,0,4,1,4,'','produced',52,56,'2020-01-07 23:09:04','2020-01-07 19:09:04',12,NULL,NULL,NULL,NULL),(149,5,NULL,NULL,0,25,1,1,'','consumed',50,57,'2020-01-07 23:50:40','2020-01-07 19:50:40',12,NULL,NULL,NULL,NULL),(152,5,NULL,NULL,0,25,1,1,'','consumed',50,59,'2020-01-07 23:51:27','2020-01-07 19:51:27',12,NULL,NULL,NULL,NULL),(161,5,NULL,NULL,0,25,1,1,'','consumed',50,63,'2020-01-08 00:29:24','2020-01-07 20:29:24',12,NULL,NULL,NULL,NULL),(167,5,NULL,NULL,0,25,1,1,'','consumed',50,66,'2020-01-08 01:09:15','2020-01-07 21:09:15',12,NULL,NULL,NULL,NULL),(170,5,NULL,NULL,0,25,1,1,'','consumed',50,68,'2020-01-08 01:15:02','2020-01-07 21:15:02',12,NULL,NULL,NULL,NULL),(171,5,NULL,NULL,0,25,1,1.1,'','consumed',50,69,'2020-01-08 01:17:16','2020-01-07 21:17:16',12,NULL,NULL,NULL,NULL),(172,22,NULL,NULL,1,4,NULL,1,NULL,'toproduce',NULL,NULL,'2020-01-08 19:42:15','2020-01-08 15:42:15',12,NULL,NULL,NULL,NULL),(173,22,NULL,NULL,1,25,NULL,4,NULL,'toconsume',NULL,NULL,'2020-01-08 19:42:15','2020-01-08 15:42:15',12,NULL,NULL,0,0),(174,22,NULL,NULL,3,3,NULL,1,NULL,'toconsume',NULL,NULL,'2020-01-08 19:42:15','2020-01-08 15:42:15',12,NULL,NULL,0,1),(175,22,NULL,NULL,2,2,NULL,1,NULL,'toconsume',NULL,NULL,'2020-01-08 19:42:15','2020-01-08 15:42:15',12,NULL,NULL,1,0),(176,22,NULL,NULL,0,1,NULL,3,NULL,'toconsume',NULL,NULL,'2020-01-08 19:42:15','2020-01-08 15:42:15',12,NULL,NULL,0,0),(177,23,NULL,NULL,1,4,NULL,1,NULL,'toproduce',NULL,NULL,'2020-01-08 19:45:04','2020-01-08 15:45:04',12,NULL,NULL,NULL,NULL),(178,23,NULL,NULL,1,25,NULL,4,NULL,'toconsume',NULL,NULL,'2020-01-08 19:45:04','2020-01-08 15:45:04',12,NULL,NULL,0,0),(179,23,NULL,NULL,3,3,NULL,1,NULL,'toconsume',NULL,NULL,'2020-01-08 19:45:04','2020-01-08 15:45:04',12,NULL,NULL,0,1),(180,23,NULL,NULL,2,2,NULL,1,NULL,'toconsume',NULL,NULL,'2020-01-08 19:45:04','2020-01-08 15:45:04',12,NULL,NULL,1,0),(181,23,NULL,NULL,0,1,NULL,3,NULL,'toconsume',NULL,NULL,'2020-01-08 19:45:04','2020-01-08 15:45:04',12,NULL,NULL,0,0),(182,24,NULL,NULL,1,4,NULL,1,NULL,'toproduce',NULL,NULL,'2020-01-08 19:46:41','2020-01-08 15:46:41',12,NULL,NULL,NULL,NULL),(183,24,NULL,NULL,1,25,NULL,4,NULL,'toconsume',NULL,NULL,'2020-01-08 19:46:41','2020-01-08 15:46:41',12,NULL,NULL,0,0),(184,24,NULL,NULL,3,3,NULL,1,NULL,'toconsume',NULL,NULL,'2020-01-08 19:46:41','2020-01-08 15:46:41',12,NULL,NULL,0,1),(185,24,NULL,NULL,2,2,NULL,1,NULL,'toconsume',NULL,NULL,'2020-01-08 19:46:41','2020-01-08 15:46:41',12,NULL,NULL,1,0),(186,24,NULL,NULL,0,1,NULL,3,NULL,'toconsume',NULL,NULL,'2020-01-08 19:46:41','2020-01-08 15:46:41',12,NULL,NULL,0,0),(192,26,NULL,NULL,1,4,NULL,1,NULL,'toproduce',NULL,NULL,'2020-01-08 19:49:22','2020-01-08 15:49:22',12,NULL,NULL,NULL,NULL),(193,26,NULL,NULL,1,25,NULL,4,NULL,'toconsume',NULL,NULL,'2020-01-08 19:49:22','2020-01-08 15:49:22',12,NULL,NULL,0,0),(194,26,NULL,NULL,3,3,NULL,1,NULL,'toconsume',NULL,NULL,'2020-01-08 19:49:22','2020-01-08 15:49:22',12,NULL,NULL,0,1),(195,26,NULL,NULL,2,2,NULL,1,NULL,'toconsume',NULL,NULL,'2020-01-08 19:49:22','2020-01-08 15:49:22',12,NULL,NULL,1,0),(196,26,NULL,NULL,0,1,NULL,3,NULL,'toconsume',NULL,NULL,'2020-01-08 19:49:22','2020-01-08 15:49:22',12,NULL,NULL,0,0),(197,27,NULL,NULL,1,4,NULL,1,NULL,'toproduce',NULL,NULL,'2020-01-08 19:49:50','2020-01-08 15:49:50',12,NULL,NULL,NULL,NULL),(198,27,NULL,NULL,1,25,NULL,4,NULL,'toconsume',NULL,NULL,'2020-01-08 19:49:50','2020-01-08 15:49:50',12,NULL,NULL,0,0),(199,27,NULL,NULL,3,3,NULL,1,NULL,'toconsume',NULL,NULL,'2020-01-08 19:49:50','2020-01-08 15:49:50',12,NULL,NULL,0,1),(200,27,NULL,NULL,2,2,NULL,1,NULL,'toconsume',NULL,NULL,'2020-01-08 19:49:50','2020-01-08 15:49:50',12,NULL,NULL,1,0),(201,27,NULL,NULL,0,1,NULL,3,NULL,'toconsume',NULL,NULL,'2020-01-08 19:49:50','2020-01-08 15:49:50',12,NULL,NULL,0,0),(202,28,NULL,NULL,1,4,NULL,1,NULL,'toproduce',NULL,NULL,'2020-01-08 20:09:40','2020-01-08 16:09:40',12,NULL,NULL,NULL,NULL),(203,28,NULL,NULL,1,25,NULL,4,NULL,'toconsume',NULL,NULL,'2020-01-08 20:09:40','2020-01-08 16:09:40',12,NULL,NULL,0,0),(204,28,NULL,NULL,3,3,NULL,1,NULL,'toconsume',NULL,NULL,'2020-01-08 20:09:40','2020-01-08 16:09:40',12,NULL,NULL,0,1),(205,28,NULL,NULL,2,2,NULL,1,NULL,'toconsume',NULL,NULL,'2020-01-08 20:09:40','2020-01-08 16:09:40',12,NULL,NULL,1,0),(206,28,NULL,NULL,0,1,NULL,3,NULL,'toconsume',NULL,NULL,'2020-01-08 20:09:40','2020-01-08 16:09:40',12,NULL,NULL,0,0),(207,28,NULL,NULL,0,25,1,1,'','consumed',203,70,'2020-01-08 20:21:22','2020-01-08 16:21:22',12,NULL,NULL,NULL,NULL),(210,28,NULL,NULL,0,1,1,1.1,'000000','consumed',206,73,'2020-01-08 20:41:18','2020-01-08 16:41:18',12,NULL,NULL,NULL,NULL),(211,28,NULL,NULL,0,4,1,1.2,'aaa','produced',202,74,'2020-01-08 20:41:19','2020-01-08 16:41:19',12,NULL,NULL,NULL,NULL),(212,24,NULL,NULL,0,25,1,1,'','consumed',183,75,'2020-01-13 15:13:19','2020-01-13 11:13:19',12,NULL,NULL,NULL,NULL),(213,24,NULL,NULL,0,1,1,0.1,'000000','consumed',186,76,'2020-01-13 15:14:15','2020-01-13 11:14:15',12,NULL,NULL,NULL,NULL);

--
-- Table structure for table `llx_multicurrency`
--

CREATE TABLE `llx_multicurrency` (
  `rowid` int(11) NOT NULL AUTO_INCREMENT,
  `date_create` datetime DEFAULT NULL,
  `code` varchar(255) COLLATE utf8_unicode_ci DEFAULT NULL,
  `name` varchar(255) COLLATE utf8_unicode_ci DEFAULT NULL,
  `entity` int(11) DEFAULT 1,
  `fk_user` int(11) DEFAULT NULL,
  PRIMARY KEY (`rowid`)
) ENGINE=InnoDB AUTO_INCREMENT=3 DEFAULT CHARSET=utf8 COLLATE=utf8_unicode_ci;

--
-- Dumping data for table `llx_multicurrency`
--

INSERT INTO `llx_multicurrency` VALUES (1,'2017-02-15 21:17:16','EUR','Euros (€)',1,12),(2,'2020-01-01 19:20:09','USD','US Dollars ($)',1,12);

--
-- Table structure for table `llx_multicurrency_rate`
--

CREATE TABLE `llx_multicurrency_rate` (
  `rowid` int(11) NOT NULL AUTO_INCREMENT,
  `date_sync` datetime DEFAULT NULL,
  `rate` double NOT NULL DEFAULT 0,
  `fk_multicurrency` int(11) NOT NULL,
  `entity` int(11) DEFAULT 1,
  PRIMARY KEY (`rowid`)
) ENGINE=InnoDB AUTO_INCREMENT=3 DEFAULT CHARSET=utf8 COLLATE=utf8_unicode_ci;

--
-- Dumping data for table `llx_multicurrency_rate`
--

INSERT INTO `llx_multicurrency_rate` VALUES (1,'2017-02-15 21:17:16',1,1,1),(2,'2020-01-01 19:20:09',1.2,2,1);

--
-- Table structure for table `llx_notify`
--

CREATE TABLE `llx_notify` (
  `rowid` int(11) NOT NULL AUTO_INCREMENT,
  `tms` timestamp NOT NULL DEFAULT current_timestamp() ON UPDATE current_timestamp(),
  `daten` datetime DEFAULT NULL,
  `fk_action` int(11) NOT NULL,
  `fk_soc` int(11) DEFAULT NULL,
  `fk_contact` int(11) DEFAULT NULL,
  `fk_user` int(11) DEFAULT NULL,
  `objet_type` varchar(24) COLLATE utf8_unicode_ci NOT NULL,
  `objet_id` int(11) NOT NULL,
  `email` varchar(255) COLLATE utf8_unicode_ci DEFAULT NULL,
  `type` varchar(16) COLLATE utf8_unicode_ci DEFAULT 'email',
  `type_target` varchar(16) COLLATE utf8_unicode_ci DEFAULT NULL,
  PRIMARY KEY (`rowid`)
) ENGINE=InnoDB DEFAULT CHARSET=utf8 COLLATE=utf8_unicode_ci;

--
-- Dumping data for table `llx_notify`
--


--
-- Table structure for table `llx_notify_def`
--

CREATE TABLE `llx_notify_def` (
  `rowid` int(11) NOT NULL AUTO_INCREMENT,
  `tms` timestamp NOT NULL DEFAULT current_timestamp() ON UPDATE current_timestamp(),
  `datec` date DEFAULT NULL,
  `fk_action` int(11) NOT NULL,
  `fk_soc` int(11) DEFAULT NULL,
  `fk_contact` int(11) DEFAULT NULL,
  `fk_user` int(11) DEFAULT NULL,
  `type` varchar(16) COLLATE utf8_unicode_ci DEFAULT 'email',
  PRIMARY KEY (`rowid`)
) ENGINE=InnoDB DEFAULT CHARSET=utf8 COLLATE=utf8_unicode_ci;

--
-- Dumping data for table `llx_notify_def`
--


--
-- Table structure for table `llx_notify_def_object`
--

CREATE TABLE `llx_notify_def_object` (
  `id` int(11) NOT NULL AUTO_INCREMENT,
  `entity` int(11) NOT NULL DEFAULT 1,
  `objet_type` varchar(16) COLLATE utf8_unicode_ci DEFAULT NULL,
  `objet_id` int(11) NOT NULL,
  `type_notif` varchar(16) COLLATE utf8_unicode_ci DEFAULT 'browser',
  `date_notif` datetime DEFAULT NULL,
  `user_id` int(11) DEFAULT NULL,
  `moreparam` varchar(255) COLLATE utf8_unicode_ci DEFAULT NULL,
  PRIMARY KEY (`id`)
) ENGINE=InnoDB DEFAULT CHARSET=utf8 COLLATE=utf8_unicode_ci;

--
-- Dumping data for table `llx_notify_def_object`
--


--
-- Table structure for table `llx_oauth_state`
--

CREATE TABLE `llx_oauth_state` (
  `rowid` int(11) NOT NULL AUTO_INCREMENT,
  `service` varchar(36) COLLATE utf8_unicode_ci DEFAULT NULL,
  `state` varchar(128) COLLATE utf8_unicode_ci DEFAULT NULL,
  `fk_user` int(11) DEFAULT NULL,
  `fk_adherent` int(11) DEFAULT NULL,
  `entity` int(11) DEFAULT NULL,
  PRIMARY KEY (`rowid`)
) ENGINE=InnoDB DEFAULT CHARSET=utf8 COLLATE=utf8_unicode_ci;

--
-- Dumping data for table `llx_oauth_state`
--


--
-- Table structure for table `llx_oauth_token`
--

CREATE TABLE `llx_oauth_token` (
  `rowid` int(11) NOT NULL AUTO_INCREMENT,
  `service` varchar(36) COLLATE utf8_unicode_ci DEFAULT NULL,
  `token` text COLLATE utf8_unicode_ci DEFAULT NULL,
  `fk_soc` int(11) DEFAULT NULL,
  `fk_user` int(11) DEFAULT NULL,
  `fk_adherent` int(11) DEFAULT NULL,
  `entity` int(11) DEFAULT NULL,
  `tokenstring` text COLLATE utf8_unicode_ci DEFAULT NULL,
  `restricted_ips` varchar(200) COLLATE utf8_unicode_ci DEFAULT NULL,
  `datec` datetime DEFAULT NULL,
  `tms` timestamp NOT NULL DEFAULT current_timestamp() ON UPDATE current_timestamp(),
  PRIMARY KEY (`rowid`)
) ENGINE=InnoDB DEFAULT CHARSET=utf8 COLLATE=utf8_unicode_ci;

--
-- Dumping data for table `llx_oauth_token`
--


--
-- Table structure for table `llx_object_lang`
--

CREATE TABLE `llx_object_lang` (
  `rowid` int(11) NOT NULL AUTO_INCREMENT,
  `fk_object` int(11) NOT NULL DEFAULT 0,
  `type_object` varchar(32) COLLATE utf8_unicode_ci NOT NULL,
  `property` varchar(32) COLLATE utf8_unicode_ci NOT NULL,
  `lang` varchar(5) COLLATE utf8_unicode_ci NOT NULL DEFAULT '0',
  `value` text COLLATE utf8_unicode_ci DEFAULT NULL,
  `import_key` varchar(14) COLLATE utf8_unicode_ci DEFAULT NULL,
  PRIMARY KEY (`rowid`),
  UNIQUE KEY `uk_object_lang` (`fk_object`,`type_object`,`property`,`lang`)
) ENGINE=InnoDB DEFAULT CHARSET=utf8 COLLATE=utf8_unicode_ci;

--
-- Dumping data for table `llx_object_lang`
--


--
-- Table structure for table `llx_onlinesignature`
--

CREATE TABLE `llx_onlinesignature` (
  `rowid` int(11) NOT NULL AUTO_INCREMENT,
  `entity` int(11) NOT NULL DEFAULT 1,
  `object_type` varchar(32) COLLATE utf8_unicode_ci NOT NULL,
  `object_id` int(11) NOT NULL,
  `datec` datetime NOT NULL,
  `tms` timestamp NOT NULL DEFAULT current_timestamp() ON UPDATE current_timestamp(),
  `name` varchar(255) COLLATE utf8_unicode_ci NOT NULL,
  `ip` varchar(128) COLLATE utf8_unicode_ci DEFAULT NULL,
  `pathoffile` varchar(255) COLLATE utf8_unicode_ci DEFAULT NULL,
  PRIMARY KEY (`rowid`)
) ENGINE=InnoDB DEFAULT CHARSET=utf8 COLLATE=utf8_unicode_ci;

--
-- Dumping data for table `llx_onlinesignature`
--


--
-- Table structure for table `llx_opensurvey_comments`
--

CREATE TABLE `llx_opensurvey_comments` (
  `id_comment` int(10) unsigned NOT NULL AUTO_INCREMENT,
  `id_sondage` char(16) COLLATE utf8_unicode_ci NOT NULL,
  `comment` text COLLATE utf8_unicode_ci NOT NULL,
  `usercomment` text COLLATE utf8_unicode_ci DEFAULT NULL,
  PRIMARY KEY (`id_comment`),
  KEY `idx_id_comment` (`id_comment`),
  KEY `idx_id_sondage` (`id_sondage`)
) ENGINE=InnoDB AUTO_INCREMENT=31 DEFAULT CHARSET=utf8 COLLATE=utf8_unicode_ci;

--
-- Dumping data for table `llx_opensurvey_comments`
--

INSERT INTO `llx_opensurvey_comments` VALUES (2,'434dio8rxfljs3p1','aaa','aaa'),(5,'434dio8rxfljs3p1','aaa','aaa'),(6,'434dio8rxfljs3p1','gfh','jj'),(11,'434dio8rxfljs3p1','fsdf','fdsf'),(12,'3imby4hf7joiilsu','fsdf','aa'),(16,'3imby4hf7joiilsu','gdfg','gfdg'),(17,'3imby4hf7joiilsu','gfdgd','gdfgd'),(18,'om4e7azfiurnjtqe','fds','fdsf'),(26,'qgsfrgb922rqzocy','gfdg','gfdg'),(27,'qgsfrgb922rqzocy','gfdg','gfd'),(30,'ckanvbe7kt3rdb3h','hfgh','fdfds');

--
-- Table structure for table `llx_opensurvey_formquestions`
--

CREATE TABLE `llx_opensurvey_formquestions` (
  `rowid` int(11) NOT NULL AUTO_INCREMENT,
  `id_sondage` varchar(16) COLLATE utf8_unicode_ci DEFAULT NULL,
  `question` text COLLATE utf8_unicode_ci DEFAULT NULL,
  `available_answers` text COLLATE utf8_unicode_ci DEFAULT NULL,
  PRIMARY KEY (`rowid`)
) ENGINE=InnoDB DEFAULT CHARSET=utf8 COLLATE=utf8_unicode_ci;

--
-- Dumping data for table `llx_opensurvey_formquestions`
--


--
-- Table structure for table `llx_opensurvey_sondage`
--

CREATE TABLE `llx_opensurvey_sondage` (
  `id_sondage` varchar(16) COLLATE utf8_unicode_ci NOT NULL,
  `commentaires` text COLLATE utf8_unicode_ci DEFAULT NULL,
  `mail_admin` varchar(128) COLLATE utf8_unicode_ci DEFAULT NULL,
  `nom_admin` varchar(64) COLLATE utf8_unicode_ci DEFAULT NULL,
  `fk_user_creat` int(11) NOT NULL,
  `titre` text COLLATE utf8_unicode_ci NOT NULL,
  `date_fin` datetime DEFAULT NULL,
  `status` int(11) DEFAULT 1,
  `format` varchar(2) COLLATE utf8_unicode_ci NOT NULL,
  `mailsonde` tinyint(4) NOT NULL DEFAULT 0,
  `tms` timestamp NOT NULL DEFAULT current_timestamp() ON UPDATE current_timestamp(),
  `entity` int(11) NOT NULL DEFAULT 1,
  `allow_comments` tinyint(4) NOT NULL DEFAULT 1,
  `allow_spy` tinyint(4) NOT NULL DEFAULT 1,
  `sujet` text COLLATE utf8_unicode_ci DEFAULT NULL,
  PRIMARY KEY (`id_sondage`),
  KEY `idx_date_fin` (`date_fin`)
) ENGINE=InnoDB DEFAULT CHARSET=utf8 COLLATE=utf8_unicode_ci;

--
-- Dumping data for table `llx_opensurvey_sondage`
--

INSERT INTO `llx_opensurvey_sondage` VALUES ('m4467s2mtk6khmxc','What is your prefered date for a brunch','myemail@aaa.com','fdfds',0,'Date of next brunch','2015-03-07 00:00:00',2,'D',1,'2020-01-21 10:30:16',1,1,1,',1483473600'),('tim1dye8x5eeetxu','Please vote for the candidate you want to have for our new president this year.',NULL,NULL,12,'Election of new president','2017-02-26 04:00:00',1,'A',0,'2020-01-21 10:30:16',1,1,0,'Alan Candide@foragainst,Alex Candor@foragainst');

--
-- Table structure for table `llx_opensurvey_user_formanswers`
--

CREATE TABLE `llx_opensurvey_user_formanswers` (
  `fk_user_survey` int(11) NOT NULL,
  `fk_question` int(11) NOT NULL,
  `reponses` text COLLATE utf8_unicode_ci DEFAULT NULL
) ENGINE=InnoDB DEFAULT CHARSET=utf8 COLLATE=utf8_unicode_ci;

--
-- Dumping data for table `llx_opensurvey_user_formanswers`
--


--
-- Table structure for table `llx_opensurvey_user_studs`
--

CREATE TABLE `llx_opensurvey_user_studs` (
  `id_users` int(11) NOT NULL AUTO_INCREMENT,
  `nom` varchar(64) COLLATE utf8_unicode_ci NOT NULL,
  `id_sondage` varchar(16) COLLATE utf8_unicode_ci NOT NULL,
  `reponses` varchar(100) COLLATE utf8_unicode_ci NOT NULL,
  PRIMARY KEY (`id_users`),
  KEY `idx_id_users` (`id_users`),
  KEY `idx_nom` (`nom`),
  KEY `idx_id_sondage` (`id_sondage`),
  KEY `idx_opensurvey_user_studs_id_users` (`id_users`),
  KEY `idx_opensurvey_user_studs_nom` (`nom`),
  KEY `idx_opensurvey_user_studs_id_sondage` (`id_sondage`)
) ENGINE=InnoDB AUTO_INCREMENT=31 DEFAULT CHARSET=utf8 COLLATE=utf8_unicode_ci;

--
-- Dumping data for table `llx_opensurvey_user_studs`
--

INSERT INTO `llx_opensurvey_user_studs` VALUES (1,'gfdgdf','om4e7azfiurnjtqe','01'),(2,'aa','3imby4hf7joiilsu','210'),(3,'fsdf','z2qcqjh5pm1q4p99','0110'),(5,'hfghf','z2qcqjh5pm1q4p99','1110'),(6,'qqqq','ah9xvaqu1ajjrqse','000111'),(7,'hjgh','ah9xvaqu1ajjrqse','000010'),(8,'bcvb','qgsfrgb922rqzocy','011000'),(9,'gdfg','ah9xvaqu1ajjrqse','001000'),(10,'ggg','ah9xvaqu1ajjrqse','000100'),(11,'gfdgd','ah9xvaqu1ajjrqse','001000'),(12,'hhhh','ah9xvaqu1ajjrqse','010000'),(13,'iii','ah9xvaqu1ajjrqse','000100'),(14,'kkk','ah9xvaqu1ajjrqse','001000'),(15,'lllll','ah9xvaqu1ajjrqse','000001'),(16,'kk','ah9xvaqu1ajjrqse','000001'),(17,'gggg','ah9xvaqu1ajjrqse','001000'),(18,'mmmm','ah9xvaqu1ajjrqse','000000'),(19,'jkjkj','ah9xvaqu1ajjrqse','000001'),(20,'azerty','8mcdnf2hgcntfibe','012'),(21,'hfghfg','8mcdnf2hgcntfibe','012'),(22,'fd','ckanvbe7kt3rdb3h','10'),(25,'John Doe','m4467s2mtk6khmxc','1'),(26,'Martial Bill','m4467s2mtk6khmxc','01'),(27,'Marissa Campbell','m4467s2mtk6khmxc','11'),(28,'Leonard Cast','m4467s2mtk6khmxc','01'),(29,'John Doe','tim1dye8x5eeetxu','01'),(30,'Eldy','tim1dye8x5eeetxu','11');

--
-- Table structure for table `llx_overwrite_trans`
--

CREATE TABLE `llx_overwrite_trans` (
  `rowid` int(11) NOT NULL AUTO_INCREMENT,
  `entity` int(11) NOT NULL DEFAULT 1,
  `lang` varchar(5) COLLATE utf8_unicode_ci DEFAULT NULL,
  `transkey` varchar(128) COLLATE utf8_unicode_ci DEFAULT NULL,
  `transvalue` text COLLATE utf8_unicode_ci DEFAULT NULL,
  PRIMARY KEY (`rowid`),
  UNIQUE KEY `uk_overwrite_trans` (`lang`,`transkey`)
) ENGINE=InnoDB DEFAULT CHARSET=utf8 COLLATE=utf8_unicode_ci;

--
-- Dumping data for table `llx_overwrite_trans`
--


--
-- Table structure for table `llx_packages_extrafields`
--

CREATE TABLE `llx_packages_extrafields` (
  `rowid` int(11) NOT NULL AUTO_INCREMENT,
  `tms` timestamp NOT NULL DEFAULT current_timestamp() ON UPDATE current_timestamp(),
  `fk_object` int(11) NOT NULL,
  `import_key` varchar(14) COLLATE utf8_unicode_ci DEFAULT NULL,
  PRIMARY KEY (`rowid`)
) ENGINE=InnoDB DEFAULT CHARSET=utf8 COLLATE=utf8_unicode_ci;

--
-- Dumping data for table `llx_packages_extrafields`
--


--
-- Table structure for table `llx_paiement`
--

CREATE TABLE `llx_paiement` (
  `rowid` int(11) NOT NULL AUTO_INCREMENT,
  `ref` varchar(30) COLLATE utf8_unicode_ci NOT NULL DEFAULT '',
  `ref_ext` varchar(255) COLLATE utf8_unicode_ci DEFAULT NULL,
  `entity` int(11) NOT NULL DEFAULT 1,
  `datec` datetime DEFAULT NULL,
  `tms` timestamp NOT NULL DEFAULT current_timestamp() ON UPDATE current_timestamp(),
  `datep` datetime DEFAULT NULL,
  `amount` double(24,8) DEFAULT NULL,
  `fk_paiement` int(11) NOT NULL,
  `num_paiement` varchar(50) COLLATE utf8_unicode_ci DEFAULT NULL,
  `note` text COLLATE utf8_unicode_ci DEFAULT NULL,
  `fk_bank` int(11) NOT NULL DEFAULT 0,
  `fk_user_creat` int(11) DEFAULT NULL,
  `fk_user_modif` int(11) DEFAULT NULL,
  `statut` smallint(6) NOT NULL DEFAULT 0,
  `fk_export_compta` int(11) NOT NULL DEFAULT 0,
  `pos_change` double(24,8) DEFAULT 0.00000000,
  `multicurrency_amount` double(24,8) DEFAULT 0.00000000,
  `ext_payment_id` varchar(128) COLLATE utf8_unicode_ci DEFAULT NULL,
  `ext_payment_site` varchar(128) COLLATE utf8_unicode_ci DEFAULT NULL,
  PRIMARY KEY (`rowid`)
) ENGINE=InnoDB AUTO_INCREMENT=44 DEFAULT CHARSET=utf8 COLLATE=utf8_unicode_ci;

--
-- Dumping data for table `llx_paiement`
--

INSERT INTO `llx_paiement` VALUES (3,'',NULL,1,'2013-07-18 20:50:47','2021-07-11 17:49:28','2021-07-08 12:00:00',10.00000000,4,'','',6,1,NULL,0,0,0.00000000,0.00000000,NULL,NULL),(5,'',NULL,1,'2013-08-01 03:34:11','2022-02-07 13:37:54','2021-08-01 03:34:11',5.63000000,6,'','Payment Invoice FA1108-0003',8,1,NULL,0,0,0.00000000,0.00000000,NULL,NULL),(6,'',NULL,1,'2013-08-06 20:33:54','2022-02-07 13:37:54','2021-08-06 20:33:53',5.98000000,4,'','Payment Invoice FA1108-0004',13,1,NULL,0,0,0.00000000,0.00000000,NULL,NULL),(8,'',NULL,1,'2013-08-08 02:53:40','2022-02-07 13:37:54','2021-08-08 12:00:00',26.10000000,4,'','',14,1,NULL,0,0,0.00000000,0.00000000,NULL,NULL),(9,'',NULL,1,'2013-08-08 02:55:58','2022-02-07 13:37:54','2021-08-08 12:00:00',26.96000000,1,'','',15,1,NULL,0,0,0.00000000,0.00000000,NULL,NULL),(17,'',NULL,1,'2014-12-09 15:28:44','2022-02-07 13:37:54','2021-12-09 12:00:00',2.00000000,4,'','',16,1,NULL,0,0,0.00000000,0.00000000,NULL,NULL),(18,'',NULL,1,'2014-12-09 15:28:53','2022-02-07 13:37:54','2021-12-09 12:00:00',-2.00000000,4,'','',17,1,NULL,0,0,0.00000000,0.00000000,NULL,NULL),(19,'',NULL,1,'2014-12-09 17:35:55','2022-02-07 13:37:54','2021-12-09 12:00:00',-2.00000000,4,'','',18,1,NULL,0,0,0.00000000,0.00000000,NULL,NULL),(20,'',NULL,1,'2014-12-09 17:37:02','2022-02-07 13:37:54','2021-12-09 12:00:00',2.00000000,4,'','',19,1,NULL,0,0,0.00000000,0.00000000,NULL,NULL),(21,'',NULL,1,'2014-12-09 18:35:07','2022-02-07 13:37:54','2021-12-09 12:00:00',-2.00000000,4,'','',20,1,NULL,0,0,0.00000000,0.00000000,NULL,NULL),(23,'',NULL,1,'2014-12-12 18:54:33','2022-02-07 13:37:54','2021-12-12 12:00:00',1.00000000,1,'','',21,1,NULL,0,0,0.00000000,0.00000000,NULL,NULL),(24,'',NULL,1,'2015-03-06 16:48:16','2021-04-15 10:22:31','2021-03-06 00:00:00',20.00000000,4,'','Adhésion/cotisation 2016',22,1,NULL,0,0,0.00000000,0.00000000,NULL,NULL),(25,'',NULL,1,'2015-03-20 14:30:11','2021-04-15 10:22:31','2021-03-20 00:00:00',10.00000000,2,'','Adhésion/cotisation 2011',23,1,NULL,0,0,0.00000000,0.00000000,NULL,NULL),(26,'',NULL,1,'2016-03-02 19:57:58','2021-07-11 17:49:28','2021-07-09 12:00:00',605.00000000,2,'','',24,1,NULL,0,0,0.00000000,0.00000000,NULL,NULL),(29,'',NULL,1,'2016-03-02 20:01:39','2021-04-15 10:22:31','2021-03-19 12:00:00',500.00000000,4,'','',26,1,NULL,0,0,0.00000000,0.00000000,NULL,NULL),(30,'',NULL,1,'2016-03-02 20:02:06','2021-04-15 10:22:31','2021-03-21 12:00:00',400.00000000,2,'','',27,1,NULL,0,0,0.00000000,0.00000000,NULL,NULL),(32,'',NULL,1,'2016-03-03 19:22:32','2022-02-07 13:37:54','2021-10-03 12:00:00',-400.00000000,4,'','',28,1,NULL,0,0,0.00000000,0.00000000,NULL,NULL),(33,'',NULL,1,'2016-03-03 19:23:16','2021-04-15 10:22:31','2021-03-10 12:00:00',-300.00000000,4,'','',29,1,NULL,0,0,0.00000000,0.00000000,NULL,NULL),(34,'PAY1603-0001',NULL,1,'2017-02-06 08:10:24','2021-04-15 10:22:31','2021-03-22 12:00:00',150.00000000,7,'','',33,12,NULL,0,0,0.00000000,150.00000000,NULL,NULL),(35,'PAY1603-0002',NULL,1,'2017-02-06 08:10:50','2021-04-15 10:22:31','2021-03-25 12:00:00',140.00000000,3,'','',34,12,NULL,0,0,0.00000000,140.00000000,NULL,NULL),(36,'PAY1702-0003',NULL,1,'2017-02-21 16:07:43','2021-04-15 10:22:31','2021-02-21 12:00:00',50.00000000,3,'T170201','',37,12,NULL,0,0,0.00000000,50.00000000,NULL,NULL),(38,'PAY1803-0004',NULL,1,'2018-03-16 13:59:31','2021-04-15 10:22:31','2021-03-16 12:00:00',10.00000000,7,'','',39,12,NULL,0,0,0.00000000,10.00000000,NULL,NULL),(39,'PAY1801-0005',NULL,1,'2019-10-04 10:28:14','2022-02-07 13:37:54','2022-01-19 12:00:00',5.63000000,4,'','',41,12,NULL,0,0,0.00000000,5.63000000,NULL,NULL),(40,'PAY2001-0006',NULL,1,'2020-01-16 02:36:48','2022-02-07 13:37:54','2022-01-16 12:00:00',20.50000000,2,'','',50,12,NULL,0,0,0.00000000,20.50000000,NULL,NULL),(41,'PAY2001-0007',NULL,1,'2020-01-21 10:23:17','2022-02-07 13:37:54','2022-01-21 00:00:00',50.00000000,7,'','Subscription 2017',53,12,NULL,0,0,0.00000000,50.00000000,NULL,NULL),(42,'PAY2001-0008',NULL,1,'2020-01-21 10:23:28','2022-02-07 13:37:54','2022-01-21 00:00:00',50.00000000,7,'','Subscription 2018',54,12,NULL,0,0,0.00000000,50.00000000,NULL,NULL),(43,'PAY2001-0009',NULL,1,'2020-01-21 10:23:49','2022-02-07 13:37:54','2022-01-21 00:00:00',50.00000000,6,'','Subscription 2019',55,12,NULL,0,0,0.00000000,50.00000000,NULL,NULL);

--
-- Table structure for table `llx_paiement_facture`
--

CREATE TABLE `llx_paiement_facture` (
  `rowid` int(11) NOT NULL AUTO_INCREMENT,
  `fk_paiement` int(11) DEFAULT NULL,
  `fk_facture` int(11) DEFAULT NULL,
  `amount` double(24,8) DEFAULT NULL,
  `multicurrency_amount` double(24,8) DEFAULT 0.00000000,
  `multicurrency_code` varchar(3) COLLATE utf8_unicode_ci DEFAULT NULL,
  `multicurrency_tx` double(24,8) DEFAULT 1.00000000,
  PRIMARY KEY (`rowid`),
  UNIQUE KEY `uk_paiement_facture` (`fk_paiement`,`fk_facture`),
  KEY `idx_paiement_facture_fk_facture` (`fk_facture`),
  KEY `idx_paiement_facture_fk_paiement` (`fk_paiement`),
  CONSTRAINT `fk_paiement_facture_fk_facture` FOREIGN KEY (`fk_facture`) REFERENCES `llx_facture` (`rowid`),
  CONSTRAINT `fk_paiement_facture_fk_paiement` FOREIGN KEY (`fk_paiement`) REFERENCES `llx_paiement` (`rowid`)
) ENGINE=InnoDB AUTO_INCREMENT=48 DEFAULT CHARSET=utf8 COLLATE=utf8_unicode_ci;

--
-- Dumping data for table `llx_paiement_facture`
--

INSERT INTO `llx_paiement_facture` VALUES (3,3,2,10.00000000,0.00000000,NULL,1.00000000),(5,5,5,5.63000000,0.00000000,NULL,1.00000000),(6,6,6,5.98000000,0.00000000,NULL,1.00000000),(9,8,2,16.10000000,0.00000000,NULL,1.00000000),(10,8,8,10.00000000,0.00000000,NULL,1.00000000),(11,9,3,15.00000000,0.00000000,NULL,1.00000000),(12,9,9,11.96000000,0.00000000,NULL,1.00000000),(24,20,9,1.00000000,0.00000000,NULL,1.00000000),(31,26,32,600.00000000,0.00000000,NULL,1.00000000),(36,29,32,500.00000000,0.00000000,NULL,1.00000000),(37,30,32,400.00000000,0.00000000,NULL,1.00000000),(38,34,211,150.00000000,150.00000000,NULL,1.00000000),(39,35,211,140.00000000,140.00000000,NULL,1.00000000),(40,36,211,50.00000000,50.00000000,NULL,1.00000000),(42,38,149,10.00000000,10.00000000,NULL,1.00000000),(43,39,150,5.63000000,5.63000000,NULL,1.00000000),(44,40,224,20.50000000,20.50000000,NULL,1.00000000),(45,41,229,50.00000000,50.00000000,NULL,1.00000000),(46,42,230,50.00000000,50.00000000,NULL,1.00000000),(47,43,231,50.00000000,50.00000000,NULL,1.00000000);

--
-- Table structure for table `llx_paiementcharge`
--

CREATE TABLE `llx_paiementcharge` (
  `rowid` int(11) NOT NULL AUTO_INCREMENT,
  `fk_charge` int(11) DEFAULT NULL,
  `datec` datetime DEFAULT NULL,
  `tms` timestamp NOT NULL DEFAULT current_timestamp() ON UPDATE current_timestamp(),
  `datep` datetime DEFAULT NULL,
  `amount` double(24,8) DEFAULT NULL,
  `fk_typepaiement` int(11) NOT NULL,
  `num_paiement` varchar(50) COLLATE utf8_unicode_ci DEFAULT NULL,
  `note` text COLLATE utf8_unicode_ci DEFAULT NULL,
  `fk_bank` int(11) NOT NULL,
  `fk_user_creat` int(11) DEFAULT NULL,
  `fk_user_modif` int(11) DEFAULT NULL,
  PRIMARY KEY (`rowid`)
) ENGINE=InnoDB AUTO_INCREMENT=8 DEFAULT CHARSET=utf8 COLLATE=utf8_unicode_ci;

--
-- Dumping data for table `llx_paiementcharge`
--

INSERT INTO `llx_paiementcharge` VALUES (4,4,'2013-08-05 23:11:37','2013-08-05 21:11:37','2013-08-05 12:00:00',10.00000000,2,'','',12,1,NULL),(6,6,'2019-12-26 01:48:30','2019-12-25 21:48:30','2019-12-25 12:00:00',5.00000000,2,'','',43,12,NULL),(7,6,'2019-12-26 01:48:46','2019-12-25 21:48:46','2019-12-25 12:00:00',5.00000000,4,'','',44,12,NULL);

--
-- Table structure for table `llx_paiementfourn`
--

CREATE TABLE `llx_paiementfourn` (
  `rowid` int(11) NOT NULL AUTO_INCREMENT,
  `ref` varchar(30) COLLATE utf8_unicode_ci DEFAULT NULL,
  `entity` int(11) DEFAULT NULL,
  `tms` timestamp NOT NULL DEFAULT current_timestamp() ON UPDATE current_timestamp(),
  `datec` datetime DEFAULT NULL,
  `datep` datetime DEFAULT NULL,
  `amount` double(24,8) DEFAULT NULL,
  `fk_user_author` int(11) DEFAULT NULL,
  `fk_user_modif` int(11) DEFAULT NULL,
  `fk_paiement` int(11) NOT NULL,
  `num_paiement` varchar(50) COLLATE utf8_unicode_ci DEFAULT NULL,
  `note` text COLLATE utf8_unicode_ci DEFAULT NULL,
  `fk_bank` int(11) NOT NULL,
  `statut` smallint(6) NOT NULL DEFAULT 0,
  `multicurrency_amount` double(24,8) DEFAULT 0.00000000,
  `model_pdf` varchar(255) COLLATE utf8_unicode_ci DEFAULT NULL,
  PRIMARY KEY (`rowid`)
) ENGINE=InnoDB AUTO_INCREMENT=5 DEFAULT CHARSET=utf8 COLLATE=utf8_unicode_ci;

--
-- Dumping data for table `llx_paiementfourn`
--

INSERT INTO `llx_paiementfourn` VALUES (1,'1',1,'2018-01-19 11:17:47','2018-01-22 18:56:34','2018-01-22 12:00:00',900.00000000,12,NULL,4,'','',30,0,0.00000000,NULL),(2,'SPAY1702-0001',1,'2017-02-01 15:02:45','2017-02-01 19:02:44','2017-02-01 12:00:00',200.00000000,12,NULL,4,'','',32,0,200.00000000,NULL),(4,'SPAY2001-0002',1,'2020-01-01 16:28:49','2020-01-01 20:28:49','2020-01-01 12:00:00',-304.69000000,12,NULL,2,'','',47,0,-304.69000000,NULL);

--
-- Table structure for table `llx_paiementfourn_facturefourn`
--

CREATE TABLE `llx_paiementfourn_facturefourn` (
  `rowid` int(11) NOT NULL AUTO_INCREMENT,
  `fk_paiementfourn` int(11) DEFAULT NULL,
  `fk_facturefourn` int(11) DEFAULT NULL,
  `amount` double DEFAULT 0,
  `multicurrency_amount` double(24,8) DEFAULT 0.00000000,
  `multicurrency_code` varchar(3) COLLATE utf8_unicode_ci DEFAULT NULL,
  `multicurrency_tx` double(24,8) DEFAULT 1.00000000,
  PRIMARY KEY (`rowid`),
  UNIQUE KEY `uk_paiementfourn_facturefourn` (`fk_paiementfourn`,`fk_facturefourn`),
  KEY `idx_paiementfourn_facturefourn_fk_facture` (`fk_facturefourn`),
  KEY `idx_paiementfourn_facturefourn_fk_paiement` (`fk_paiementfourn`)
) ENGINE=InnoDB AUTO_INCREMENT=5 DEFAULT CHARSET=utf8 COLLATE=utf8_unicode_ci;

--
-- Dumping data for table `llx_paiementfourn_facturefourn`
--

INSERT INTO `llx_paiementfourn_facturefourn` VALUES (1,1,16,900,0.00000000,NULL,1.00000000),(2,2,20,200,200.00000000,NULL,1.00000000),(4,4,27,-304.69,-304.69000000,NULL,1.00000000);

--
-- Table structure for table `llx_partnership`
--

CREATE TABLE `llx_partnership` (
  `rowid` int(11) NOT NULL AUTO_INCREMENT,
  `ref` varchar(128) COLLATE utf8_unicode_ci NOT NULL DEFAULT '(PROV)',
  `status` smallint(6) NOT NULL DEFAULT 0,
  `fk_soc` int(11) DEFAULT NULL,
  `fk_member` int(11) DEFAULT NULL,
  `date_partnership_start` date NOT NULL,
  `date_partnership_end` date DEFAULT NULL,
  `entity` int(11) NOT NULL DEFAULT 1,
  `reason_decline_or_cancel` text COLLATE utf8_unicode_ci DEFAULT NULL,
  `date_creation` datetime NOT NULL,
  `fk_user_creat` int(11) NOT NULL,
  `tms` timestamp NOT NULL DEFAULT current_timestamp() ON UPDATE current_timestamp(),
  `fk_user_modif` int(11) DEFAULT NULL,
  `note_private` text COLLATE utf8_unicode_ci DEFAULT NULL,
  `note_public` text COLLATE utf8_unicode_ci DEFAULT NULL,
  `last_main_doc` varchar(255) COLLATE utf8_unicode_ci DEFAULT NULL,
  `count_last_url_check_error` int(11) DEFAULT 0,
  `import_key` varchar(14) COLLATE utf8_unicode_ci DEFAULT NULL,
  `model_pdf` varchar(255) COLLATE utf8_unicode_ci DEFAULT NULL,
  `last_check_backlink` datetime DEFAULT NULL,
  `fk_type` int(11) NOT NULL DEFAULT 0,
  PRIMARY KEY (`rowid`),
  KEY `idx_partnership_rowid` (`rowid`),
  KEY `idx_partnership_ref` (`ref`),
  KEY `idx_partnership_fk_soc` (`fk_soc`),
  KEY `llx_partnership_fk_user_creat` (`fk_user_creat`),
  KEY `idx_partnership_status` (`status`),
  KEY `idx_partnership_fk_member` (`fk_member`),
  CONSTRAINT `llx_partnership_fk_user_creat` FOREIGN KEY (`fk_user_creat`) REFERENCES `llx_user` (`rowid`)
) ENGINE=InnoDB DEFAULT CHARSET=utf8 COLLATE=utf8_unicode_ci;

--
-- Dumping data for table `llx_partnership`
--


--
-- Table structure for table `llx_partnership_extrafields`
--

CREATE TABLE `llx_partnership_extrafields` (
  `rowid` int(11) NOT NULL AUTO_INCREMENT,
  `tms` timestamp NOT NULL DEFAULT current_timestamp() ON UPDATE current_timestamp(),
  `fk_object` int(11) NOT NULL,
  `import_key` varchar(14) COLLATE utf8_unicode_ci DEFAULT NULL,
  PRIMARY KEY (`rowid`),
  KEY `idx_partnership_fk_object` (`fk_object`)
) ENGINE=InnoDB DEFAULT CHARSET=utf8 COLLATE=utf8_unicode_ci;

--
-- Dumping data for table `llx_partnership_extrafields`
--


--
-- Table structure for table `llx_payment_donation`
--

CREATE TABLE `llx_payment_donation` (
  `rowid` int(11) NOT NULL AUTO_INCREMENT,
  `fk_donation` int(11) DEFAULT NULL,
  `datec` datetime DEFAULT NULL,
  `tms` timestamp NOT NULL DEFAULT current_timestamp() ON UPDATE current_timestamp(),
  `datep` datetime DEFAULT NULL,
  `amount` double(24,8) DEFAULT NULL,
  `fk_typepayment` int(11) NOT NULL,
  `num_payment` varchar(50) COLLATE utf8_unicode_ci DEFAULT NULL,
  `note` text COLLATE utf8_unicode_ci DEFAULT NULL,
  `ext_payment_id` varchar(128) COLLATE utf8_unicode_ci DEFAULT NULL,
  `ext_payment_site` varchar(128) COLLATE utf8_unicode_ci DEFAULT NULL,
  `fk_bank` int(11) NOT NULL,
  `fk_user_creat` int(11) DEFAULT NULL,
  `fk_user_modif` int(11) DEFAULT NULL,
  PRIMARY KEY (`rowid`)
) ENGINE=InnoDB AUTO_INCREMENT=2 DEFAULT CHARSET=utf8 COLLATE=utf8_unicode_ci;

--
-- Dumping data for table `llx_payment_donation`
--

INSERT INTO `llx_payment_donation` VALUES (1,3,'2017-09-06 20:08:36','2017-09-06 16:08:36','2017-09-06 12:00:00',10.00000000,4,'','',NULL,NULL,38,12,NULL);

--
-- Table structure for table `llx_payment_expensereport`
--

CREATE TABLE `llx_payment_expensereport` (
  `rowid` int(11) NOT NULL AUTO_INCREMENT,
  `fk_expensereport` int(11) DEFAULT NULL,
  `datec` datetime DEFAULT NULL,
  `tms` timestamp NOT NULL DEFAULT current_timestamp() ON UPDATE current_timestamp(),
  `datep` datetime DEFAULT NULL,
  `amount` double(24,8) DEFAULT NULL,
  `fk_typepayment` int(11) NOT NULL,
  `num_payment` varchar(50) COLLATE utf8_unicode_ci DEFAULT NULL,
  `note` text COLLATE utf8_unicode_ci DEFAULT NULL,
  `fk_bank` int(11) NOT NULL,
  `fk_user_creat` int(11) DEFAULT NULL,
  `fk_user_modif` int(11) DEFAULT NULL,
  PRIMARY KEY (`rowid`)
) ENGINE=InnoDB AUTO_INCREMENT=3 DEFAULT CHARSET=utf8 COLLATE=utf8_unicode_ci;

--
-- Dumping data for table `llx_payment_expensereport`
--

INSERT INTO `llx_payment_expensereport` VALUES (1,1,'2017-02-16 02:13:13','2017-02-15 22:13:13','2017-02-16 12:00:00',5.00000000,7,'','',0,12,NULL),(2,1,'2017-02-16 02:22:09','2017-02-15 22:22:09','2017-02-16 12:00:00',1.00000000,7,'','',36,12,NULL);

--
-- Table structure for table `llx_payment_loan`
--

CREATE TABLE `llx_payment_loan` (
  `rowid` int(11) NOT NULL AUTO_INCREMENT,
  `fk_loan` int(11) DEFAULT NULL,
  `datec` datetime DEFAULT NULL,
  `tms` timestamp NOT NULL DEFAULT current_timestamp() ON UPDATE current_timestamp(),
  `datep` datetime DEFAULT NULL,
  `amount_capital` double(24,8) DEFAULT NULL,
  `amount_insurance` double(24,8) DEFAULT NULL,
  `amount_interest` double(24,8) DEFAULT NULL,
  `fk_typepayment` int(11) NOT NULL,
  `num_payment` varchar(50) COLLATE utf8_unicode_ci DEFAULT NULL,
  `note_private` text COLLATE utf8_unicode_ci DEFAULT NULL,
  `note_public` text COLLATE utf8_unicode_ci DEFAULT NULL,
  `fk_bank` int(11) NOT NULL,
  `fk_user_creat` int(11) DEFAULT NULL,
  `fk_user_modif` int(11) DEFAULT NULL,
  PRIMARY KEY (`rowid`)
) ENGINE=InnoDB DEFAULT CHARSET=utf8 COLLATE=utf8_unicode_ci;

--
-- Dumping data for table `llx_payment_loan`
--


--
-- Table structure for table `llx_payment_salary`
--

CREATE TABLE `llx_payment_salary` (
  `rowid` int(11) NOT NULL AUTO_INCREMENT,
  `ref` varchar(30) COLLATE utf8_unicode_ci DEFAULT NULL,
  `tms` timestamp NOT NULL DEFAULT current_timestamp() ON UPDATE current_timestamp(),
  `datec` datetime DEFAULT NULL,
  `fk_user` int(11) DEFAULT NULL,
  `datep` date DEFAULT NULL,
  `datev` date DEFAULT NULL,
  `salary` double(24,8) DEFAULT NULL,
  `amount` double(24,8) DEFAULT NULL,
  `fk_projet` int(11) DEFAULT NULL,
  `fk_typepayment` int(11) NOT NULL,
  `num_payment` varchar(50) COLLATE utf8_unicode_ci DEFAULT NULL,
  `label` varchar(255) COLLATE utf8_unicode_ci DEFAULT NULL,
  `datesp` date DEFAULT NULL,
  `dateep` date DEFAULT NULL,
  `entity` int(11) NOT NULL DEFAULT 1,
  `note` text COLLATE utf8_unicode_ci DEFAULT NULL,
  `fk_bank` int(11) DEFAULT NULL,
  `fk_user_author` int(11) DEFAULT NULL,
  `fk_user_modif` int(11) DEFAULT NULL,
  `fk_salary` int(11) DEFAULT NULL,
  PRIMARY KEY (`rowid`),
  KEY `idx_payment_salary_ref` (`num_payment`),
  KEY `idx_payment_salary_user` (`fk_user`,`entity`),
  KEY `idx_payment_salary_datep` (`datep`),
  KEY `idx_payment_salary_datesp` (`datesp`),
  KEY `idx_payment_salary_dateep` (`dateep`),
  CONSTRAINT `fk_payment_salary_user` FOREIGN KEY (`fk_user`) REFERENCES `llx_user` (`rowid`)
) ENGINE=InnoDB AUTO_INCREMENT=2 DEFAULT CHARSET=utf8 COLLATE=utf8_unicode_ci;

--
-- Dumping data for table `llx_payment_salary`
--

INSERT INTO `llx_payment_salary` VALUES (1,'1','2021-04-15 10:22:55','2019-10-08 13:18:50',19,'2019-10-08','2019-10-08',2700.00000000,1000.00000000,0,2,'','Salary payment','2019-09-01','2019-09-30',1,NULL,42,12,NULL,1);

--
-- Table structure for table `llx_payment_salary_extrafields`
--

CREATE TABLE `llx_payment_salary_extrafields` (
  `rowid` int(11) NOT NULL AUTO_INCREMENT,
  `tms` timestamp NOT NULL DEFAULT current_timestamp() ON UPDATE current_timestamp(),
  `fk_object` int(11) NOT NULL,
  `import_key` varchar(14) COLLATE utf8_unicode_ci DEFAULT NULL,
  PRIMARY KEY (`rowid`),
  KEY `idx_payment_salary_extrafields` (`fk_object`)
) ENGINE=InnoDB DEFAULT CHARSET=utf8 COLLATE=utf8_unicode_ci;

--
-- Dumping data for table `llx_payment_salary_extrafields`
--


--
-- Table structure for table `llx_payment_various`
--

CREATE TABLE `llx_payment_various` (
  `rowid` int(11) NOT NULL AUTO_INCREMENT,
  `ref` varchar(30) COLLATE utf8_unicode_ci DEFAULT NULL,
  `tms` timestamp NOT NULL DEFAULT current_timestamp() ON UPDATE current_timestamp(),
  `datec` datetime DEFAULT NULL,
  `datep` date DEFAULT NULL,
  `datev` date DEFAULT NULL,
  `sens` smallint(6) NOT NULL DEFAULT 0,
  `amount` double(24,8) NOT NULL DEFAULT 0.00000000,
  `fk_typepayment` int(11) NOT NULL,
  `num_payment` varchar(50) COLLATE utf8_unicode_ci DEFAULT NULL,
  `label` varchar(255) COLLATE utf8_unicode_ci DEFAULT NULL,
  `accountancy_code` varchar(32) COLLATE utf8_unicode_ci DEFAULT NULL,
  `fk_projet` int(11) DEFAULT NULL,
  `entity` int(11) NOT NULL DEFAULT 1,
  `note` text COLLATE utf8_unicode_ci DEFAULT NULL,
  `fk_bank` int(11) DEFAULT NULL,
  `fk_user_author` int(11) DEFAULT NULL,
  `fk_user_modif` int(11) DEFAULT NULL,
  `subledger_account` varchar(32) COLLATE utf8_unicode_ci DEFAULT NULL,
  PRIMARY KEY (`rowid`)
) ENGINE=InnoDB AUTO_INCREMENT=5 DEFAULT CHARSET=utf8 COLLATE=utf8_unicode_ci;

--
-- Dumping data for table `llx_payment_various`
--

INSERT INTO `llx_payment_various` VALUES (2,NULL,'2019-12-25 22:14:38','2017-07-14 18:46:19','2017-07-14','2017-07-14',0,123.00000000,4,'','Miscellaneous payment','518',4,1,NULL,48,12,NULL,NULL),(4,NULL,'2020-01-10 00:42:47','2020-01-10 04:42:47','2020-01-10','2020-01-10',0,10.00000000,0,'','Miscellaneous payment','105',0,1,'',49,12,0,'556');

--
-- Table structure for table `llx_payment_vat`
--

CREATE TABLE `llx_payment_vat` (
  `rowid` int(11) NOT NULL AUTO_INCREMENT,
  `fk_tva` int(11) DEFAULT NULL,
  `datec` datetime DEFAULT NULL,
  `tms` timestamp NOT NULL DEFAULT current_timestamp() ON UPDATE current_timestamp(),
  `datep` datetime DEFAULT NULL,
  `amount` double(24,8) DEFAULT 0.00000000,
  `fk_typepaiement` int(11) NOT NULL,
  `num_paiement` varchar(50) COLLATE utf8_unicode_ci DEFAULT NULL,
  `note` text COLLATE utf8_unicode_ci DEFAULT NULL,
  `fk_bank` int(11) NOT NULL,
  `fk_user_creat` int(11) DEFAULT NULL,
  `fk_user_modif` int(11) DEFAULT NULL,
  PRIMARY KEY (`rowid`)
) ENGINE=InnoDB DEFAULT CHARSET=utf8 COLLATE=utf8_unicode_ci;

--
-- Dumping data for table `llx_payment_vat`
--


--
-- Table structure for table `llx_pos_cash_fence`
--

CREATE TABLE `llx_pos_cash_fence` (
  `rowid` int(11) NOT NULL AUTO_INCREMENT,
  `entity` int(11) NOT NULL DEFAULT 1,
  `ref` varchar(64) COLLATE utf8_unicode_ci DEFAULT NULL,
  `label` varchar(255) COLLATE utf8_unicode_ci DEFAULT NULL,
  `opening` double(24,8) DEFAULT 0.00000000,
  `cash` double(24,8) DEFAULT 0.00000000,
  `card` double(24,8) DEFAULT 0.00000000,
  `cheque` double(24,8) DEFAULT 0.00000000,
  `status` int(11) DEFAULT NULL,
  `date_creation` datetime NOT NULL,
  `date_valid` datetime DEFAULT NULL,
  `day_close` int(11) DEFAULT NULL,
  `month_close` int(11) DEFAULT NULL,
  `year_close` int(11) DEFAULT NULL,
  `posmodule` varchar(30) COLLATE utf8_unicode_ci DEFAULT NULL,
  `posnumber` varchar(30) COLLATE utf8_unicode_ci DEFAULT NULL,
  `fk_user_creat` int(11) DEFAULT NULL,
  `fk_user_valid` int(11) DEFAULT NULL,
  `tms` timestamp NOT NULL DEFAULT current_timestamp() ON UPDATE current_timestamp(),
  `import_key` varchar(14) COLLATE utf8_unicode_ci DEFAULT NULL,
  PRIMARY KEY (`rowid`)
) ENGINE=InnoDB AUTO_INCREMENT=2 DEFAULT CHARSET=utf8 COLLATE=utf8_unicode_ci;

--
-- Dumping data for table `llx_pos_cash_fence`
--

INSERT INTO `llx_pos_cash_fence` VALUES (1,1,'1',NULL,-324.29000000,400.00000000,0.00000000,0.00000000,1,'2019-12-22 23:01:02','2019-12-22 23:01:48',NULL,11,2019,'takepos','1',NULL,12,'2019-12-22 19:01:48',NULL);

--
-- Table structure for table `llx_prelevement_bons`
--

CREATE TABLE `llx_prelevement_bons` (
  `rowid` int(11) NOT NULL AUTO_INCREMENT,
  `ref` varchar(12) COLLATE utf8_unicode_ci DEFAULT NULL,
  `entity` int(11) NOT NULL DEFAULT 1,
  `datec` datetime DEFAULT NULL,
  `amount` double(24,8) DEFAULT NULL,
  `statut` smallint(6) DEFAULT 0,
  `credite` smallint(6) DEFAULT 0,
  `note` text COLLATE utf8_unicode_ci DEFAULT NULL,
  `date_trans` datetime DEFAULT NULL,
  `method_trans` smallint(6) DEFAULT NULL,
  `fk_user_trans` int(11) DEFAULT NULL,
  `date_credit` datetime DEFAULT NULL,
  `fk_user_credit` int(11) DEFAULT NULL,
  `type` varchar(16) COLLATE utf8_unicode_ci DEFAULT 'debit-order',
  PRIMARY KEY (`rowid`),
  UNIQUE KEY `uk_prelevement_bons_ref` (`ref`,`entity`)
) ENGINE=InnoDB AUTO_INCREMENT=2 DEFAULT CHARSET=utf8 COLLATE=utf8_unicode_ci;

--
-- Dumping data for table `llx_prelevement_bons`
--

INSERT INTO `llx_prelevement_bons` VALUES (1,'T170201',1,'2017-02-21 15:53:46',50.00000000,2,0,NULL,'2017-02-21 12:00:00',0,12,'2017-02-21 12:00:00',12,'debit-order');

--
-- Table structure for table `llx_prelevement_facture`
--

CREATE TABLE `llx_prelevement_facture` (
  `rowid` int(11) NOT NULL AUTO_INCREMENT,
  `fk_facture` int(11) DEFAULT NULL,
  `fk_prelevement_lignes` int(11) NOT NULL,
  `fk_facture_fourn` int(11) DEFAULT NULL,
  PRIMARY KEY (`rowid`),
  KEY `idx_prelevement_facture_fk_prelevement_lignes` (`fk_prelevement_lignes`),
  CONSTRAINT `fk_prelevement_facture_fk_prelevement_lignes` FOREIGN KEY (`fk_prelevement_lignes`) REFERENCES `llx_prelevement_lignes` (`rowid`)
) ENGINE=InnoDB AUTO_INCREMENT=2 DEFAULT CHARSET=utf8 COLLATE=utf8_unicode_ci;

--
-- Dumping data for table `llx_prelevement_facture`
--

INSERT INTO `llx_prelevement_facture` VALUES (1,211,1,NULL);

--
-- Table structure for table `llx_prelevement_facture_demande`
--

CREATE TABLE `llx_prelevement_facture_demande` (
  `rowid` int(11) NOT NULL AUTO_INCREMENT,
  `fk_facture` int(11) DEFAULT NULL,
  `amount` double(24,8) DEFAULT NULL,
  `date_demande` datetime NOT NULL,
  `traite` smallint(6) DEFAULT 0,
  `date_traite` datetime DEFAULT NULL,
  `fk_prelevement_bons` int(11) DEFAULT NULL,
  `fk_user_demande` int(11) NOT NULL,
  `code_banque` varchar(128) COLLATE utf8_unicode_ci DEFAULT NULL,
  `code_guichet` varchar(6) COLLATE utf8_unicode_ci DEFAULT NULL,
  `number` varchar(255) COLLATE utf8_unicode_ci DEFAULT NULL,
  `cle_rib` varchar(5) COLLATE utf8_unicode_ci DEFAULT NULL,
  `entity` int(11) DEFAULT NULL,
  `sourcetype` varchar(32) COLLATE utf8_unicode_ci DEFAULT NULL,
  `ext_payment_id` varchar(128) COLLATE utf8_unicode_ci DEFAULT NULL,
  `ext_payment_site` varchar(128) COLLATE utf8_unicode_ci DEFAULT NULL,
  `fk_facture_fourn` int(11) DEFAULT NULL,
  PRIMARY KEY (`rowid`),
  KEY `idx_prelevement_facture_demande_fk_facture` (`fk_facture`),
  KEY `idx_prelevement_facture_demande_fk_facture_fourn` (`fk_facture_fourn`)
) ENGINE=InnoDB AUTO_INCREMENT=10 DEFAULT CHARSET=utf8 COLLATE=utf8_unicode_ci;

--
-- Dumping data for table `llx_prelevement_facture_demande`
--

INSERT INTO `llx_prelevement_facture_demande` VALUES (1,211,50.00000000,'2017-02-06 08:11:17',1,'2017-02-21 15:53:46',1,12,'','','','',NULL,NULL,NULL,NULL,NULL),(2,5,NULL,'2020-01-01 14:35:21',0,NULL,NULL,0,NULL,NULL,NULL,NULL,1,'member','pi_1Fw4XtGr4FnPvt5gmHCi23hC','StripeTest',NULL),(3,6,NULL,'2020-01-01 14:50:42',0,NULL,NULL,0,NULL,NULL,NULL,NULL,1,'member','pi_1Fw4mkGr4FnPvt5gaMAjhU23','StripeTest',NULL),(4,7,NULL,'2020-01-01 14:59:09',0,NULL,NULL,0,NULL,NULL,NULL,NULL,1,'member','pi_1Fw4uvGr4FnPvt5gPJHfyUQt','StripeTest',NULL),(5,8,NULL,'2020-01-01 15:08:10',0,NULL,NULL,0,NULL,NULL,NULL,NULL,1,'member','pi_1Fw53eGr4FnPvt5gY0i3EWWR','StripeTest',NULL),(6,9,NULL,'2020-01-01 15:27:14',0,NULL,NULL,0,NULL,NULL,NULL,NULL,1,'member','pi_1Fw5M6Gr4FnPvt5gyICZxNY7','StripeTest',NULL),(7,10,NULL,'2020-01-01 15:36:11',0,NULL,NULL,0,NULL,NULL,NULL,NULL,1,'member','pi_1Fw5UlGr4FnPvt5gdsfT25YK','StripeTest',NULL),(8,11,NULL,'2020-01-01 15:44:14',0,NULL,NULL,0,NULL,NULL,NULL,NULL,1,'member','pi_1Fw5cYGr4FnPvt5ggY1HBL2m','StripeTest',NULL),(9,12,NULL,'2020-01-01 16:52:06',0,NULL,NULL,0,NULL,NULL,NULL,NULL,1,'member','pi_1Fw6gDGr4FnPvt5gjuuxU6K3','StripeTest',NULL);

--
-- Table structure for table `llx_prelevement_lignes`
--

CREATE TABLE `llx_prelevement_lignes` (
  `rowid` int(11) NOT NULL AUTO_INCREMENT,
  `fk_prelevement_bons` int(11) DEFAULT NULL,
  `fk_soc` int(11) NOT NULL,
  `statut` smallint(6) DEFAULT 0,
  `client_nom` varchar(255) COLLATE utf8_unicode_ci DEFAULT NULL,
  `amount` double(24,8) DEFAULT NULL,
  `code_banque` varchar(128) COLLATE utf8_unicode_ci DEFAULT NULL,
  `code_guichet` varchar(6) COLLATE utf8_unicode_ci DEFAULT NULL,
  `number` varchar(255) COLLATE utf8_unicode_ci DEFAULT NULL,
  `cle_rib` varchar(5) COLLATE utf8_unicode_ci DEFAULT NULL,
  `note` text COLLATE utf8_unicode_ci DEFAULT NULL,
  PRIMARY KEY (`rowid`),
  KEY `idx_prelevement_lignes_fk_prelevement_bons` (`fk_prelevement_bons`),
  CONSTRAINT `fk_prelevement_lignes_fk_prelevement_bons` FOREIGN KEY (`fk_prelevement_bons`) REFERENCES `llx_prelevement_bons` (`rowid`)
) ENGINE=InnoDB AUTO_INCREMENT=2 DEFAULT CHARSET=utf8 COLLATE=utf8_unicode_ci;

--
-- Dumping data for table `llx_prelevement_lignes`
--

INSERT INTO `llx_prelevement_lignes` VALUES (1,1,19,2,'Magic Food Store',50.00000000,'','','','',NULL);

--
-- Table structure for table `llx_prelevement_rejet`
--

CREATE TABLE `llx_prelevement_rejet` (
  `rowid` int(11) NOT NULL AUTO_INCREMENT,
  `fk_prelevement_lignes` int(11) DEFAULT NULL,
  `date_rejet` datetime DEFAULT NULL,
  `motif` int(11) DEFAULT NULL,
  `date_creation` datetime DEFAULT NULL,
  `fk_user_creation` int(11) DEFAULT NULL,
  `note` text COLLATE utf8_unicode_ci DEFAULT NULL,
  `afacturer` tinyint(4) DEFAULT 0,
  `fk_facture` int(11) DEFAULT NULL,
  PRIMARY KEY (`rowid`)
) ENGINE=InnoDB DEFAULT CHARSET=utf8 COLLATE=utf8_unicode_ci;

--
-- Dumping data for table `llx_prelevement_rejet`
--


--
-- Table structure for table `llx_printing`
--

CREATE TABLE `llx_printing` (
  `rowid` int(11) NOT NULL AUTO_INCREMENT,
  `tms` timestamp NOT NULL DEFAULT current_timestamp() ON UPDATE current_timestamp(),
  `datec` datetime DEFAULT NULL,
  `printer_name` text COLLATE utf8_unicode_ci NOT NULL,
  `printer_location` text COLLATE utf8_unicode_ci NOT NULL,
  `printer_id` varchar(255) COLLATE utf8_unicode_ci NOT NULL,
  `copy` int(11) NOT NULL DEFAULT 1,
  `module` varchar(16) COLLATE utf8_unicode_ci NOT NULL,
  `driver` varchar(16) COLLATE utf8_unicode_ci NOT NULL,
  `userid` int(11) DEFAULT NULL,
  PRIMARY KEY (`rowid`)
) ENGINE=InnoDB DEFAULT CHARSET=utf8 COLLATE=utf8_unicode_ci;

--
-- Dumping data for table `llx_printing`
--


--
-- Table structure for table `llx_product`
--

CREATE TABLE `llx_product` (
  `rowid` int(11) NOT NULL AUTO_INCREMENT,
  `datec` datetime DEFAULT NULL,
  `tms` timestamp NOT NULL DEFAULT current_timestamp() ON UPDATE current_timestamp(),
  `virtual` tinyint(4) NOT NULL DEFAULT 0,
  `fk_parent` int(11) DEFAULT 0,
  `ref` varchar(128) COLLATE utf8_unicode_ci NOT NULL,
  `entity` int(11) NOT NULL DEFAULT 1,
  `ref_ext` varchar(128) COLLATE utf8_unicode_ci DEFAULT NULL,
  `label` varchar(255) COLLATE utf8_unicode_ci NOT NULL,
  `description` text COLLATE utf8_unicode_ci DEFAULT NULL,
  `note` text COLLATE utf8_unicode_ci DEFAULT NULL,
  `customcode` varchar(32) COLLATE utf8_unicode_ci DEFAULT NULL,
  `fk_country` int(11) DEFAULT NULL,
  `price` double(24,8) DEFAULT 0.00000000,
  `price_ttc` double(24,8) DEFAULT 0.00000000,
  `price_min` double(24,8) DEFAULT 0.00000000,
  `price_min_ttc` double(24,8) DEFAULT 0.00000000,
  `price_base_type` varchar(3) COLLATE utf8_unicode_ci DEFAULT 'HT',
  `tva_tx` double(6,3) DEFAULT NULL,
  `recuperableonly` int(11) NOT NULL DEFAULT 0,
  `localtax1_tx` double(6,3) DEFAULT 0.000,
  `localtax1_type` varchar(10) COLLATE utf8_unicode_ci NOT NULL DEFAULT '0',
  `localtax2_tx` double(6,3) DEFAULT 0.000,
  `localtax2_type` varchar(10) COLLATE utf8_unicode_ci NOT NULL DEFAULT '0',
  `fk_user_author` int(11) DEFAULT NULL,
  `fk_user_modif` int(11) DEFAULT NULL,
  `tosell` tinyint(4) DEFAULT 1,
  `tobuy` tinyint(4) DEFAULT 1,
  `onportal` smallint(6) DEFAULT 0,
  `tobatch` tinyint(4) NOT NULL DEFAULT 0,
  `fk_product_type` int(11) DEFAULT 0,
  `duration` varchar(6) COLLATE utf8_unicode_ci DEFAULT NULL,
  `seuil_stock_alerte` float DEFAULT NULL,
  `url` varchar(255) COLLATE utf8_unicode_ci DEFAULT NULL,
  `barcode` varchar(255) COLLATE utf8_unicode_ci DEFAULT NULL,
  `fk_barcode_type` int(11) DEFAULT NULL,
  `accountancy_code_sell` varchar(32) COLLATE utf8_unicode_ci DEFAULT NULL,
  `accountancy_code_sell_intra` varchar(32) COLLATE utf8_unicode_ci DEFAULT NULL,
  `accountancy_code_sell_export` varchar(32) COLLATE utf8_unicode_ci DEFAULT NULL,
  `accountancy_code_buy` varchar(32) COLLATE utf8_unicode_ci DEFAULT NULL,
  `accountancy_code_buy_intra` varchar(32) COLLATE utf8_unicode_ci DEFAULT NULL,
  `accountancy_code_buy_export` varchar(32) COLLATE utf8_unicode_ci DEFAULT NULL,
  `partnumber` varchar(32) COLLATE utf8_unicode_ci DEFAULT NULL,
  `weight` float DEFAULT NULL,
  `weight_units` tinyint(4) DEFAULT NULL,
  `length` float DEFAULT NULL,
  `length_units` tinyint(4) DEFAULT NULL,
  `surface` float DEFAULT NULL,
  `surface_units` tinyint(4) DEFAULT NULL,
  `volume` float DEFAULT NULL,
  `volume_units` tinyint(4) DEFAULT NULL,
  `stock` double DEFAULT NULL,
  `pmp` double(24,8) NOT NULL DEFAULT 0.00000000,
  `fifo` double(24,8) DEFAULT NULL,
  `lifo` double(24,8) DEFAULT NULL,
  `canvas` varchar(32) COLLATE utf8_unicode_ci DEFAULT 'default@product',
  `finished` tinyint(4) DEFAULT NULL,
  `hidden` tinyint(4) DEFAULT 0,
  `import_key` varchar(14) COLLATE utf8_unicode_ci DEFAULT NULL,
  `desiredstock` float DEFAULT NULL,
  `fk_price_expression` int(11) DEFAULT NULL,
  `fk_unit` int(11) DEFAULT NULL,
  `cost_price` double(24,8) DEFAULT NULL,
  `default_vat_code` varchar(10) COLLATE utf8_unicode_ci DEFAULT NULL,
  `price_autogen` smallint(6) DEFAULT 0,
  `note_public` text COLLATE utf8_unicode_ci DEFAULT NULL,
  `model_pdf` varchar(255) COLLATE utf8_unicode_ci DEFAULT '',
  `width` float DEFAULT NULL,
  `width_units` tinyint(4) DEFAULT NULL,
  `height` float DEFAULT NULL,
  `height_units` tinyint(4) DEFAULT NULL,
  `fk_default_warehouse` int(11) DEFAULT NULL,
  `fk_project` int(11) DEFAULT NULL,
  `net_measure` float DEFAULT NULL,
  `net_measure_units` tinyint(4) DEFAULT NULL,
  `fk_state` int(11) DEFAULT NULL,
  `batch_mask` varchar(32) COLLATE utf8_unicode_ci DEFAULT NULL,
  `lifetime` int(11) DEFAULT NULL,
  `qc_frequency` int(11) DEFAULT NULL,
  `mandatory_period` tinyint(4) DEFAULT 0,
  `fk_default_bom` int(11) DEFAULT NULL,
  PRIMARY KEY (`rowid`),
  UNIQUE KEY `uk_product_ref` (`ref`,`entity`),
  UNIQUE KEY `uk_product_barcode` (`barcode`,`fk_barcode_type`,`entity`),
  KEY `idx_product_label` (`label`),
  KEY `idx_product_barcode` (`barcode`),
  KEY `idx_product_import_key` (`import_key`),
  KEY `idx_product_fk_country` (`fk_country`),
  KEY `idx_product_fk_user_author` (`fk_user_author`),
  KEY `idx_product_fk_barcode_type` (`fk_barcode_type`),
  KEY `fk_product_fk_unit` (`fk_unit`),
  KEY `idx_product_seuil_stock_alerte` (`seuil_stock_alerte`),
  KEY `fk_product_default_warehouse` (`fk_default_warehouse`),
  KEY `idx_product_fk_project` (`fk_project`),
  KEY `fk_product_finished` (`finished`),
  CONSTRAINT `fk_product_barcode_type` FOREIGN KEY (`fk_barcode_type`) REFERENCES `llx_c_barcode_type` (`rowid`),
  CONSTRAINT `fk_product_default_warehouse` FOREIGN KEY (`fk_default_warehouse`) REFERENCES `llx_entrepot` (`rowid`),
  CONSTRAINT `fk_product_finished` FOREIGN KEY (`finished`) REFERENCES `llx_c_product_nature` (`code`),
  CONSTRAINT `fk_product_fk_country` FOREIGN KEY (`fk_country`) REFERENCES `llx_c_country` (`rowid`),
  CONSTRAINT `fk_product_fk_unit` FOREIGN KEY (`fk_unit`) REFERENCES `llx_c_units` (`rowid`)
) ENGINE=InnoDB AUTO_INCREMENT=32 DEFAULT CHARSET=utf8 COLLATE=utf8_unicode_ci;

--
-- Dumping data for table `llx_product`
--

INSERT INTO `llx_product` VALUES (1,'2012-07-08 14:33:17','2020-01-18 19:17:03',0,0,'PINKDRESS',1,NULL,'Pink dress','A beatifull pink dress','','',NULL,9.00000000,10.12500000,0.00000000,0.00000000,'HT',12.500,0,0.000,'0',0.000,'0',1,12,1,1,0,1,0,'',NULL,NULL,'123456789066',2,'','','','',NULL,NULL,NULL,670,-3,NULL,0,NULL,0,NULL,0,2.8,0.00000000,NULL,NULL,NULL,1,0,NULL,NULL,NULL,NULL,NULL,NULL,0,NULL,'',NULL,NULL,NULL,NULL,NULL,NULL,NULL,NULL,NULL,NULL,NULL,NULL,0,NULL),(2,'2012-07-09 00:30:01','2019-11-28 15:09:50',0,0,'PEARPIE',1,NULL,'Pear Pie','','','',NULL,10.00000000,12.00000000,8.33333000,10.00000000,'TTC',20.000,0,0.000,'0',0.000,'0',1,12,1,1,0,0,0,'',NULL,NULL,'123456789077',2,'','','','',NULL,NULL,NULL,NULL,0,NULL,0,NULL,0,NULL,0,998,0.00000000,NULL,NULL,NULL,1,0,NULL,NULL,NULL,NULL,NULL,NULL,0,NULL,'',NULL,NULL,NULL,NULL,NULL,NULL,NULL,NULL,NULL,NULL,NULL,NULL,0,NULL),(3,'2012-07-09 00:30:25','2018-01-16 16:40:03',0,0,'CAKECONTRIB',1,NULL,'Cake making contribution','','','',NULL,0.00000000,0.00000000,0.00000000,0.00000000,'HT',12.500,0,0.000,'0',0.000,'0',1,NULL,1,1,0,0,1,'1m',NULL,NULL,'123456789088',2,'701CAKEM',NULL,NULL,'601CAKEM',NULL,NULL,NULL,NULL,NULL,NULL,NULL,NULL,NULL,NULL,NULL,NULL,0.00000000,NULL,NULL,NULL,0,0,NULL,NULL,NULL,NULL,NULL,NULL,0,NULL,'',NULL,NULL,NULL,NULL,NULL,NULL,NULL,NULL,NULL,NULL,NULL,NULL,0,NULL),(4,'2012-07-10 14:44:06','2021-04-15 11:40:18',0,0,'APPLEPIE',1,NULL,'Apple Pie','Nice Bio Apple Pie.<br />\r\n&nbsp;','','',NULL,9.00000000,9.00000000,6.00000000,6.00000000,'HT',0.000,0,9.000,'1',9.000,'1',1,12,1,1,0,1,0,'',NULL,NULL,'123456789034',2,'701','','','601',NULL,NULL,NULL,500,-3,NULL,0,NULL,0,NULL,0,1021.2,10.00000000,NULL,NULL,NULL,1,0,NULL,NULL,NULL,NULL,NULL,'CGST+SGST',0,NULL,'',NULL,NULL,NULL,NULL,NULL,NULL,NULL,NULL,NULL,NULL,NULL,NULL,0,NULL),(5,'2013-07-20 23:11:38','2018-01-16 16:18:24',0,0,'DOLIDROID',1,NULL,'DoliDroid, Android app for Dolibarr','<strong><span style=\"font-family:roboto,uilanguagefont,arial,sans-serif; font-size:14px\">DoliDroid is the Android front-end client for Dolibarr ERP &amp; CRM web software.</span><br />\r\n<span style=\"font-family:roboto,uilanguagefont,arial,sans-serif; font-size:14px\">This application is not a standalone program. It is a front end to use a online hosted Dolibarr ERP &amp; CRM software (an Open-source web software to manage your business).</span></strong>\r\n<p><u>The advantage of DoliDroid are :</u><br />\r\n- DoliDroid is not a duplicate code of Dolibarr, but a front-end of a Dolibarr web installation, so all your online existing features are supported by this application. This is also true for external modules features.<br />\r\n- Upgrading Dolibarr will not break DoliDroid.<br />\r\n- DoliDroid use embedded image resources to reduce bandwidth usage.<br />\r\n- DoliDroid use internal cache for pages that should not change (like menu page)<br />\r\n- Connections parameters are saved. No need to enter them each time you use DoliDroid.<br />\r\n- Integration with your phone or other applications (Clicking on PDF open PDF reader, clicking onto email or phone launch your email application or launch Android dialer, ...)</p>\r\n\r\n<p><span style=\"color:#DAA520\"><strong>WARNING !&nbsp;</strong></span></p>\r\n\r\n<p>This application need Android 4.0+ and a hosted Dolibarr ERP &amp; CRM version 3.5 or newer accessible by internet<br />\r\n(For example, when hosted on any SaaS solution like DoliCloud -&nbsp;<a href=\"https://www.google.com/url?q=https://www.google.com/url?q%3Dhttp://www.dolicloud.com%26sa%3DD%26usg%3DAFQjCNGdd9htz4JDciiMtScpBwK83qIRkw&amp;sa=D&amp;usg=AFQjCNGMpCbxNnU5BiK59e368K5AR0l_pg\" style=\"text-decoration: none; color: rgb(51, 105, 30); cursor: pointer;\" target=\"_blank\">http://www.dolicloud.com</a>).</p>','','',NULL,10.00000000,11.96000000,0.00000000,0.00000000,'HT',19.600,0,0.000,'0',0.000,'0',1,NULL,1,1,0,0,0,'',NULL,'https://play.google.com/store/apps/details?id=com.nltechno.dolidroidpro','123456789023',2,'701',NULL,NULL,'601',NULL,NULL,NULL,NULL,0,NULL,0,NULL,0,NULL,0,NULL,0.00000000,NULL,NULL,'',NULL,0,NULL,NULL,NULL,NULL,NULL,NULL,0,NULL,'',NULL,NULL,NULL,NULL,NULL,NULL,NULL,NULL,NULL,NULL,NULL,NULL,0,NULL),(10,'2011-12-31 00:00:00','2017-02-16 00:12:09',0,0,'COMP-XP4523',1,NULL,'Computer XP4523','A powerfull computer XP4523&nbsp;','This product is imported.<br />\r\nWarning: Delay to get it are not reliable.','USXP765',11,100.00000000,110.00000000,0.00000000,0.00000000,'HT',10.000,0,0.000,'0',0.000,'0',NULL,12,1,1,0,1,0,'',150,NULL,'123456789055',2,'701OLDC',NULL,NULL,'601OLDC',NULL,NULL,NULL,1.7,0,NULL,0,NULL,0,NULL,0,110,0.00000000,NULL,NULL,NULL,NULL,0,'20110729232310',200,NULL,NULL,NULL,NULL,0,NULL,'',NULL,NULL,NULL,NULL,NULL,NULL,NULL,NULL,NULL,NULL,NULL,NULL,0,NULL),(11,'2015-01-13 20:24:42','2019-10-08 17:21:07',0,0,'ROLLUPABC',1,NULL,'Rollup Dolibarr','A nice rollup','','',NULL,0.00000000,0.00000000,0.00000000,0.00000000,'HT',0.000,0,0.000,'0',0.000,'0',1,12,1,1,0,0,0,'',NULL,NULL,'123456789044',2,'','','','',NULL,NULL,NULL,95,-3,NULL,0,2.34,-4,NULL,0,-1,0.00000000,NULL,NULL,'',1,0,NULL,NULL,NULL,NULL,12.00000000,NULL,0,NULL,'',NULL,8,NULL,8,NULL,NULL,NULL,NULL,NULL,NULL,NULL,NULL,0,NULL),(12,'2018-07-30 17:31:29','2018-07-30 13:35:02',0,0,'DOLICLOUD',1,NULL,'SaaS service of Dolibarr ERP CRM','Cloud hosting of Dolibarr ERP and CRM software','','',NULL,9.00000000,9.00000000,9.00000000,9.00000000,'HT',0.000,0,0.000,'0',0.000,'0',12,12,1,1,0,0,1,'',NULL,'http://www.dolicloud.com','123456789013',2,'',NULL,NULL,'',NULL,NULL,NULL,NULL,NULL,NULL,NULL,NULL,NULL,NULL,NULL,NULL,0.00000000,NULL,NULL,'',0,0,NULL,NULL,NULL,NULL,8.50000000,NULL,0,NULL,'',NULL,NULL,NULL,NULL,NULL,NULL,NULL,NULL,NULL,NULL,NULL,NULL,0,NULL),(13,'2017-02-16 03:49:00','2017-02-15 23:49:27',0,0,'COMP-XP4548',1,NULL,'Computer XP4523','A powerfull computer XP4523&nbsp;','This product is imported.<br />\r\nWarning: Delay to get it are not reliable.','USXP765',11,100.00000000,110.00000000,0.00000000,0.00000000,'HT',10.000,0,0.000,'0',0.000,'0',12,12,1,1,0,1,0,'',150,NULL,NULL,2,'',NULL,NULL,'',NULL,NULL,NULL,1.7,0,NULL,0,NULL,0,NULL,0,NULL,0.00000000,NULL,NULL,'',NULL,0,NULL,200,NULL,NULL,NULL,NULL,0,NULL,'',NULL,NULL,NULL,NULL,NULL,NULL,NULL,NULL,NULL,NULL,NULL,NULL,0,NULL),(23,'2019-10-07 00:00:00','2019-11-28 13:51:35',0,0,'PREF123456',1,NULL,'Product name in default language','Product description in default language','a private note (free text)','customs code',1,100.00000000,110.00000000,100.00000000,110.00000000,'HT',10.000,0,0.000,'0',0.000,'0',12,NULL,0,1,0,0,0,NULL,NULL,NULL,NULL,NULL,NULL,NULL,NULL,NULL,NULL,NULL,NULL,NULL,-3,1,-1,4,-4,5,-3,NULL,0.00000000,NULL,NULL,NULL,0,0,'20191007122224',NULL,NULL,NULL,NULL,NULL,0,'a public note (free text)','',2,-1,3,-1,NULL,NULL,NULL,NULL,NULL,NULL,NULL,NULL,0,NULL),(24,'2019-11-28 16:33:35','2019-11-28 15:02:01',0,0,'POS-CARROT',1,NULL,'Carrot','','','',NULL,0.83333000,1.00000000,0.00000000,0.00000000,'TTC',20.000,0,0.000,'0',0.000,'0',12,12,1,1,0,0,0,'',NULL,NULL,NULL,2,'','','','',NULL,NULL,NULL,1,0,NULL,0,NULL,0,NULL,0,NULL,0.00000000,NULL,NULL,'',NULL,0,NULL,NULL,NULL,NULL,NULL,NULL,0,NULL,'',NULL,NULL,NULL,NULL,NULL,NULL,NULL,NULL,NULL,NULL,NULL,NULL,0,NULL),(25,'2019-11-28 16:37:36','2020-01-13 11:13:19',0,0,'POS-APPLE',1,NULL,'Apple','','','',NULL,1.25000000,1.50000000,0.00000000,0.00000000,'TTC',20.000,0,0.000,'0',0.000,'0',12,12,1,1,0,0,0,'',NULL,NULL,NULL,2,'','','','',NULL,NULL,NULL,1,0,NULL,0,NULL,0,NULL,0,15.599999999999994,0.00000000,NULL,NULL,'',NULL,0,NULL,NULL,NULL,NULL,NULL,NULL,0,NULL,'',NULL,NULL,NULL,NULL,NULL,NULL,NULL,NULL,NULL,NULL,NULL,NULL,0,NULL),(26,'2019-11-28 16:38:44','2019-11-28 12:38:44',0,0,'POS-KIWI',1,NULL,'Kiwi','','','',NULL,1.08333000,1.30000000,0.00000000,0.00000000,'TTC',20.000,0,0.000,'0',0.000,'0',12,12,1,1,0,0,0,'',NULL,NULL,NULL,2,'','','','',NULL,NULL,NULL,1,0,NULL,0,NULL,0,NULL,0,NULL,0.00000000,NULL,NULL,'',NULL,0,NULL,NULL,NULL,NULL,NULL,NULL,0,NULL,'',NULL,NULL,NULL,NULL,NULL,NULL,NULL,NULL,NULL,NULL,NULL,NULL,0,NULL),(27,'2019-11-28 16:39:21','2019-11-28 14:57:44',0,0,'POS-PEACH',1,NULL,'Peach','','','',NULL,1.08333000,1.30000000,0.00000000,0.00000000,'TTC',20.000,0,0.000,'0',0.000,'0',12,12,1,1,0,0,0,'',NULL,NULL,NULL,2,'','','','',NULL,NULL,NULL,NULL,NULL,NULL,NULL,NULL,NULL,NULL,NULL,NULL,0.00000000,NULL,NULL,'',0,0,NULL,NULL,NULL,NULL,NULL,NULL,0,NULL,'',NULL,NULL,NULL,NULL,NULL,NULL,NULL,NULL,NULL,NULL,NULL,NULL,0,NULL),(28,'2019-11-28 16:39:58','2019-11-28 12:39:58',0,0,'POS-ORANGE',1,NULL,'Orange','','','',NULL,2.00000000,2.40000000,0.00000000,0.00000000,'HT',20.000,0,0.000,'0',0.000,'0',12,12,1,1,0,0,0,'',NULL,NULL,NULL,2,'','','','',NULL,NULL,NULL,1,0,NULL,0,NULL,0,NULL,0,NULL,0.00000000,NULL,NULL,'',NULL,0,NULL,NULL,NULL,NULL,NULL,NULL,0,NULL,'',NULL,NULL,NULL,NULL,NULL,NULL,NULL,NULL,NULL,NULL,NULL,NULL,0,NULL),(29,'2019-11-28 17:03:14','2019-11-28 13:03:14',0,0,'POS-Eggs',1,NULL,'Eggs','','','',NULL,1.66667000,2.00000000,0.00000000,0.00000000,'TTC',20.000,0,0.000,'0',0.000,'0',12,12,1,1,0,0,0,'',NULL,NULL,NULL,2,'','','','',NULL,NULL,NULL,NULL,0,NULL,0,NULL,0,NULL,0,NULL,0.00000000,NULL,NULL,'',NULL,0,NULL,NULL,NULL,NULL,NULL,NULL,0,NULL,'',NULL,NULL,NULL,NULL,NULL,NULL,NULL,NULL,NULL,NULL,NULL,NULL,0,NULL),(30,'2019-11-28 17:09:14','2019-11-28 13:09:14',0,0,'POS-Chips',1,NULL,'Chips','','','',NULL,0.41667000,0.50000000,0.00000000,0.00000000,'TTC',20.000,0,0.000,'0',0.000,'0',12,12,1,1,0,0,0,'',NULL,NULL,NULL,2,'','','','',NULL,NULL,NULL,30,-3,NULL,0,NULL,0,NULL,0,NULL,0.00000000,NULL,NULL,'',NULL,0,NULL,NULL,NULL,NULL,NULL,NULL,0,NULL,'',NULL,NULL,NULL,NULL,NULL,NULL,NULL,NULL,NULL,NULL,NULL,NULL,0,NULL),(31,'2021-04-15 08:38:02','2021-04-15 11:38:02',0,0,'PRODSER',1,NULL,'Product NFC - Unique','','','',NULL,0.00000000,0.00000000,0.00000000,0.00000000,'HT',19.600,0,0.000,'0',0.000,'0',12,12,1,1,0,2,0,'',0,NULL,NULL,2,'','','','','','',NULL,NULL,0,NULL,0,NULL,0,NULL,0,NULL,0.00000000,NULL,NULL,'',NULL,0,NULL,0,NULL,NULL,NULL,NULL,0,NULL,'',NULL,0,NULL,0,NULL,NULL,NULL,NULL,NULL,NULL,NULL,NULL,0,NULL);

--
-- Table structure for table `llx_product_association`
--

CREATE TABLE `llx_product_association` (
  `rowid` int(11) NOT NULL AUTO_INCREMENT,
  `fk_product_pere` int(11) NOT NULL DEFAULT 0,
  `fk_product_fils` int(11) NOT NULL DEFAULT 0,
  `qty` double DEFAULT NULL,
  `incdec` int(11) DEFAULT 1,
  `rang` int(11) DEFAULT 0,
  PRIMARY KEY (`rowid`),
  UNIQUE KEY `uk_product_association` (`fk_product_pere`,`fk_product_fils`),
  KEY `idx_product_association` (`fk_product_fils`),
  KEY `idx_product_association_fils` (`fk_product_fils`)
) ENGINE=InnoDB AUTO_INCREMENT=5 DEFAULT CHARSET=utf8 COLLATE=utf8_unicode_ci;

--
-- Dumping data for table `llx_product_association`
--

INSERT INTO `llx_product_association` VALUES (2,5,1,1,1,0),(3,4,3,5,1,0),(4,4,1,2,1,0);

--
-- Table structure for table `llx_product_attribute`
--

CREATE TABLE `llx_product_attribute` (
  `rowid` int(11) NOT NULL AUTO_INCREMENT,
  `ref` varchar(255) COLLATE utf8_unicode_ci NOT NULL,
  `ref_ext` varchar(255) COLLATE utf8_unicode_ci DEFAULT NULL,
  `label` varchar(255) COLLATE utf8_unicode_ci NOT NULL,
  `rang` int(11) NOT NULL DEFAULT 0,
  `entity` int(11) NOT NULL DEFAULT 1,
  PRIMARY KEY (`rowid`),
  UNIQUE KEY `uk_product_attribute_ref` (`ref`),
  UNIQUE KEY `unique_ref` (`ref`)
) ENGINE=InnoDB AUTO_INCREMENT=3 DEFAULT CHARSET=utf8 COLLATE=utf8_unicode_ci;

--
-- Dumping data for table `llx_product_attribute`
--

INSERT INTO `llx_product_attribute` VALUES (1,'COL',NULL,'Color',1,1),(2,'SIZE',NULL,'Size',0,1);

--
-- Table structure for table `llx_product_attribute_combination`
--

CREATE TABLE `llx_product_attribute_combination` (
  `rowid` int(11) NOT NULL AUTO_INCREMENT,
  `fk_product_parent` int(11) NOT NULL,
  `fk_product_child` int(11) NOT NULL,
  `variation_price` float NOT NULL,
  `variation_price_percentage` int(11) DEFAULT NULL,
  `variation_weight` float NOT NULL,
  `variation_ref_ext` varchar(255) COLLATE utf8_unicode_ci DEFAULT NULL,
  `entity` int(11) NOT NULL DEFAULT 1,
  PRIMARY KEY (`rowid`),
  KEY `idx_product_att_com_product_parent` (`fk_product_parent`),
  KEY `idx_product_att_com_product_child` (`fk_product_child`)
) ENGINE=InnoDB DEFAULT CHARSET=utf8 COLLATE=utf8_unicode_ci;

--
-- Dumping data for table `llx_product_attribute_combination`
--


--
-- Table structure for table `llx_product_attribute_combination2val`
--

CREATE TABLE `llx_product_attribute_combination2val` (
  `rowid` int(11) NOT NULL AUTO_INCREMENT,
  `fk_prod_combination` int(11) NOT NULL,
  `fk_prod_attr` int(11) NOT NULL,
  `fk_prod_attr_val` int(11) NOT NULL,
  PRIMARY KEY (`rowid`)
) ENGINE=InnoDB DEFAULT CHARSET=utf8 COLLATE=utf8_unicode_ci;

--
-- Dumping data for table `llx_product_attribute_combination2val`
--


--
-- Table structure for table `llx_product_attribute_combination_price_level`
--

CREATE TABLE `llx_product_attribute_combination_price_level` (
  `rowid` int(11) NOT NULL AUTO_INCREMENT,
  `fk_product_attribute_combination` int(11) NOT NULL DEFAULT 1,
  `fk_price_level` int(11) NOT NULL DEFAULT 1,
  `variation_price` double(24,8) NOT NULL,
  `variation_price_percentage` int(11) DEFAULT NULL,
  PRIMARY KEY (`rowid`),
  UNIQUE KEY `fk_product_attribute_combination` (`fk_product_attribute_combination`,`fk_price_level`),
  UNIQUE KEY `fk_product_attribute_combinati_2` (`fk_product_attribute_combination`,`fk_price_level`),
  UNIQUE KEY `fk_product_attribute_combinati_3` (`fk_product_attribute_combination`,`fk_price_level`),
  UNIQUE KEY `fk_product_attribute_combinati_4` (`fk_product_attribute_combination`,`fk_price_level`),
  UNIQUE KEY `fk_product_attribute_combinati_5` (`fk_product_attribute_combination`,`fk_price_level`),
  UNIQUE KEY `fk_product_attribute_combinati_6` (`fk_product_attribute_combination`,`fk_price_level`),
  UNIQUE KEY `fk_product_attribute_combinati_7` (`fk_product_attribute_combination`,`fk_price_level`),
  UNIQUE KEY `fk_product_attribute_combinati_8` (`fk_product_attribute_combination`,`fk_price_level`),
  UNIQUE KEY `fk_product_attribute_combinati_9` (`fk_product_attribute_combination`,`fk_price_level`),
  UNIQUE KEY `fk_product_attribute_combinati_10` (`fk_product_attribute_combination`,`fk_price_level`),
  UNIQUE KEY `fk_product_attribute_combinati_11` (`fk_product_attribute_combination`,`fk_price_level`),
  UNIQUE KEY `fk_product_attribute_combinati_12` (`fk_product_attribute_combination`,`fk_price_level`),
  UNIQUE KEY `fk_product_attribute_combinati_13` (`fk_product_attribute_combination`,`fk_price_level`),
  UNIQUE KEY `fk_product_attribute_combinati_14` (`fk_product_attribute_combination`,`fk_price_level`),
  UNIQUE KEY `fk_product_attribute_combinati_15` (`fk_product_attribute_combination`,`fk_price_level`),
  UNIQUE KEY `fk_product_attribute_combinati_16` (`fk_product_attribute_combination`,`fk_price_level`),
  UNIQUE KEY `fk_product_attribute_combinati_17` (`fk_product_attribute_combination`,`fk_price_level`),
  UNIQUE KEY `fk_product_attribute_combinati_18` (`fk_product_attribute_combination`,`fk_price_level`),
  UNIQUE KEY `fk_product_attribute_combinati_19` (`fk_product_attribute_combination`,`fk_price_level`),
  UNIQUE KEY `fk_product_attribute_combinati_20` (`fk_product_attribute_combination`,`fk_price_level`),
  UNIQUE KEY `fk_product_attribute_combinati_21` (`fk_product_attribute_combination`,`fk_price_level`),
  UNIQUE KEY `fk_product_attribute_combinati_22` (`fk_product_attribute_combination`,`fk_price_level`),
  UNIQUE KEY `fk_product_attribute_combinati_23` (`fk_product_attribute_combination`,`fk_price_level`),
  UNIQUE KEY `fk_product_attribute_combinati_24` (`fk_product_attribute_combination`,`fk_price_level`),
  UNIQUE KEY `fk_product_attribute_combinati_25` (`fk_product_attribute_combination`,`fk_price_level`),
  UNIQUE KEY `fk_product_attribute_combinati_26` (`fk_product_attribute_combination`,`fk_price_level`),
  UNIQUE KEY `fk_product_attribute_combinati_27` (`fk_product_attribute_combination`,`fk_price_level`),
  UNIQUE KEY `fk_product_attribute_combinati_28` (`fk_product_attribute_combination`,`fk_price_level`),
  UNIQUE KEY `fk_product_attribute_combinati_29` (`fk_product_attribute_combination`,`fk_price_level`),
  UNIQUE KEY `fk_product_attribute_combinati_30` (`fk_product_attribute_combination`,`fk_price_level`),
  UNIQUE KEY `fk_product_attribute_combinati_31` (`fk_product_attribute_combination`,`fk_price_level`),
  UNIQUE KEY `fk_product_attribute_combinati_32` (`fk_product_attribute_combination`,`fk_price_level`),
  UNIQUE KEY `fk_product_attribute_combinati_33` (`fk_product_attribute_combination`,`fk_price_level`),
  UNIQUE KEY `fk_product_attribute_combinati_34` (`fk_product_attribute_combination`,`fk_price_level`),
  UNIQUE KEY `fk_product_attribute_combinati_35` (`fk_product_attribute_combination`,`fk_price_level`),
  UNIQUE KEY `fk_product_attribute_combinati_36` (`fk_product_attribute_combination`,`fk_price_level`),
  UNIQUE KEY `fk_product_attribute_combinati_37` (`fk_product_attribute_combination`,`fk_price_level`),
  UNIQUE KEY `fk_product_attribute_combinati_38` (`fk_product_attribute_combination`,`fk_price_level`),
  UNIQUE KEY `fk_product_attribute_combinati_39` (`fk_product_attribute_combination`,`fk_price_level`),
  UNIQUE KEY `fk_product_attribute_combinati_40` (`fk_product_attribute_combination`,`fk_price_level`),
  UNIQUE KEY `fk_product_attribute_combinati_41` (`fk_product_attribute_combination`,`fk_price_level`),
  UNIQUE KEY `fk_product_attribute_combinati_42` (`fk_product_attribute_combination`,`fk_price_level`),
  UNIQUE KEY `fk_product_attribute_combinati_43` (`fk_product_attribute_combination`,`fk_price_level`),
  UNIQUE KEY `fk_product_attribute_combinati_44` (`fk_product_attribute_combination`,`fk_price_level`),
  UNIQUE KEY `fk_product_attribute_combinati_45` (`fk_product_attribute_combination`,`fk_price_level`),
  UNIQUE KEY `fk_product_attribute_combinati_46` (`fk_product_attribute_combination`,`fk_price_level`),
  UNIQUE KEY `fk_product_attribute_combinati_47` (`fk_product_attribute_combination`,`fk_price_level`),
  UNIQUE KEY `fk_product_attribute_combinati_48` (`fk_product_attribute_combination`,`fk_price_level`),
  UNIQUE KEY `fk_product_attribute_combinati_49` (`fk_product_attribute_combination`,`fk_price_level`)
) ENGINE=InnoDB AUTO_INCREMENT=59 DEFAULT CHARSET=utf8 COLLATE=utf8_unicode_ci;

--
-- Dumping data for table `llx_product_attribute_combination_price_level`
--

INSERT INTO `llx_product_attribute_combination_price_level` VALUES (16,0,1,0.00000000,0),(17,0,2,0.00000000,0),(18,0,3,0.00000000,0),(19,0,4,0.00000000,0),(20,0,5,0.00000000,0),(44,101,1,0.00000000,0),(45,101,2,0.00000000,0),(46,101,3,0.00000000,0),(47,101,4,0.00000000,0),(48,101,5,0.00000000,0),(49,102,1,0.00000000,0),(50,102,2,0.00000000,0),(51,102,3,0.00000000,0),(52,102,4,0.00000000,0),(53,102,5,0.00000000,0),(54,103,1,0.00000000,0),(55,103,2,0.00000000,0),(56,103,3,0.00000000,0),(57,103,4,0.00000000,0),(58,103,5,0.00000000,0);

--
-- Table structure for table `llx_product_attribute_value`
--

CREATE TABLE `llx_product_attribute_value` (
  `rowid` int(11) NOT NULL AUTO_INCREMENT,
  `fk_product_attribute` int(11) NOT NULL,
  `ref` varchar(255) COLLATE utf8_unicode_ci DEFAULT NULL,
  `value` varchar(255) COLLATE utf8_unicode_ci DEFAULT NULL,
  `entity` int(11) NOT NULL DEFAULT 1,
  PRIMARY KEY (`rowid`),
  UNIQUE KEY `uk_product_attribute_value` (`fk_product_attribute`,`ref`)
) ENGINE=InnoDB AUTO_INCREMENT=6 DEFAULT CHARSET=utf8 COLLATE=utf8_unicode_ci;

--
-- Dumping data for table `llx_product_attribute_value`
--

INSERT INTO `llx_product_attribute_value` VALUES (1,1,'BLUE','Blue',1),(2,1,'RED','Red',1),(3,2,'L','Size L',1),(4,2,'XL','Size XL',1),(5,2,'S','Size S',1);

--
-- Table structure for table `llx_product_batch`
--

CREATE TABLE `llx_product_batch` (
  `rowid` int(11) NOT NULL AUTO_INCREMENT,
  `tms` timestamp NOT NULL DEFAULT current_timestamp() ON UPDATE current_timestamp(),
  `fk_product_stock` int(11) NOT NULL,
  `eatby` datetime DEFAULT NULL,
  `sellby` datetime DEFAULT NULL,
  `batch` varchar(128) COLLATE utf8_unicode_ci DEFAULT NULL,
  `qty` double NOT NULL DEFAULT 0,
  `import_key` varchar(14) COLLATE utf8_unicode_ci DEFAULT NULL,
  PRIMARY KEY (`rowid`),
  UNIQUE KEY `uk_product_batch` (`fk_product_stock`,`batch`),
  KEY `idx_fk_product_stock` (`fk_product_stock`),
  KEY `idx_batch` (`batch`),
  CONSTRAINT `fk_product_batch_fk_product_stock` FOREIGN KEY (`fk_product_stock`) REFERENCES `llx_product_stock` (`rowid`)
) ENGINE=InnoDB AUTO_INCREMENT=10 DEFAULT CHARSET=utf8 COLLATE=utf8_unicode_ci;

--
-- Dumping data for table `llx_product_batch`
--

INSERT INTO `llx_product_batch` VALUES (1,'2018-07-30 13:40:39',8,NULL,NULL,'5599887766452',15,NULL),(2,'2018-07-30 13:40:12',8,NULL,NULL,'4494487766452',60,NULL),(3,'2017-02-16 00:12:09',9,NULL,NULL,'5599887766452',35,NULL),(4,'2020-01-08 15:40:27',4,NULL,NULL,'000000',12,NULL),(5,'2020-01-08 15:40:27',3,NULL,NULL,'000000',1007,NULL),(6,'2020-01-13 11:14:15',5,NULL,NULL,'000000',0.8,NULL),(7,'2020-01-08 16:41:18',4,NULL,NULL,'aaa',1.2,NULL),(8,'2020-01-18 19:17:03',5,NULL,NULL,'string',2,NULL),(9,'2021-04-15 11:40:18',11,NULL,NULL,'Lot 2021-02',1,NULL);

--
-- Table structure for table `llx_product_customer_price`
--

CREATE TABLE `llx_product_customer_price` (
  `rowid` int(11) NOT NULL AUTO_INCREMENT,
  `entity` int(11) NOT NULL DEFAULT 1,
  `datec` datetime DEFAULT NULL,
  `tms` timestamp NOT NULL DEFAULT current_timestamp() ON UPDATE current_timestamp(),
  `fk_product` int(11) NOT NULL,
  `fk_soc` int(11) NOT NULL,
  `price` double(24,8) DEFAULT 0.00000000,
  `price_ttc` double(24,8) DEFAULT 0.00000000,
  `price_min` double(24,8) DEFAULT 0.00000000,
  `price_min_ttc` double(24,8) DEFAULT 0.00000000,
  `price_base_type` varchar(3) COLLATE utf8_unicode_ci DEFAULT 'HT',
  `tva_tx` double(6,3) DEFAULT NULL,
  `default_vat_code` varchar(10) COLLATE utf8_unicode_ci DEFAULT NULL,
  `recuperableonly` int(11) NOT NULL DEFAULT 0,
  `localtax1_tx` double(6,3) DEFAULT 0.000,
  `localtax1_type` varchar(10) COLLATE utf8_unicode_ci NOT NULL DEFAULT '0',
  `localtax2_tx` double(6,3) DEFAULT 0.000,
  `localtax2_type` varchar(10) COLLATE utf8_unicode_ci NOT NULL DEFAULT '0',
  `fk_user` int(11) DEFAULT NULL,
  `import_key` varchar(14) COLLATE utf8_unicode_ci DEFAULT NULL,
  `ref_customer` varchar(128) COLLATE utf8_unicode_ci DEFAULT NULL,
  PRIMARY KEY (`rowid`),
  UNIQUE KEY `uk_customer_price_fk_product_fk_soc` (`fk_product`,`fk_soc`),
  KEY `idx_product_customer_price_fk_user` (`fk_user`),
  KEY `fk_customer_price_fk_soc` (`fk_soc`),
  KEY `idx_product_customer_price_fk_soc` (`fk_soc`),
  CONSTRAINT `fk_customer_price_fk_product` FOREIGN KEY (`fk_product`) REFERENCES `llx_product` (`rowid`) ON DELETE CASCADE,
  CONSTRAINT `fk_customer_price_fk_soc` FOREIGN KEY (`fk_soc`) REFERENCES `llx_societe` (`rowid`) ON DELETE CASCADE,
  CONSTRAINT `fk_product_customer_price_fk_product` FOREIGN KEY (`fk_product`) REFERENCES `llx_product` (`rowid`),
  CONSTRAINT `fk_product_customer_price_fk_soc` FOREIGN KEY (`fk_soc`) REFERENCES `llx_societe` (`rowid`),
  CONSTRAINT `fk_product_customer_price_fk_user` FOREIGN KEY (`fk_user`) REFERENCES `llx_user` (`rowid`)
) ENGINE=InnoDB AUTO_INCREMENT=3 DEFAULT CHARSET=utf8 COLLATE=utf8_unicode_ci;

--
-- Dumping data for table `llx_product_customer_price`
--

INSERT INTO `llx_product_customer_price` VALUES (1,1,'2020-01-17 15:26:08','2020-01-17 14:26:08',1,30,11.00000000,12.37500000,0.00000000,0.00000000,'HT',12.500,NULL,0,0.000,'0',0.000,'0',12,NULL,NULL),(2,1,'2020-01-17 15:26:16','2020-01-17 14:26:16',1,4,12.00000000,13.50000000,0.00000000,0.00000000,'HT',12.500,NULL,0,0.000,'0',0.000,'0',12,NULL,NULL);

--
-- Table structure for table `llx_product_customer_price_log`
--

CREATE TABLE `llx_product_customer_price_log` (
  `rowid` int(11) NOT NULL AUTO_INCREMENT,
  `entity` int(11) NOT NULL DEFAULT 1,
  `datec` datetime DEFAULT NULL,
  `fk_product` int(11) NOT NULL,
  `fk_soc` int(11) NOT NULL,
  `price` double(24,8) DEFAULT 0.00000000,
  `price_ttc` double(24,8) DEFAULT 0.00000000,
  `price_min` double(24,8) DEFAULT 0.00000000,
  `price_min_ttc` double(24,8) DEFAULT 0.00000000,
  `price_base_type` varchar(3) COLLATE utf8_unicode_ci DEFAULT 'HT',
  `tva_tx` double(6,3) DEFAULT NULL,
  `recuperableonly` int(11) NOT NULL DEFAULT 0,
  `localtax1_tx` double(6,3) DEFAULT 0.000,
  `localtax1_type` varchar(10) COLLATE utf8_unicode_ci NOT NULL DEFAULT '0',
  `localtax2_tx` double(6,3) DEFAULT 0.000,
  `localtax2_type` varchar(10) COLLATE utf8_unicode_ci NOT NULL DEFAULT '0',
  `fk_user` int(11) DEFAULT NULL,
  `import_key` varchar(14) COLLATE utf8_unicode_ci DEFAULT NULL,
  `default_vat_code` varchar(10) COLLATE utf8_unicode_ci DEFAULT NULL,
  `ref_customer` varchar(30) COLLATE utf8_unicode_ci DEFAULT NULL,
  PRIMARY KEY (`rowid`)
) ENGINE=InnoDB DEFAULT CHARSET=utf8 COLLATE=utf8_unicode_ci;

--
-- Dumping data for table `llx_product_customer_price_log`
--


--
-- Table structure for table `llx_product_extrafields`
--

CREATE TABLE `llx_product_extrafields` (
  `rowid` int(11) NOT NULL AUTO_INCREMENT,
  `tms` timestamp NOT NULL DEFAULT current_timestamp() ON UPDATE current_timestamp(),
  `fk_object` int(11) NOT NULL,
  `import_key` varchar(14) COLLATE utf8_unicode_ci DEFAULT NULL,
  PRIMARY KEY (`rowid`),
  KEY `idx_product_extrafields` (`fk_object`)
) ENGINE=InnoDB DEFAULT CHARSET=utf8 COLLATE=utf8_unicode_ci;

--
-- Dumping data for table `llx_product_extrafields`
--


--
-- Table structure for table `llx_product_fournisseur_price`
--

CREATE TABLE `llx_product_fournisseur_price` (
  `rowid` int(11) NOT NULL AUTO_INCREMENT,
  `datec` datetime DEFAULT NULL,
  `tms` timestamp NOT NULL DEFAULT current_timestamp() ON UPDATE current_timestamp(),
  `fk_product` int(11) DEFAULT NULL,
  `fk_soc` int(11) DEFAULT NULL,
  `ref_fourn` varchar(128) COLLATE utf8_unicode_ci DEFAULT NULL,
  `desc_fourn` text COLLATE utf8_unicode_ci DEFAULT NULL,
  `fk_availability` int(11) DEFAULT NULL,
  `price` double(24,8) DEFAULT 0.00000000,
  `quantity` double DEFAULT NULL,
  `remise_percent` double NOT NULL DEFAULT 0,
  `remise` double NOT NULL DEFAULT 0,
  `unitprice` double(24,8) DEFAULT 0.00000000,
  `charges` double(24,8) DEFAULT 0.00000000,
  `tva_tx` double(6,3) NOT NULL DEFAULT 0.000,
  `default_vat_code` varchar(10) COLLATE utf8_unicode_ci DEFAULT NULL,
  `info_bits` int(11) NOT NULL DEFAULT 0,
  `fk_user` int(11) DEFAULT NULL,
  `import_key` varchar(14) COLLATE utf8_unicode_ci DEFAULT NULL,
  `entity` int(11) NOT NULL DEFAULT 1,
  `fk_supplier_price_expression` int(11) DEFAULT NULL,
  `fk_price_expression` int(11) DEFAULT NULL,
  `delivery_time_days` int(11) DEFAULT NULL,
  `supplier_reputation` varchar(10) COLLATE utf8_unicode_ci DEFAULT NULL,
  `multicurrency_tx` double(24,8) DEFAULT 1.00000000,
  `multicurrency_unitprice` double(24,8) DEFAULT NULL,
  `fk_multicurrency` int(11) DEFAULT NULL,
  `multicurrency_code` varchar(3) COLLATE utf8_unicode_ci DEFAULT NULL,
  `multicurrency_price` double(24,8) DEFAULT NULL,
  `localtax1_tx` double(6,3) DEFAULT 0.000,
  `localtax1_type` varchar(10) COLLATE utf8_unicode_ci NOT NULL DEFAULT '0',
  `localtax2_tx` double(6,3) DEFAULT 0.000,
  `localtax2_type` varchar(10) COLLATE utf8_unicode_ci NOT NULL DEFAULT '0',
  `barcode` varchar(180) COLLATE utf8_unicode_ci DEFAULT NULL,
  `fk_barcode_type` int(11) DEFAULT NULL,
  `packaging` varchar(64) COLLATE utf8_unicode_ci DEFAULT NULL,
  PRIMARY KEY (`rowid`),
  UNIQUE KEY `uk_product_fournisseur_price_ref` (`ref_fourn`,`fk_soc`,`quantity`,`entity`),
  UNIQUE KEY `uk_product_barcode` (`barcode`,`fk_barcode_type`,`entity`),
  KEY `idx_product_fournisseur_price_fk_user` (`fk_user`),
  KEY `idx_product_fourn_price_fk_product` (`fk_product`,`entity`),
  KEY `idx_product_fourn_price_fk_soc` (`fk_soc`,`entity`),
  KEY `idx_product_barcode` (`barcode`),
  KEY `idx_product_fk_barcode_type` (`fk_barcode_type`),
  CONSTRAINT `fk_product_fournisseur_price_barcode_type` FOREIGN KEY (`fk_barcode_type`) REFERENCES `llx_c_barcode_type` (`rowid`),
  CONSTRAINT `fk_product_fournisseur_price_fk_product` FOREIGN KEY (`fk_product`) REFERENCES `llx_product` (`rowid`),
  CONSTRAINT `fk_product_fournisseur_price_fk_user` FOREIGN KEY (`fk_user`) REFERENCES `llx_user` (`rowid`)
) ENGINE=InnoDB AUTO_INCREMENT=8 DEFAULT CHARSET=utf8 COLLATE=utf8_unicode_ci;

--
-- Dumping data for table `llx_product_fournisseur_price`
--

INSERT INTO `llx_product_fournisseur_price` VALUES (1,'2012-07-11 18:45:42','2014-12-08 13:11:08',4,1,'ABCD',NULL,NULL,10.00000000,1,0,0,10.00000000,0.00000000,0.000,NULL,0,1,NULL,1,NULL,NULL,NULL,NULL,1.00000000,NULL,NULL,NULL,NULL,0.000,'0',0.000,'0',NULL,NULL,NULL),(2,'2018-07-30 17:34:38','2018-07-30 13:34:38',12,10,'BASIC',NULL,0,9.00000000,1,0,0,9.00000000,0.00000000,0.000,NULL,0,12,NULL,1,NULL,NULL,NULL,'FAVORITE',1.00000000,NULL,NULL,NULL,NULL,0.000,'0',0.000,'0',NULL,NULL,NULL),(3,'2017-02-02 05:17:08','2017-02-02 01:17:08',1,10,'aaa',NULL,0,100.00000000,1,10,0,100.00000000,0.00000000,12.500,NULL,0,12,NULL,1,NULL,NULL,NULL,NULL,1.00000000,NULL,NULL,NULL,NULL,0.000,'0',0.000,'0',NULL,NULL,NULL),(4,'2019-10-08 19:21:34','2019-10-08 17:21:34',11,10,'ggg','',0,0.00000000,10,0,0,0.00000000,0.00000000,0.000,NULL,0,12,NULL,1,NULL,NULL,NULL,NULL,1.00000000,0.00000000,1,'EUR',0.00000000,0.000,'0',0.000,'0',NULL,2,NULL),(5,'2020-01-01 18:04:14','2020-01-01 16:11:36',1,17,'BK01','',0,79.16667000,1,0,0,79.16667000,0.00000000,12.500,NULL,0,12,NULL,1,NULL,NULL,NULL,NULL,1.20000000,95.00000000,2,'USD',95.00000000,0.000,'0',0.000,'0',NULL,2,NULL),(6,'2020-01-01 18:36:40','2020-01-01 14:36:40',2,17,'BKPEARPIE','',0,7.00000000,1,0,0,7.00000000,0.00000000,20.000,NULL,0,12,NULL,1,NULL,NULL,NULL,NULL,1.00000000,7.00000000,1,'EUR',7.00000000,0.000,'0',0.000,'0',NULL,2,NULL),(7,'2020-01-20 12:22:00','2020-01-20 11:22:00',1,17,'bbb','',0,1000.00000000,10,0,0,100.00000000,0.00000000,12.500,NULL,0,12,NULL,1,NULL,NULL,NULL,NULL,1.00000000,100.00000000,1,'EUR',1000.00000000,0.000,'0',0.000,'0',NULL,2,NULL);

--
-- Table structure for table `llx_product_fournisseur_price_extrafields`
--

CREATE TABLE `llx_product_fournisseur_price_extrafields` (
  `rowid` int(11) NOT NULL AUTO_INCREMENT,
  `tms` timestamp NOT NULL DEFAULT current_timestamp() ON UPDATE current_timestamp(),
  `fk_object` int(11) NOT NULL,
  `import_key` varchar(14) COLLATE utf8_unicode_ci DEFAULT NULL,
  PRIMARY KEY (`rowid`),
  KEY `idx_product_fournisseur_price_extrafields` (`fk_object`)
) ENGINE=InnoDB AUTO_INCREMENT=3 DEFAULT CHARSET=utf8 COLLATE=utf8_unicode_ci;

--
-- Dumping data for table `llx_product_fournisseur_price_extrafields`
--

INSERT INTO `llx_product_fournisseur_price_extrafields` VALUES (1,'2020-01-01 14:04:14',5,NULL),(2,'2020-01-01 14:36:40',6,NULL);

--
-- Table structure for table `llx_product_fournisseur_price_log`
--

CREATE TABLE `llx_product_fournisseur_price_log` (
  `rowid` int(11) NOT NULL AUTO_INCREMENT,
  `datec` datetime DEFAULT NULL,
  `fk_product_fournisseur` int(11) NOT NULL,
  `price` double(24,8) DEFAULT 0.00000000,
  `quantity` double DEFAULT NULL,
  `fk_user` int(11) DEFAULT NULL,
  `fk_multicurrency` int(11) DEFAULT NULL,
  `multicurrency_code` varchar(3) COLLATE utf8_unicode_ci DEFAULT NULL,
  `multicurrency_tx` double(24,8) DEFAULT 1.00000000,
  `multicurrency_price` double(24,8) DEFAULT NULL,
  `multicurrency_unitprice` double(24,8) DEFAULT NULL,
  PRIMARY KEY (`rowid`)
) ENGINE=InnoDB AUTO_INCREMENT=13 DEFAULT CHARSET=utf8 COLLATE=utf8_unicode_ci;

--
-- Dumping data for table `llx_product_fournisseur_price_log`
--

INSERT INTO `llx_product_fournisseur_price_log` VALUES (1,'2012-07-11 18:45:42',1,10.00000000,1,1,NULL,NULL,1.00000000,NULL,NULL),(2,'2019-10-08 19:21:34',4,0.00000000,10,12,1,'EUR',1.00000000,0.00000000,0.00000000),(3,'2020-01-01 18:04:14',5,12.00000000,1,12,1,'EUR',1.00000000,12.00000000,12.00000000),(4,'2020-01-01 18:04:31',5,95.00000000,1,12,1,'EUR',1.00000000,95.00000000,95.00000000),(5,'2020-01-01 18:36:40',6,7.00000000,1,12,1,'EUR',1.00000000,7.00000000,7.00000000),(6,'2020-01-01 19:32:31',5,95.00000000,1,12,1,'EUR',1.00000000,95.00000000,95.00000000),(7,'2020-01-01 19:38:32',5,79.16667000,1,12,2,'USD',1.20000000,95.00000000,95.00000000),(8,'2020-01-01 19:54:17',5,95.00000000,1,12,1,'EUR',1.00000000,95.00000000,95.00000000),(9,'2020-01-01 19:54:54',5,79.16667000,1,12,2,'USD',1.20000000,95.00000000,95.00000000),(10,'2020-01-01 20:05:02',5,95.00000000,1,12,1,'EUR',1.00000000,95.00000000,95.00000000),(11,'2020-01-01 20:11:36',5,79.16667000,1,12,2,'USD',1.20000000,95.00000000,95.00000000),(12,'2020-01-20 12:22:00',7,1000.00000000,10,12,1,'EUR',1.00000000,1000.00000000,100.00000000);

--
-- Table structure for table `llx_product_lang`
--

CREATE TABLE `llx_product_lang` (
  `rowid` int(11) NOT NULL AUTO_INCREMENT,
  `fk_product` int(11) NOT NULL DEFAULT 0,
  `lang` varchar(5) COLLATE utf8_unicode_ci NOT NULL DEFAULT '0',
  `label` varchar(255) COLLATE utf8_unicode_ci NOT NULL,
  `description` text COLLATE utf8_unicode_ci DEFAULT NULL,
  `note` text COLLATE utf8_unicode_ci DEFAULT NULL,
  `import_key` varchar(14) COLLATE utf8_unicode_ci DEFAULT NULL,
  PRIMARY KEY (`rowid`),
  UNIQUE KEY `uk_product_lang` (`fk_product`,`lang`),
  CONSTRAINT `fk_product_lang_fk_product` FOREIGN KEY (`fk_product`) REFERENCES `llx_product` (`rowid`)
) ENGINE=InnoDB AUTO_INCREMENT=27 DEFAULT CHARSET=utf8 COLLATE=utf8_unicode_ci;

--
-- Dumping data for table `llx_product_lang`
--

INSERT INTO `llx_product_lang` VALUES (1,1,'en_US','Pink dress','A beatifull pink dress','',NULL),(2,2,'en_US','Pear Pie','','',NULL),(3,3,'en_US','Cake making contribution','','',NULL),(4,4,'fr_FR','Decapsuleur','','',NULL),(5,5,'en_US','DoliDroid, Android app for Dolibarr','<strong><span style=\"font-family:roboto,uilanguagefont,arial,sans-serif; font-size:14px\">DoliDroid is the Android front-end client for Dolibarr ERP &amp; CRM web software.</span><br />\r\n<span style=\"font-family:roboto,uilanguagefont,arial,sans-serif; font-size:14px\">This application is not a standalone program. It is a front end to use a online hosted Dolibarr ERP &amp; CRM software (an Open-source web software to manage your business).</span></strong>\r\n<p><u>The advantage of DoliDroid are :</u><br />\r\n- DoliDroid is not a duplicate code of Dolibarr, but a front-end of a Dolibarr web installation, so all your online existing features are supported by this application. This is also true for external modules features.<br />\r\n- Upgrading Dolibarr will not break DoliDroid.<br />\r\n- DoliDroid use embedded image resources to reduce bandwidth usage.<br />\r\n- DoliDroid use internal cache for pages that should not change (like menu page)<br />\r\n- Connections parameters are saved. No need to enter them each time you use DoliDroid.<br />\r\n- Integration with your phone or other applications (Clicking on PDF open PDF reader, clicking onto email or phone launch your email application or launch Android dialer, ...)</p>\r\n\r\n<p><span style=\"color:#DAA520\"><strong>WARNING !&nbsp;</strong></span></p>\r\n\r\n<p>This application need Android 4.0+ and a hosted Dolibarr ERP &amp; CRM version 3.5 or newer accessible by internet<br />\r\n(For example, when hosted on any SaaS solution like DoliCloud -&nbsp;<a href=\"https://www.google.com/url?q=https://www.google.com/url?q%3Dhttp://www.dolicloud.com%26sa%3DD%26usg%3DAFQjCNGdd9htz4JDciiMtScpBwK83qIRkw&amp;sa=D&amp;usg=AFQjCNGMpCbxNnU5BiK59e368K5AR0l_pg\" style=\"text-decoration: none; color: rgb(51, 105, 30); cursor: pointer;\" target=\"_blank\">http://www.dolicloud.com</a>).</p>','',NULL),(9,11,'fr_FR','hfghf','','',NULL),(10,2,'fr_FR','Product P1','','',NULL),(11,4,'en_US','Apple Pie','Nice Bio Apple Pie.<br />\r\n&nbsp;','',NULL),(12,11,'en_US','Rollup Dolibarr','A nice rollup','',NULL),(13,10,'en_US','Computer XP4523','A powerfull computer XP4523&nbsp;','This product is imported.<br />\r\nWarning: Delay to get it are not reliable.',NULL),(14,12,'en_US','SaaS hosting of Dolibarr ERP CRM','Cloud hosting of Dolibarr ERP and CRM software','',NULL),(15,12,'fr_FR','Service SaaS Hébergement Dolibarr ERP CRM','Service SaaS d&#39;h&eacute;bergement de la solution Dolibarr ERP CRM','',NULL),(16,13,'en_US','Computer XP4523','A powerfull computer XP4523&nbsp;',NULL,NULL),(17,13,'fr_FR','Computer XP4523','A powerfull computer XP4523&nbsp;',NULL,NULL),(19,24,'en_US','Carrot','',NULL,NULL),(20,25,'en_US','Apple','',NULL,NULL),(21,26,'en_US','Kiwi','',NULL,NULL),(22,27,'en_US','Peach','',NULL,NULL),(23,28,'en_US','Orange','',NULL,NULL),(24,29,'en_US','Eggs','',NULL,NULL),(25,30,'en_US','Chips','',NULL,NULL),(26,31,'en_US','Product NFC - Unique','',NULL,NULL);

--
-- Table structure for table `llx_product_lot`
--

CREATE TABLE `llx_product_lot` (
  `rowid` int(11) NOT NULL AUTO_INCREMENT,
  `entity` int(11) DEFAULT 1,
  `fk_product` int(11) NOT NULL,
  `batch` varchar(128) COLLATE utf8_unicode_ci DEFAULT NULL,
  `eatby` date DEFAULT NULL,
  `sellby` date DEFAULT NULL,
  `datec` datetime DEFAULT NULL,
  `tms` timestamp NOT NULL DEFAULT current_timestamp() ON UPDATE current_timestamp(),
  `fk_user_creat` int(11) DEFAULT NULL,
  `fk_user_modif` int(11) DEFAULT NULL,
  `import_key` int(11) DEFAULT NULL,
  `eol_date` datetime DEFAULT NULL,
  `manufacturing_date` datetime DEFAULT NULL,
  `scrapping_date` datetime DEFAULT NULL,
  `barcode` varchar(180) COLLATE utf8_unicode_ci DEFAULT NULL,
  `fk_barcode_type` int(11) DEFAULT NULL,
  PRIMARY KEY (`rowid`),
  UNIQUE KEY `uk_product_lot` (`fk_product`,`batch`)
) ENGINE=InnoDB AUTO_INCREMENT=51 DEFAULT CHARSET=utf8 COLLATE=utf8_unicode_ci;

--
-- Dumping data for table `llx_product_lot`
--

INSERT INTO `llx_product_lot` VALUES (1,1,2,'123456','2018-07-07',NULL,'2018-07-21 20:55:19','2018-12-12 10:53:58',NULL,NULL,NULL,NULL,NULL,NULL,NULL,NULL),(2,1,2,'2222','2018-07-08','2018-07-07','2018-07-21 21:00:42','2018-12-12 10:53:58',NULL,NULL,NULL,NULL,NULL,NULL,NULL,NULL),(3,1,10,'5599887766452',NULL,NULL,'2018-07-30 17:39:31','2018-12-12 10:53:58',NULL,NULL,NULL,NULL,NULL,NULL,NULL,NULL),(4,1,10,'4494487766452',NULL,NULL,'2018-07-30 17:40:12','2018-12-12 10:53:58',NULL,NULL,NULL,NULL,NULL,NULL,NULL,NULL),(39,1,1,'000000',NULL,NULL,'2020-01-08 20:41:18','2020-01-08 16:41:18',NULL,NULL,NULL,NULL,NULL,NULL,NULL,NULL),(40,1,4,'aaa','2020-01-01',NULL,'2020-01-08 20:41:18','2020-01-13 11:28:05',NULL,12,NULL,NULL,NULL,NULL,NULL,NULL),(46,1,1,'string',NULL,NULL,'2020-01-18 20:16:58','2020-01-18 19:16:58',NULL,NULL,NULL,NULL,NULL,NULL,NULL,NULL),(47,1,4,'000000',NULL,NULL,'2020-01-08 16:40:27','2020-01-21 10:30:15',1,1,NULL,NULL,NULL,NULL,NULL,NULL),(50,1,4,'Lot 2021-02',NULL,NULL,'2021-04-15 08:40:18','2021-04-15 11:40:18',NULL,NULL,NULL,NULL,NULL,NULL,NULL,NULL);

--
-- Table structure for table `llx_product_lot_extrafields`
--

CREATE TABLE `llx_product_lot_extrafields` (
  `rowid` int(11) NOT NULL AUTO_INCREMENT,
  `tms` timestamp NOT NULL DEFAULT current_timestamp() ON UPDATE current_timestamp(),
  `fk_object` int(11) NOT NULL,
  `import_key` varchar(14) COLLATE utf8_unicode_ci DEFAULT NULL,
  PRIMARY KEY (`rowid`),
  KEY `idx_product_lot_extrafields` (`fk_object`)
) ENGINE=InnoDB DEFAULT CHARSET=utf8 COLLATE=utf8_unicode_ci;

--
-- Dumping data for table `llx_product_lot_extrafields`
--


--
-- Table structure for table `llx_product_perentity`
--

CREATE TABLE `llx_product_perentity` (
  `rowid` int(11) NOT NULL AUTO_INCREMENT,
  `fk_product` int(11) DEFAULT NULL,
  `entity` int(11) NOT NULL DEFAULT 1,
  `accountancy_code_sell` varchar(32) COLLATE utf8_unicode_ci DEFAULT NULL,
  `accountancy_code_sell_intra` varchar(32) COLLATE utf8_unicode_ci DEFAULT NULL,
  `accountancy_code_sell_export` varchar(32) COLLATE utf8_unicode_ci DEFAULT NULL,
  `accountancy_code_buy` varchar(32) COLLATE utf8_unicode_ci DEFAULT NULL,
  `accountancy_code_buy_intra` varchar(32) COLLATE utf8_unicode_ci DEFAULT NULL,
  `accountancy_code_buy_export` varchar(32) COLLATE utf8_unicode_ci DEFAULT NULL,
  PRIMARY KEY (`rowid`),
  UNIQUE KEY `uk_product_perentity` (`fk_product`,`entity`),
  KEY `idx_product_perentity_fk_product` (`fk_product`)
) ENGINE=InnoDB DEFAULT CHARSET=utf8 COLLATE=utf8_unicode_ci;

--
-- Dumping data for table `llx_product_perentity`
--


--
-- Table structure for table `llx_product_price`
--

CREATE TABLE `llx_product_price` (
  `rowid` int(11) NOT NULL AUTO_INCREMENT,
  `entity` int(11) NOT NULL DEFAULT 1,
  `tms` timestamp NOT NULL DEFAULT current_timestamp() ON UPDATE current_timestamp(),
  `fk_product` int(11) NOT NULL,
  `date_price` datetime DEFAULT NULL,
  `price_level` smallint(6) DEFAULT 1,
  `price` double(24,8) DEFAULT NULL,
  `price_ttc` double(24,8) DEFAULT NULL,
  `price_min` double(24,8) DEFAULT NULL,
  `price_min_ttc` double(24,8) DEFAULT NULL,
  `price_base_type` varchar(3) COLLATE utf8_unicode_ci DEFAULT 'HT',
  `tva_tx` double(6,3) NOT NULL DEFAULT 0.000,
  `default_vat_code` varchar(10) COLLATE utf8_unicode_ci DEFAULT NULL,
  `recuperableonly` int(11) NOT NULL DEFAULT 0,
  `localtax1_tx` double(6,3) DEFAULT 0.000,
  `localtax1_type` varchar(10) COLLATE utf8_unicode_ci NOT NULL DEFAULT '0',
  `localtax2_tx` double(6,3) DEFAULT 0.000,
  `localtax2_type` varchar(10) COLLATE utf8_unicode_ci NOT NULL DEFAULT '0',
  `fk_user_author` int(11) DEFAULT NULL,
  `tosell` tinyint(4) DEFAULT 1,
  `price_by_qty` int(11) NOT NULL DEFAULT 0,
  `import_key` varchar(14) COLLATE utf8_unicode_ci DEFAULT NULL,
  `fk_price_expression` int(11) DEFAULT NULL,
  `fk_multicurrency` int(11) DEFAULT NULL,
  `multicurrency_code` varchar(3) COLLATE utf8_unicode_ci DEFAULT NULL,
  `multicurrency_price` double(24,8) DEFAULT 0.00000000,
  `multicurrency_tx` double(24,8) DEFAULT 1.00000000,
  `multicurrency_price_ttc` double(24,8) DEFAULT NULL,
  PRIMARY KEY (`rowid`),
  KEY `idx_product_price_fk_user_author` (`fk_user_author`),
  KEY `idx_product_price_fk_product` (`fk_product`),
  CONSTRAINT `fk_product_price_product` FOREIGN KEY (`fk_product`) REFERENCES `llx_product` (`rowid`),
  CONSTRAINT `fk_product_price_user_author` FOREIGN KEY (`fk_user_author`) REFERENCES `llx_user` (`rowid`)
) ENGINE=InnoDB AUTO_INCREMENT=42 DEFAULT CHARSET=utf8 COLLATE=utf8_unicode_ci;

--
-- Dumping data for table `llx_product_price`
--

INSERT INTO `llx_product_price` VALUES (1,1,'2012-07-08 12:33:17',1,'2012-07-08 14:33:17',1,0.00000000,0.00000000,0.00000000,0.00000000,'HT',12.500,NULL,0,0.000,'0',0.000,'0',1,1,0,NULL,NULL,NULL,NULL,0.00000000,1.00000000,NULL),(2,1,'2012-07-08 22:30:01',2,'2012-07-09 00:30:01',1,0.00000000,0.00000000,0.00000000,0.00000000,'HT',12.500,NULL,0,0.000,'0',0.000,'0',1,1,0,NULL,NULL,NULL,NULL,0.00000000,1.00000000,NULL),(3,1,'2012-07-08 22:30:25',3,'2012-07-09 00:30:25',1,0.00000000,0.00000000,0.00000000,0.00000000,'HT',12.500,NULL,0,0.000,'0',0.000,'0',1,1,0,NULL,NULL,NULL,NULL,0.00000000,1.00000000,NULL),(4,1,'2012-07-10 12:44:06',4,'2012-07-10 14:44:06',1,0.00000000,0.00000000,0.00000000,0.00000000,'HT',12.500,NULL,0,0.000,'0',0.000,'0',1,1,0,NULL,NULL,NULL,NULL,0.00000000,1.00000000,NULL),(5,1,'2013-07-20 21:11:38',5,'2013-07-20 23:11:38',1,0.00000000,0.00000000,0.00000000,0.00000000,'HT',19.600,NULL,0,0.000,'0',0.000,'0',1,1,0,NULL,NULL,NULL,NULL,0.00000000,1.00000000,NULL),(6,1,'2013-07-27 17:02:59',5,'2013-07-27 19:02:59',1,10.00000000,11.96000000,0.00000000,0.00000000,'HT',19.600,NULL,0,0.000,'0',0.000,'0',1,1,0,NULL,NULL,NULL,NULL,0.00000000,1.00000000,NULL),(10,1,'2013-07-31 22:34:27',4,'2013-08-01 00:34:27',1,5.00000000,5.62500000,0.00000000,0.00000000,'HT',12.500,NULL,0,0.000,'0',0.000,'0',1,1,0,NULL,NULL,NULL,NULL,0.00000000,1.00000000,NULL),(12,1,'2015-01-13 19:24:59',11,'2015-01-13 20:24:59',1,0.00000000,0.00000000,0.00000000,0.00000000,'HT',0.000,NULL,0,0.000,'0',0.000,'0',1,1,0,NULL,NULL,NULL,NULL,0.00000000,1.00000000,NULL),(13,1,'2015-03-12 09:30:24',1,'2015-03-12 10:30:24',1,100.00000000,112.50000000,90.00000000,101.25000000,'HT',12.500,NULL,0,0.000,'0',0.000,'0',1,1,0,NULL,NULL,NULL,NULL,0.00000000,1.00000000,NULL),(14,1,'2018-07-30 13:31:29',12,'2018-07-30 17:31:29',1,9.00000000,9.00000000,9.00000000,9.00000000,'HT',0.000,NULL,0,0.000,'0',0.000,'0',12,1,0,NULL,NULL,NULL,NULL,0.00000000,1.00000000,NULL),(15,1,'2017-02-15 23:49:00',13,'2017-02-16 03:49:00',1,100.00000000,110.00000000,0.00000000,0.00000000,'HT',10.000,NULL,0,0.000,'0',0.000,'0',12,0,0,NULL,NULL,NULL,NULL,0.00000000,1.00000000,NULL),(16,1,'2017-08-30 15:04:04',10,'2017-08-30 19:04:04',1,100.00000000,110.00000000,0.00000000,0.00000000,'HT',10.000,NULL,0,0.000,'0',0.000,'0',12,1,0,NULL,NULL,NULL,NULL,0.00000000,1.00000000,NULL),(18,1,'2019-11-28 12:33:35',24,'2019-11-28 16:33:35',1,0.00000000,0.00000000,0.00000000,0.00000000,'HT',20.000,NULL,0,0.000,'0',0.000,'0',12,1,0,NULL,NULL,NULL,NULL,0.00000000,1.00000000,NULL),(19,1,'2019-11-28 12:34:33',24,'2019-11-28 16:34:33',1,0.83333000,1.00000000,0.00000000,0.00000000,'TTC',20.000,NULL,0,0.000,'0',0.000,'0',12,1,0,NULL,NULL,NULL,NULL,0.00000000,1.00000000,NULL),(20,1,'2019-11-28 12:37:36',25,'2019-11-28 16:37:36',1,0.00000000,0.00000000,0.00000000,0.00000000,'HT',20.000,NULL,0,0.000,'0',0.000,'0',12,1,0,NULL,NULL,NULL,NULL,0.00000000,1.00000000,NULL),(21,1,'2019-11-28 12:37:58',25,'2019-11-28 16:37:58',1,1.25000000,1.50000000,0.00000000,0.00000000,'TTC',20.000,NULL,0,0.000,'0',0.000,'0',12,1,0,NULL,NULL,NULL,NULL,0.00000000,1.00000000,NULL),(22,1,'2019-11-28 12:38:44',26,'2019-11-28 16:38:44',1,1.08333000,1.30000000,0.00000000,0.00000000,'TTC',20.000,NULL,0,0.000,'0',0.000,'0',12,1,0,NULL,NULL,NULL,NULL,0.00000000,1.00000000,NULL),(23,1,'2019-11-28 12:39:21',27,'2019-11-28 16:39:21',1,1.08333000,1.30000000,0.00000000,0.00000000,'TTC',20.000,NULL,0,0.000,'0',0.000,'0',12,1,0,NULL,NULL,NULL,NULL,0.00000000,1.00000000,NULL),(24,1,'2019-11-28 12:39:58',28,'2019-11-28 16:39:58',1,2.00000000,2.40000000,0.00000000,0.00000000,'HT',20.000,NULL,0,0.000,'0',0.000,'0',12,1,0,NULL,NULL,NULL,NULL,0.00000000,1.00000000,NULL),(25,1,'2019-11-28 13:03:14',29,'2019-11-28 17:03:14',1,1.66667000,2.00000000,0.00000000,0.00000000,'TTC',20.000,NULL,0,0.000,'0',0.000,'0',12,1,0,NULL,NULL,NULL,NULL,0.00000000,1.00000000,NULL),(26,1,'2019-11-28 13:09:14',30,'2019-11-28 17:09:14',1,0.41667000,0.50000000,0.00000000,0.00000000,'TTC',20.000,NULL,0,0.000,'0',0.000,'0',12,1,0,NULL,NULL,NULL,NULL,0.00000000,1.00000000,NULL),(28,1,'2019-11-28 15:12:50',2,'2019-11-28 19:12:50',1,10.00000000,12.00000000,8.33333000,10.00000000,'TTC',20.000,NULL,0,0.000,'0',0.000,'0',12,1,0,NULL,NULL,NULL,NULL,0.00000000,1.00000000,NULL),(29,1,'2020-01-01 19:54:16',4,'2020-01-01 23:54:16',1,5.00000000,5.00000000,0.00000000,0.00000000,'HT',0.000,'CGST+SGST',0,9.000,'1',9.000,'1',12,1,0,NULL,NULL,NULL,NULL,0.00000000,1.00000000,NULL),(30,1,'2020-01-02 19:02:35',4,'2020-01-02 23:02:35',1,5.00000000,5.00000000,2.00000000,2.00000000,'HT',0.000,'CGST+SGST',0,9.000,'1',9.000,'1',12,1,0,NULL,NULL,NULL,NULL,0.00000000,1.00000000,NULL),(31,1,'2020-01-02 19:02:35',4,'2020-01-02 23:02:35',2,6.00000000,6.00000000,3.00000000,3.00000000,'HT',0.000,'CGST+SGST',0,9.000,'1',9.000,'1',12,1,0,NULL,NULL,NULL,NULL,0.00000000,1.00000000,NULL),(32,1,'2020-01-02 19:02:35',4,'2020-01-02 23:02:35',3,7.00000000,7.00000000,4.00000000,4.00000000,'HT',0.000,'CGST+SGST',0,9.000,'1',9.000,'1',12,1,0,NULL,NULL,NULL,NULL,0.00000000,1.00000000,NULL),(33,1,'2020-01-02 19:02:35',4,'2020-01-02 23:02:35',4,8.00000000,8.00000000,5.00000000,5.00000000,'HT',0.000,'CGST+SGST',0,9.000,'1',9.000,'1',12,1,0,NULL,NULL,NULL,NULL,0.00000000,1.00000000,NULL),(34,1,'2020-01-02 19:02:35',4,'2020-01-02 23:02:35',5,9.00000000,9.00000000,6.00000000,6.00000000,'HT',0.000,'CGST+SGST',0,9.000,'1',9.000,'1',12,1,0,NULL,NULL,NULL,NULL,0.00000000,1.00000000,NULL),(35,1,'2020-01-17 13:54:18',1,'2020-01-17 14:54:18',1,11.00000000,12.37500000,9.00000000,10.12500000,'HT',12.500,NULL,0,0.000,'0',0.000,'0',12,1,0,NULL,NULL,NULL,NULL,0.00000000,1.00000000,NULL),(36,1,'2020-01-17 13:54:18',1,'2020-01-17 14:54:18',2,0.00000000,0.00000000,0.00000000,0.00000000,'HT',12.500,NULL,0,0.000,'0',0.000,'0',12,1,0,NULL,NULL,NULL,NULL,0.00000000,1.00000000,NULL),(37,1,'2020-01-17 13:54:18',1,'2020-01-17 14:54:18',3,13.00000000,14.62500000,0.00000000,0.00000000,'HT',12.500,NULL,0,0.000,'0',0.000,'0',12,1,0,NULL,NULL,NULL,NULL,0.00000000,1.00000000,NULL),(38,1,'2020-01-17 13:54:18',1,'2020-01-17 14:54:18',4,14.00000000,15.75000000,0.00000000,0.00000000,'HT',12.500,NULL,0,0.000,'0',0.000,'0',12,1,0,NULL,NULL,NULL,NULL,0.00000000,1.00000000,NULL),(39,1,'2020-01-17 13:54:18',1,'2020-01-17 14:54:18',5,15.00000000,16.87500000,0.00000000,0.00000000,'HT',12.500,NULL,0,0.000,'0',0.000,'0',12,1,0,NULL,NULL,NULL,NULL,0.00000000,1.00000000,NULL),(40,1,'2020-01-17 14:22:28',1,'2020-01-17 15:22:28',1,9.00000000,10.12500000,0.00000000,0.00000000,'HT',12.500,NULL,0,0.000,'0',0.000,'0',12,1,0,NULL,NULL,NULL,NULL,0.00000000,1.00000000,NULL),(41,1,'2021-04-15 11:38:02',31,'2021-04-15 08:38:02',1,0.00000000,0.00000000,0.00000000,0.00000000,'HT',19.600,NULL,0,0.000,'0',0.000,'0',12,1,0,NULL,NULL,NULL,NULL,0.00000000,1.00000000,NULL);

--
-- Table structure for table `llx_product_price_by_qty`
--

CREATE TABLE `llx_product_price_by_qty` (
  `rowid` int(11) NOT NULL AUTO_INCREMENT,
  `fk_product_price` int(11) NOT NULL,
  `price` double(24,8) DEFAULT 0.00000000,
  `price_ttc` double(24,8) DEFAULT 0.00000000,
  `remise_percent` double NOT NULL DEFAULT 0,
  `remise` double NOT NULL DEFAULT 0,
  `qty_min` double DEFAULT 0,
  `fk_user_creat` int(11) DEFAULT NULL,
  `fk_user_modif` int(11) DEFAULT NULL,
  `tms` timestamp NOT NULL DEFAULT current_timestamp() ON UPDATE current_timestamp(),
  `import_key` varchar(14) COLLATE utf8_unicode_ci DEFAULT NULL,
  `quantity` double DEFAULT NULL,
  `unitprice` double(24,8) DEFAULT 0.00000000,
  `price_base_type` varchar(3) COLLATE utf8_unicode_ci DEFAULT 'HT',
  `fk_multicurrency` int(11) DEFAULT NULL,
  `multicurrency_code` varchar(3) COLLATE utf8_unicode_ci DEFAULT NULL,
  `multicurrency_tx` double(24,8) DEFAULT 1.00000000,
  `multicurrency_price` double(24,8) DEFAULT NULL,
  `multicurrency_price_ttc` double(24,8) DEFAULT NULL,
  PRIMARY KEY (`rowid`),
  UNIQUE KEY `uk_product_price_by_qty_level` (`fk_product_price`,`quantity`),
  KEY `idx_product_price_by_qty_fk_product_price` (`fk_product_price`),
  CONSTRAINT `fk_product_price_by_qty_fk_product_price` FOREIGN KEY (`fk_product_price`) REFERENCES `llx_product_price` (`rowid`)
) ENGINE=InnoDB DEFAULT CHARSET=utf8 COLLATE=utf8_unicode_ci;

--
-- Dumping data for table `llx_product_price_by_qty`
--


--
-- Table structure for table `llx_product_pricerules`
--

CREATE TABLE `llx_product_pricerules` (
  `rowid` int(11) NOT NULL AUTO_INCREMENT,
  `level` int(11) NOT NULL,
  `fk_level` int(11) NOT NULL,
  `var_percent` float NOT NULL,
  `var_min_percent` float NOT NULL,
  PRIMARY KEY (`rowid`),
  UNIQUE KEY `unique_level` (`level`)
) ENGINE=InnoDB DEFAULT CHARSET=utf8 COLLATE=utf8_unicode_ci;

--
-- Dumping data for table `llx_product_pricerules`
--


--
-- Table structure for table `llx_product_stock`
--

CREATE TABLE `llx_product_stock` (
  `rowid` int(11) NOT NULL AUTO_INCREMENT,
  `tms` timestamp NOT NULL DEFAULT current_timestamp() ON UPDATE current_timestamp(),
  `fk_product` int(11) NOT NULL,
  `fk_entrepot` int(11) NOT NULL,
  `reel` double DEFAULT NULL,
  `import_key` varchar(14) COLLATE utf8_unicode_ci DEFAULT NULL,
  PRIMARY KEY (`rowid`),
  UNIQUE KEY `uk_product_stock` (`fk_product`,`fk_entrepot`),
  KEY `idx_product_stock_fk_product` (`fk_product`),
  KEY `idx_product_stock_fk_entrepot` (`fk_entrepot`)
) ENGINE=InnoDB AUTO_INCREMENT=12 DEFAULT CHARSET=utf8 COLLATE=utf8_unicode_ci;

--
-- Dumping data for table `llx_product_stock`
--

INSERT INTO `llx_product_stock` VALUES (1,'2012-07-08 22:43:51',2,2,1000,NULL),(3,'2020-01-07 16:25:02',4,2,1007,NULL),(4,'2020-01-08 16:41:18',4,1,13.2,NULL),(5,'2020-01-18 19:17:03',1,1,2.8,NULL),(6,'2015-01-19 17:22:48',11,1,-1,NULL),(7,'2015-01-19 17:31:58',2,1,-2,NULL),(8,'2018-07-30 13:40:39',10,2,75,NULL),(9,'2017-02-16 00:12:09',10,1,35,NULL),(10,'2020-01-13 11:13:19',25,1,15.599999999999994,NULL),(11,'2021-04-15 11:40:18',4,20,1,NULL);

--
-- Table structure for table `llx_product_warehouse_properties`
--

CREATE TABLE `llx_product_warehouse_properties` (
  `rowid` int(11) NOT NULL AUTO_INCREMENT,
  `tms` timestamp NOT NULL DEFAULT current_timestamp() ON UPDATE current_timestamp(),
  `fk_product` int(11) NOT NULL,
  `fk_entrepot` int(11) NOT NULL,
  `seuil_stock_alerte` float DEFAULT 0,
  `desiredstock` float DEFAULT 0,
  `import_key` varchar(14) COLLATE utf8_unicode_ci DEFAULT NULL,
  PRIMARY KEY (`rowid`)
) ENGINE=InnoDB DEFAULT CHARSET=utf8 COLLATE=utf8_unicode_ci;

--
-- Dumping data for table `llx_product_warehouse_properties`
--


--
-- Table structure for table `llx_projet`
--

CREATE TABLE `llx_projet` (
  `rowid` int(11) NOT NULL AUTO_INCREMENT,
  `fk_soc` int(11) DEFAULT NULL,
  `datec` datetime DEFAULT NULL,
  `tms` timestamp NOT NULL DEFAULT current_timestamp() ON UPDATE current_timestamp(),
  `dateo` date DEFAULT NULL,
  `datee` date DEFAULT NULL,
  `ref` varchar(50) COLLATE utf8_unicode_ci DEFAULT NULL,
  `entity` int(11) NOT NULL DEFAULT 1,
  `title` varchar(255) COLLATE utf8_unicode_ci NOT NULL,
  `description` text COLLATE utf8_unicode_ci DEFAULT NULL,
  `fk_user_creat` int(11) NOT NULL,
  `public` int(11) DEFAULT NULL,
  `fk_statut` smallint(6) NOT NULL DEFAULT 0,
  `fk_opp_status` int(11) DEFAULT NULL,
  `opp_percent` double(5,2) DEFAULT NULL,
  `note_private` text COLLATE utf8_unicode_ci DEFAULT NULL,
  `note_public` text COLLATE utf8_unicode_ci DEFAULT NULL,
  `model_pdf` varchar(255) COLLATE utf8_unicode_ci DEFAULT NULL,
  `last_main_doc` varchar(255) COLLATE utf8_unicode_ci DEFAULT NULL,
  `budget_amount` double(24,8) DEFAULT NULL,
  `date_close` datetime DEFAULT NULL,
  `fk_user_close` int(11) DEFAULT NULL,
  `opp_amount` double(24,8) DEFAULT NULL,
  `import_key` varchar(14) COLLATE utf8_unicode_ci DEFAULT NULL,
  `fk_user_modif` int(11) DEFAULT NULL,
  `usage_bill_time` int(11) DEFAULT 0,
  `usage_opportunity` int(11) DEFAULT 0,
  `usage_task` int(11) DEFAULT 1,
  `usage_organize_event` int(11) DEFAULT 0,
  `email_msgid` varchar(175) COLLATE utf8_unicode_ci DEFAULT NULL,
  `fk_opp_status_end` int(11) DEFAULT NULL,
  `accept_conference_suggestions` int(11) DEFAULT 0,
  `accept_booth_suggestions` int(11) DEFAULT 0,
  `price_registration` double(24,8) DEFAULT NULL,
  `price_booth` double(24,8) DEFAULT NULL,
  `max_attendees` int(11) DEFAULT 0,
  PRIMARY KEY (`rowid`),
  UNIQUE KEY `uk_projet_ref` (`ref`,`entity`),
  KEY `idx_projet_fk_soc` (`fk_soc`),
  CONSTRAINT `fk_projet_fk_soc` FOREIGN KEY (`fk_soc`) REFERENCES `llx_societe` (`rowid`)
) ENGINE=InnoDB AUTO_INCREMENT=14 DEFAULT CHARSET=utf8 COLLATE=utf8_unicode_ci;

--
-- Dumping data for table `llx_projet`
--

INSERT INTO `llx_projet` VALUES (1,11,'2012-07-09 00:00:00','2017-10-05 20:51:28','2012-07-09',NULL,'PROJ1',1,'Project One','',1,0,1,NULL,NULL,NULL,'gdfgdfg','baleine',NULL,NULL,NULL,NULL,NULL,NULL,NULL,0,0,1,0,NULL,NULL,0,0,NULL,NULL,0),(2,13,'2012-07-09 00:00:00','2017-10-05 20:51:51','2012-07-09',NULL,'PROJ2',1,'Project Two','',1,0,0,NULL,NULL,NULL,NULL,NULL,NULL,NULL,NULL,NULL,NULL,NULL,NULL,0,0,1,0,NULL,NULL,0,0,NULL,NULL,0),(3,1,'2012-07-09 00:00:00','2020-01-15 12:40:50','2012-07-09',NULL,'PROJINDIAN',1,'Project for Indian company move','',1,0,1,NULL,NULL,NULL,NULL,NULL,NULL,NULL,NULL,NULL,NULL,NULL,12,1,0,1,0,NULL,NULL,0,0,NULL,NULL,0),(4,NULL,'2012-07-09 00:00:00','2012-07-08 22:50:49','2012-07-09',NULL,'PROJSHARED',1,'The Global project','',1,1,1,NULL,NULL,NULL,NULL,NULL,NULL,NULL,NULL,NULL,NULL,NULL,NULL,0,0,1,0,NULL,NULL,0,0,NULL,NULL,0),(5,NULL,'2012-07-11 00:00:00','2020-01-15 12:27:15','2012-07-11','2013-07-14','RMLL',1,'Project management RMLL','',1,1,1,NULL,NULL,NULL,NULL,NULL,NULL,NULL,NULL,NULL,NULL,NULL,12,1,0,1,0,NULL,NULL,0,0,NULL,NULL,0),(6,10,'2018-07-30 00:00:00','2019-11-28 11:52:54','2018-07-30',NULL,'PJ1607-0001',1,'PROJALICE1','The Alice project number 1',12,0,1,2,20.00,NULL,NULL,NULL,NULL,5000.00000000,NULL,NULL,8000.00000000,NULL,12,1,1,1,0,NULL,NULL,0,0,NULL,NULL,0),(7,10,'2018-07-30 00:00:00','2019-11-28 11:52:54','2018-07-30',NULL,'PJ1607-0002',1,'PROJALICE2','The Alice project number 2',12,0,1,6,100.00,NULL,NULL,NULL,NULL,NULL,'2017-02-01 16:24:31',12,7000.00000000,NULL,NULL,0,1,1,0,NULL,NULL,0,0,NULL,NULL,0),(8,10,'2018-07-30 00:00:00','2019-11-28 11:52:54','2018-07-30',NULL,'PJ1607-0003',1,'PROJALICE2','The Alice project number 3',12,0,1,6,100.00,NULL,NULL,NULL,NULL,NULL,NULL,NULL,3550.00000000,NULL,NULL,0,1,1,0,NULL,NULL,0,0,NULL,NULL,0),(9,4,'2018-07-31 00:00:00','2019-12-20 16:33:15','2018-07-31',NULL,'PJ1607-0004',1,'Project Top X','',12,0,2,2,27.00,NULL,NULL,NULL,NULL,NULL,'2019-12-20 20:33:15',12,4000.00000000,NULL,NULL,0,1,1,0,NULL,NULL,0,0,NULL,NULL,0),(10,1,'2019-12-21 19:46:33','2019-12-21 15:48:06','2019-12-21',NULL,'PJ1912-0005',1,'Contact for a new shop in Delhi','',12,0,1,1,20.00,NULL,NULL,NULL,NULL,NULL,NULL,NULL,18000.00000000,NULL,12,0,1,1,0,NULL,NULL,0,0,NULL,NULL,0),(11,10,'2019-12-21 19:49:28','2019-12-21 16:10:21','2019-12-02','2019-12-13','PJ1912-0006',1,'Request for new development of logo','Request to redesign a new logo',12,0,1,4,60.00,NULL,NULL,NULL,NULL,NULL,NULL,NULL,6500.00000000,NULL,12,1,1,1,0,NULL,NULL,0,0,NULL,NULL,0),(12,4,'2019-12-21 19:52:12','2019-12-21 15:52:12','2019-12-21',NULL,'PJ1912-0007',1,'Adding new tool for Customer Relationship Management','',12,1,0,1,0.00,NULL,NULL,NULL,NULL,NULL,NULL,NULL,16000.00000000,NULL,NULL,1,1,1,0,NULL,NULL,0,0,NULL,NULL,0),(13,26,'2019-12-21 19:53:21','2019-12-21 15:53:59','2019-12-21',NULL,'PJ1912-0008',1,'Cooking 100 apple pie for chrsitmas','',12,0,1,NULL,NULL,NULL,NULL,NULL,NULL,NULL,NULL,NULL,NULL,NULL,12,1,0,1,0,NULL,NULL,0,0,NULL,NULL,0);

--
-- Table structure for table `llx_projet_extrafields`
--

CREATE TABLE `llx_projet_extrafields` (
  `rowid` int(11) NOT NULL AUTO_INCREMENT,
  `tms` timestamp NOT NULL DEFAULT current_timestamp() ON UPDATE current_timestamp(),
  `fk_object` int(11) NOT NULL,
  `import_key` varchar(14) COLLATE utf8_unicode_ci DEFAULT NULL,
  `priority` mediumtext COLLATE utf8_unicode_ci DEFAULT NULL,
  PRIMARY KEY (`rowid`),
  KEY `idx_projet_extrafields` (`fk_object`)
) ENGINE=InnoDB AUTO_INCREMENT=31 DEFAULT CHARSET=utf8 COLLATE=utf8_unicode_ci;

--
-- Dumping data for table `llx_projet_extrafields`
--

INSERT INTO `llx_projet_extrafields` VALUES (7,'2018-07-30 15:53:23',8,NULL,'5'),(9,'2018-07-31 14:27:24',9,NULL,'0'),(15,'2017-02-01 12:24:31',7,NULL,'1'),(17,'2019-10-01 11:48:36',6,NULL,'3'),(22,'2019-12-21 15:48:06',10,NULL,'0'),(24,'2019-12-21 15:52:12',12,NULL,'4'),(26,'2019-12-21 15:53:42',13,NULL,'0'),(28,'2019-12-21 16:10:21',11,NULL,'0'),(29,'2020-01-15 12:27:15',5,NULL,'0'),(30,'2020-01-15 12:40:50',3,NULL,'0');

--
-- Table structure for table `llx_projet_task`
--

CREATE TABLE `llx_projet_task` (
  `rowid` int(11) NOT NULL AUTO_INCREMENT,
  `ref` varchar(50) COLLATE utf8_unicode_ci DEFAULT NULL,
  `entity` int(11) NOT NULL DEFAULT 1,
  `fk_projet` int(11) NOT NULL,
  `fk_task_parent` int(11) NOT NULL DEFAULT 0,
  `datec` datetime DEFAULT NULL,
  `tms` timestamp NOT NULL DEFAULT current_timestamp() ON UPDATE current_timestamp(),
  `dateo` datetime DEFAULT NULL,
  `datee` datetime DEFAULT NULL,
  `datev` datetime DEFAULT NULL,
  `label` varchar(255) COLLATE utf8_unicode_ci NOT NULL,
  `description` text COLLATE utf8_unicode_ci DEFAULT NULL,
  `duration_effective` double DEFAULT 0,
  `planned_workload` double DEFAULT 0,
  `progress` int(11) DEFAULT 0,
  `priority` int(11) DEFAULT 0,
  `budget_amount` double(24,8) DEFAULT NULL,
  `fk_user_creat` int(11) DEFAULT NULL,
  `fk_user_valid` int(11) DEFAULT NULL,
  `fk_statut` smallint(6) NOT NULL DEFAULT 0,
  `note_private` text COLLATE utf8_unicode_ci DEFAULT NULL,
  `note_public` text COLLATE utf8_unicode_ci DEFAULT NULL,
  `rang` int(11) DEFAULT 0,
  `model_pdf` varchar(255) COLLATE utf8_unicode_ci DEFAULT NULL,
  `import_key` varchar(14) COLLATE utf8_unicode_ci DEFAULT NULL,
  PRIMARY KEY (`rowid`),
  UNIQUE KEY `uk_projet_task_ref` (`ref`,`entity`),
  KEY `idx_projet_task_fk_projet` (`fk_projet`),
  KEY `idx_projet_task_fk_user_creat` (`fk_user_creat`),
  KEY `idx_projet_task_fk_user_valid` (`fk_user_valid`),
  CONSTRAINT `fk_projet_task_fk_projet` FOREIGN KEY (`fk_projet`) REFERENCES `llx_projet` (`rowid`),
  CONSTRAINT `fk_projet_task_fk_user_creat` FOREIGN KEY (`fk_user_creat`) REFERENCES `llx_user` (`rowid`),
  CONSTRAINT `fk_projet_task_fk_user_valid` FOREIGN KEY (`fk_user_valid`) REFERENCES `llx_user` (`rowid`)
) ENGINE=InnoDB AUTO_INCREMENT=11 DEFAULT CHARSET=utf8 COLLATE=utf8_unicode_ci;

--
-- Dumping data for table `llx_projet_task`
--

INSERT INTO `llx_projet_task` VALUES (2,'2',1,5,0,'2012-07-11 16:23:53','2015-09-08 23:06:14','2012-07-11 12:00:00','2013-07-14 12:00:00',NULL,'Heberger site RMLL','',0,0,0,0,NULL,1,NULL,0,NULL,NULL,0,NULL,NULL),(3,'TK1007-0001',1,1,0,'2016-12-21 13:52:41','2018-07-30 11:35:40','2016-12-21 16:52:00',NULL,NULL,'Analyze','',9000,36000,0,0,NULL,1,NULL,0,NULL,'gdfgdfgdf',0,NULL,NULL),(4,'TK1007-0002',1,1,0,'2016-12-21 13:55:39','2020-06-12 17:13:30','2016-12-21 16:55:00',NULL,NULL,'Specification','',10800,18000,25,0,NULL,1,NULL,0,NULL,NULL,0,NULL,NULL),(5,'TK1007-0003',1,1,0,'2016-12-21 14:16:58','2018-07-30 11:35:59','2016-12-21 17:16:00',NULL,NULL,'Development','',0,0,0,0,NULL,1,NULL,0,NULL,NULL,0,NULL,NULL),(6,'TK1607-0004',1,6,0,'2018-07-30 15:33:27','2018-07-30 11:34:47','2018-07-30 02:00:00',NULL,NULL,'Project preparation phase A','',75600,720000,10,0,NULL,12,NULL,0,NULL,NULL,0,NULL,NULL),(7,'TK1607-0005',1,6,0,'2018-07-30 15:33:39','2017-01-30 11:23:39','2018-07-30 02:00:00',NULL,NULL,'Project preparation phase B','',40260,1080000,5,0,NULL,12,NULL,0,NULL,NULL,0,NULL,NULL),(8,'TK1607-0006',1,6,0,'2018-07-30 15:33:53','2018-07-30 11:33:53','2018-07-30 02:00:00',NULL,NULL,'Project execution phase A','',0,162000,0,0,NULL,12,NULL,0,NULL,NULL,0,NULL,NULL),(9,'TK1607-0007',1,6,0,'2018-07-30 15:34:09','2018-07-30 11:34:09','2018-10-27 02:00:00',NULL,NULL,'Project execution phase B','',0,2160000,0,0,NULL,12,NULL,0,NULL,NULL,0,NULL,NULL),(10,'TK1007-0008',1,1,0,'2018-07-30 15:36:31','2018-07-30 11:36:31','2018-07-30 02:00:00',NULL,NULL,'Tests','',0,316800,0,0,NULL,12,NULL,0,NULL,NULL,0,NULL,NULL);

--
-- Table structure for table `llx_projet_task_extrafields`
--

CREATE TABLE `llx_projet_task_extrafields` (
  `rowid` int(11) NOT NULL AUTO_INCREMENT,
  `tms` timestamp NOT NULL DEFAULT current_timestamp() ON UPDATE current_timestamp(),
  `fk_object` int(11) NOT NULL,
  `import_key` varchar(14) COLLATE utf8_unicode_ci DEFAULT NULL,
  PRIMARY KEY (`rowid`),
  KEY `idx_projet_task_extrafields` (`fk_object`)
) ENGINE=InnoDB DEFAULT CHARSET=utf8 COLLATE=utf8_unicode_ci;

--
-- Dumping data for table `llx_projet_task_extrafields`
--


--
-- Table structure for table `llx_projet_task_time`
--

CREATE TABLE `llx_projet_task_time` (
  `rowid` int(11) NOT NULL AUTO_INCREMENT,
  `fk_task` int(11) NOT NULL,
  `task_date` date DEFAULT NULL,
  `task_datehour` datetime DEFAULT NULL,
  `task_date_withhour` int(11) DEFAULT 0,
  `task_duration` double DEFAULT NULL,
  `fk_user` int(11) DEFAULT NULL,
  `thm` double(24,8) DEFAULT NULL,
  `note` text COLLATE utf8_unicode_ci DEFAULT NULL,
  `invoice_id` int(11) DEFAULT NULL,
  `invoice_line_id` int(11) DEFAULT NULL,
  `import_key` varchar(14) COLLATE utf8_unicode_ci DEFAULT NULL,
  `datec` datetime DEFAULT NULL,
  `tms` timestamp NOT NULL DEFAULT current_timestamp() ON UPDATE current_timestamp(),
  PRIMARY KEY (`rowid`),
  KEY `idx_projet_task_time_task` (`fk_task`),
  KEY `idx_projet_task_time_date` (`task_date`),
  KEY `idx_projet_task_time_datehour` (`task_datehour`)
) ENGINE=InnoDB AUTO_INCREMENT=17 DEFAULT CHARSET=utf8 COLLATE=utf8_unicode_ci;

--
-- Dumping data for table `llx_projet_task_time`
--

INSERT INTO `llx_projet_task_time` VALUES (2,4,'2016-12-21','2016-12-21 12:00:00',0,3600,1,NULL,'',NULL,NULL,NULL,NULL,'2020-12-10 12:24:40'),(3,4,'2016-12-18','2016-12-18 12:00:00',0,3600,1,NULL,NULL,NULL,NULL,NULL,NULL,'2020-12-10 12:24:40'),(4,3,'2016-12-21','2016-12-21 12:00:00',0,3600,1,NULL,NULL,NULL,NULL,NULL,NULL,'2020-12-10 12:24:40'),(5,3,'2016-12-21','2016-12-21 12:00:00',0,1800,1,NULL,NULL,NULL,NULL,NULL,NULL,'2020-12-10 12:24:40'),(6,3,'2016-12-21','2016-12-21 12:00:00',0,3600,1,NULL,NULL,NULL,NULL,NULL,NULL,'2020-12-10 12:24:40'),(7,6,'2018-07-25','2018-07-25 00:00:00',0,18000,12,NULL,NULL,NULL,NULL,NULL,NULL,'2020-12-10 12:24:40'),(8,6,'2018-07-26','2018-07-26 00:00:00',0,14400,12,NULL,NULL,NULL,NULL,NULL,NULL,'2018-03-16 10:00:54'),(9,6,'2018-07-27','2018-07-27 00:00:00',0,14400,12,NULL,NULL,NULL,NULL,NULL,NULL,'2018-03-16 10:00:54'),(10,6,'2018-07-29','2018-07-29 00:00:00',0,14400,12,NULL,NULL,NULL,NULL,NULL,NULL,'2018-03-16 10:00:54'),(11,6,'2018-07-31','2018-07-31 00:00:00',0,14400,12,NULL,NULL,NULL,NULL,NULL,NULL,'2018-03-16 10:00:54'),(12,7,'2018-07-25','2018-07-25 00:00:00',0,10800,12,NULL,NULL,NULL,NULL,NULL,NULL,'2020-12-10 12:24:40'),(13,7,'2018-07-26','2018-07-26 00:00:00',0,14400,12,NULL,NULL,NULL,NULL,NULL,NULL,'2018-03-16 10:00:54'),(14,7,'2018-07-27','2018-07-27 00:00:00',0,14400,12,NULL,NULL,NULL,NULL,NULL,NULL,'2018-03-16 10:00:54'),(15,7,'2017-01-30','2017-01-30 10:00:00',1,660,12,NULL,'',NULL,NULL,NULL,NULL,'2020-12-10 12:24:40'),(16,4,'2020-06-13','2020-06-13 00:00:00',0,3600,12,NULL,'',NULL,NULL,NULL,NULL,'2020-06-12 17:13:30');

--
-- Table structure for table `llx_propal`
--

CREATE TABLE `llx_propal` (
  `rowid` int(11) NOT NULL AUTO_INCREMENT,
  `fk_soc` int(11) DEFAULT NULL,
  `fk_projet` int(11) DEFAULT NULL,
  `tms` timestamp NOT NULL DEFAULT current_timestamp() ON UPDATE current_timestamp(),
  `ref` varchar(30) COLLATE utf8_unicode_ci NOT NULL,
  `entity` int(11) NOT NULL DEFAULT 1,
  `ref_ext` varchar(255) COLLATE utf8_unicode_ci DEFAULT NULL,
  `ref_int` varchar(255) COLLATE utf8_unicode_ci DEFAULT NULL,
  `ref_client` varchar(255) COLLATE utf8_unicode_ci DEFAULT NULL,
  `datec` datetime DEFAULT NULL,
  `datep` date DEFAULT NULL,
  `fin_validite` datetime DEFAULT NULL,
  `date_valid` datetime DEFAULT NULL,
  `date_signature` datetime DEFAULT NULL,
  `date_cloture` datetime DEFAULT NULL,
  `fk_user_author` int(11) DEFAULT NULL,
  `fk_user_modif` int(11) DEFAULT NULL,
  `fk_user_valid` int(11) DEFAULT NULL,
  `fk_user_signature` int(11) DEFAULT NULL,
  `fk_user_cloture` int(11) DEFAULT NULL,
  `fk_statut` smallint(6) NOT NULL DEFAULT 0,
  `price` double DEFAULT 0,
  `remise_percent` double DEFAULT 0,
  `remise_absolue` double DEFAULT 0,
  `remise` double DEFAULT 0,
  `total_ht` double(24,8) DEFAULT 0.00000000,
  `total_tva` double(24,8) DEFAULT 0.00000000,
  `localtax1` double(24,8) DEFAULT 0.00000000,
  `localtax2` double(24,8) DEFAULT 0.00000000,
  `total_ttc` double(24,8) DEFAULT 0.00000000,
  `fk_account` int(11) DEFAULT NULL,
  `fk_currency` varchar(3) COLLATE utf8_unicode_ci DEFAULT NULL,
  `fk_cond_reglement` int(11) DEFAULT NULL,
  `fk_mode_reglement` int(11) DEFAULT NULL,
  `note_private` text COLLATE utf8_unicode_ci DEFAULT NULL,
  `note_public` text COLLATE utf8_unicode_ci DEFAULT NULL,
  `model_pdf` varchar(255) COLLATE utf8_unicode_ci DEFAULT NULL,
  `date_livraison` date DEFAULT NULL,
  `fk_shipping_method` int(11) DEFAULT NULL,
  `fk_warehouse` int(11) DEFAULT NULL,
  `fk_availability` int(11) DEFAULT NULL,
  `fk_delivery_address` int(11) DEFAULT NULL,
  `fk_input_reason` int(11) DEFAULT NULL,
  `import_key` varchar(14) COLLATE utf8_unicode_ci DEFAULT NULL,
  `extraparams` varchar(255) COLLATE utf8_unicode_ci DEFAULT NULL,
  `fk_incoterms` int(11) DEFAULT NULL,
  `location_incoterms` varchar(255) COLLATE utf8_unicode_ci DEFAULT NULL,
  `fk_multicurrency` int(11) DEFAULT NULL,
  `multicurrency_code` varchar(3) COLLATE utf8_unicode_ci DEFAULT NULL,
  `multicurrency_tx` double(24,8) DEFAULT 1.00000000,
  `multicurrency_total_ht` double(24,8) DEFAULT 0.00000000,
  `multicurrency_total_tva` double(24,8) DEFAULT 0.00000000,
  `multicurrency_total_ttc` double(24,8) DEFAULT 0.00000000,
  `last_main_doc` varchar(255) COLLATE utf8_unicode_ci DEFAULT NULL,
  `online_sign_ip` varchar(48) COLLATE utf8_unicode_ci DEFAULT NULL,
  `online_sign_name` varchar(64) COLLATE utf8_unicode_ci DEFAULT NULL,
  PRIMARY KEY (`rowid`),
  UNIQUE KEY `uk_propal_ref` (`ref`,`entity`),
  KEY `idx_propal_fk_soc` (`fk_soc`),
  KEY `idx_propal_fk_user_author` (`fk_user_author`),
  KEY `idx_propal_fk_user_valid` (`fk_user_valid`),
  KEY `idx_propal_fk_user_cloture` (`fk_user_cloture`),
  KEY `idx_propal_fk_projet` (`fk_projet`),
  KEY `idx_propal_fk_account` (`fk_account`),
  KEY `idx_propal_fk_currency` (`fk_currency`),
  KEY `idx_propal_fk_warehouse` (`fk_warehouse`),
  KEY `fk_propal_fk_user_signature` (`fk_user_signature`),
  CONSTRAINT `fk_propal_fk_projet` FOREIGN KEY (`fk_projet`) REFERENCES `llx_projet` (`rowid`),
  CONSTRAINT `fk_propal_fk_soc` FOREIGN KEY (`fk_soc`) REFERENCES `llx_societe` (`rowid`),
  CONSTRAINT `fk_propal_fk_user_author` FOREIGN KEY (`fk_user_author`) REFERENCES `llx_user` (`rowid`),
  CONSTRAINT `fk_propal_fk_user_cloture` FOREIGN KEY (`fk_user_cloture`) REFERENCES `llx_user` (`rowid`),
  CONSTRAINT `fk_propal_fk_user_signature` FOREIGN KEY (`fk_user_signature`) REFERENCES `llx_user` (`rowid`),
  CONSTRAINT `fk_propal_fk_user_valid` FOREIGN KEY (`fk_user_valid`) REFERENCES `llx_user` (`rowid`)
) ENGINE=InnoDB AUTO_INCREMENT=39 DEFAULT CHARSET=utf8 COLLATE=utf8_unicode_ci;

--
-- Dumping data for table `llx_propal`
--

INSERT INTO `llx_propal` VALUES (1,2,NULL,'2021-07-11 17:49:28','PR1007-0001',1,NULL,NULL,'','2012-07-09 01:33:49','2021-07-09','2020-07-24 12:00:00','2020-08-08 14:24:18',NULL,NULL,1,NULL,1,NULL,NULL,1,0,NULL,NULL,0,30.00000000,3.84000000,0.00000000,0.00000000,33.84000000,NULL,NULL,1,0,'','','azur',NULL,NULL,NULL,NULL,NULL,0,NULL,NULL,NULL,NULL,NULL,NULL,1.00000000,0.00000000,0.00000000,0.00000000,NULL,NULL,NULL),(2,1,NULL,'2021-07-11 17:49:28','PR1007-0002',1,NULL,NULL,'','2012-07-10 02:11:44','2021-07-10','2020-07-25 12:00:00','2021-07-10 02:12:55','2020-07-20 15:23:12','2020-07-20 15:23:12',1,NULL,1,1,1,2,0,NULL,NULL,0,10.00000000,0.00000000,0.00000000,0.00000000,10.00000000,NULL,NULL,1,1,'','','azur',NULL,NULL,NULL,NULL,NULL,0,NULL,NULL,NULL,NULL,NULL,NULL,1.00000000,0.00000000,0.00000000,0.00000000,NULL,NULL,NULL),(3,4,NULL,'2022-02-07 13:37:54','PR1007-0003',1,NULL,NULL,'','2012-07-18 11:35:11','2021-07-18','2021-08-02 12:00:00','2021-07-18 11:36:18','2020-07-20 15:21:15','2021-07-20 15:21:15',1,NULL,1,1,1,2,0,NULL,NULL,0,10.00000000,0.00000000,0.00000000,0.00000000,10.00000000,NULL,NULL,1,0,'','','azur',NULL,NULL,NULL,NULL,NULL,0,NULL,NULL,NULL,NULL,NULL,NULL,1.00000000,0.00000000,0.00000000,0.00000000,NULL,NULL,NULL),(5,19,NULL,'2021-04-15 10:22:31','PR1302-0005',1,NULL,NULL,'','2015-02-17 15:39:56','2021-02-17','2021-03-04 12:00:00','2020-11-15 23:27:10',NULL,NULL,1,NULL,12,NULL,NULL,1,0,NULL,NULL,0,10.00000000,2.00000000,0.00000000,0.00000000,12.00000000,NULL,NULL,1,0,'','','azur',NULL,NULL,NULL,0,NULL,0,NULL,NULL,NULL,NULL,NULL,NULL,1.00000000,0.00000000,0.00000000,0.00000000,NULL,NULL,NULL),(6,19,NULL,'2021-04-15 10:22:31','PR1302-0006',1,NULL,NULL,'','2015-02-17 15:40:12','2021-02-17','2021-03-04 12:00:00',NULL,NULL,NULL,1,NULL,NULL,NULL,NULL,0,0,NULL,NULL,0,0.00000000,0.00000000,0.00000000,0.00000000,0.00000000,NULL,NULL,1,0,'','','azur',NULL,NULL,NULL,0,NULL,0,NULL,NULL,NULL,NULL,NULL,NULL,1.00000000,0.00000000,0.00000000,0.00000000,NULL,NULL,NULL),(7,19,NULL,'2021-04-15 10:22:31','PR1302-0007',1,NULL,NULL,'','2015-02-17 15:41:15','2021-02-17','2021-03-04 12:00:00','2020-01-29 21:49:33',NULL,NULL,1,NULL,12,NULL,NULL,1,0,NULL,NULL,0,400.00000000,0.00000000,0.00000000,0.00000000,400.00000000,NULL,NULL,1,0,'','','azur',NULL,NULL,NULL,0,NULL,0,NULL,NULL,NULL,NULL,NULL,NULL,1.00000000,400.00000000,0.00000000,400.00000000,NULL,NULL,NULL),(8,19,NULL,'2021-04-15 10:22:31','PR1302-0008',1,NULL,NULL,'','2015-02-17 15:43:39','2021-02-17','2021-03-04 12:00:00',NULL,NULL,NULL,1,NULL,NULL,NULL,NULL,0,0,NULL,NULL,0,0.00000000,0.00000000,0.00000000,0.00000000,0.00000000,NULL,NULL,1,0,'','','azur',NULL,NULL,NULL,0,NULL,0,NULL,NULL,NULL,NULL,NULL,NULL,1.00000000,0.00000000,0.00000000,0.00000000,NULL,NULL,NULL),(10,7,4,'2022-02-07 13:37:54','PR1909-0031',1,NULL,NULL,'','2017-11-15 23:37:08','2021-11-15','2021-11-30 12:00:00','2022-09-27 16:54:30',NULL,NULL,12,NULL,12,NULL,NULL,1,0,NULL,NULL,0,10.00000000,0.00000000,0.00000000,0.00000000,10.00000000,NULL,NULL,1,3,'','','azur',NULL,NULL,NULL,0,NULL,0,NULL,NULL,0,'',NULL,NULL,1.00000000,10.00000000,0.00000000,10.00000000,'propale/PR1909-0031/PR1909-0031.pdf',NULL,NULL),(11,1,NULL,'2021-07-11 17:49:28','PR1702-0009',1,NULL,NULL,'','2017-02-16 01:44:58','2021-05-13','2021-05-28 12:00:00','2021-02-16 01:44:58',NULL,NULL,1,NULL,1,NULL,NULL,1,0,NULL,NULL,0,60.00000000,0.00000000,0.00000000,0.00000000,60.00000000,NULL,NULL,3,3,'','','',NULL,NULL,NULL,0,NULL,0,NULL,NULL,0,'',0,'EUR',1.00000000,60.00000000,0.00000000,60.00000000,NULL,NULL,NULL),(12,7,NULL,'2021-07-11 17:49:28','PR1702-0010',1,NULL,NULL,'','2017-02-16 01:45:44','2021-06-24','2021-07-09 12:00:00','2021-02-16 01:45:44',NULL,NULL,2,NULL,2,NULL,NULL,1,0,NULL,NULL,0,832.00000000,0.00000000,0.00000000,0.00000000,832.00000000,NULL,NULL,3,3,'','','',NULL,NULL,NULL,0,NULL,0,NULL,NULL,0,'',0,'EUR',1.00000000,832.00000000,0.00000000,832.00000000,NULL,NULL,NULL),(13,26,NULL,'2021-04-15 10:22:31','PR1702-0011',1,NULL,NULL,'','2017-02-16 01:46:15','2021-04-03','2020-04-18 12:00:00','2021-02-16 01:46:15',NULL,NULL,1,NULL,1,NULL,NULL,1,0,NULL,NULL,0,242.00000000,0.00000000,0.00000000,0.00000000,242.00000000,NULL,NULL,3,3,'','','',NULL,NULL,NULL,0,NULL,0,NULL,NULL,0,'',0,'EUR',1.00000000,242.00000000,0.00000000,242.00000000,NULL,NULL,NULL),(14,3,NULL,'2021-07-11 17:49:28','PR1702-0012',1,NULL,NULL,'','2017-02-16 01:46:15','2021-06-19','2021-07-04 12:00:00','2021-02-16 01:46:15',NULL,NULL,2,NULL,2,NULL,NULL,1,0,NULL,NULL,0,245.00000000,0.00000000,0.00000000,0.00000000,245.00000000,NULL,NULL,3,3,'','','',NULL,NULL,NULL,0,NULL,0,NULL,NULL,0,'',0,'EUR',1.00000000,245.00000000,0.00000000,245.00000000,NULL,NULL,NULL),(15,26,NULL,'2021-07-11 17:49:28','PR1702-0013',1,NULL,NULL,'','2017-02-16 01:46:15','2021-05-01','2021-05-16 12:00:00','2020-02-16 01:46:15',NULL,NULL,2,NULL,2,NULL,NULL,1,0,NULL,NULL,0,940.00000000,0.00000000,0.00000000,0.00000000,940.00000000,NULL,NULL,3,3,'','','',NULL,NULL,NULL,0,NULL,0,NULL,NULL,0,'',0,'EUR',1.00000000,940.00000000,0.00000000,940.00000000,NULL,NULL,NULL),(16,1,NULL,'2021-07-11 17:49:28','PR1702-0014',1,NULL,NULL,'','2017-02-16 01:46:15','2021-05-13','2021-05-28 12:00:00','2021-02-16 01:46:15',NULL,NULL,2,NULL,2,NULL,NULL,1,0,NULL,NULL,0,125.00000000,0.00000000,0.00000000,0.00000000,125.00000000,NULL,NULL,3,3,'','','',NULL,NULL,NULL,0,NULL,0,NULL,NULL,0,'',0,'EUR',1.00000000,125.00000000,0.00000000,125.00000000,NULL,NULL,NULL),(17,1,NULL,'2022-02-07 13:37:54','PR1702-0015',1,NULL,NULL,'','2017-02-16 01:46:15','2021-07-23','2021-08-07 12:00:00','2021-02-16 01:46:15',NULL,NULL,1,NULL,1,NULL,NULL,1,0,NULL,NULL,0,163.00000000,0.00000000,0.00000000,0.00000000,163.00000000,NULL,NULL,3,3,'','','',NULL,NULL,NULL,0,NULL,0,NULL,NULL,0,'',0,'EUR',1.00000000,163.00000000,0.00000000,163.00000000,NULL,NULL,NULL),(18,26,NULL,'2021-04-15 10:22:31','PR1702-0016',1,NULL,NULL,'','2017-02-16 01:46:15','2021-02-13','2021-02-28 12:00:00','2021-02-16 01:46:15',NULL,NULL,2,NULL,2,NULL,NULL,1,0,NULL,NULL,0,900.00000000,0.00000000,0.00000000,0.00000000,900.00000000,NULL,NULL,3,3,'','','',NULL,NULL,NULL,0,NULL,0,NULL,NULL,0,'',0,'EUR',1.00000000,900.00000000,0.00000000,900.00000000,NULL,NULL,NULL),(19,12,NULL,'2021-04-15 10:22:31','PR1702-0017',1,NULL,NULL,'','2017-02-16 01:46:15','2021-03-30','2021-04-14 12:00:00','2021-02-16 01:46:15',NULL,NULL,2,NULL,2,NULL,NULL,1,0,NULL,NULL,0,200.00000000,0.00000000,0.00000000,0.00000000,200.00000000,NULL,NULL,3,3,'','','',NULL,NULL,NULL,0,NULL,0,NULL,NULL,0,'',0,'EUR',1.00000000,200.00000000,0.00000000,200.00000000,NULL,NULL,NULL),(20,26,NULL,'2022-02-07 13:37:54','PR1702-0018',1,NULL,NULL,'','2017-02-16 01:46:15','2021-11-13','2021-11-28 12:00:00','2021-02-16 01:46:15',NULL,NULL,1,NULL,1,NULL,NULL,1,0,NULL,NULL,0,830.00000000,0.00000000,0.00000000,0.00000000,830.00000000,NULL,NULL,3,3,'','','',NULL,NULL,NULL,0,NULL,0,NULL,NULL,0,'',0,'EUR',1.00000000,830.00000000,0.00000000,830.00000000,NULL,NULL,NULL),(21,1,NULL,'2022-02-07 13:37:54','PR1702-0019',1,NULL,NULL,'','2017-02-16 01:46:15','2021-09-23','2021-10-08 12:00:00','2021-02-16 04:47:09',NULL,NULL,1,NULL,12,NULL,NULL,1,0,NULL,NULL,0,89.00000000,0.00000000,0.00000000,0.00000000,89.00000000,NULL,NULL,3,3,'','','',NULL,NULL,NULL,0,NULL,0,NULL,NULL,0,'',0,'EUR',1.00000000,89.00000000,0.00000000,89.00000000,NULL,NULL,NULL),(22,26,NULL,'2022-02-07 13:37:54','PR1702-0020',1,NULL,NULL,'','2017-02-16 01:46:15','2021-11-13','2021-11-28 12:00:00','2021-02-16 01:46:15',NULL,NULL,1,NULL,1,NULL,NULL,0,0,NULL,NULL,0,70.00000000,0.00000000,0.00000000,0.00000000,70.00000000,NULL,NULL,3,3,'','','',NULL,NULL,NULL,0,NULL,0,NULL,NULL,0,'',0,'EUR',1.00000000,70.00000000,0.00000000,70.00000000,'propale/PR1702-0020/PR1702-0020.pdf',NULL,NULL),(23,12,NULL,'2021-04-15 10:22:31','PR1702-0021',1,NULL,NULL,'','2017-02-16 01:46:17','2021-04-03','2020-04-18 12:00:00','2020-02-17 16:07:18',NULL,NULL,2,NULL,12,NULL,NULL,1,0,NULL,NULL,0,715.00000000,0.00000000,0.00000000,0.00000000,715.00000000,NULL,NULL,3,3,'','','',NULL,NULL,NULL,0,NULL,0,NULL,NULL,0,'',0,'EUR',1.00000000,715.00000000,0.00000000,715.00000000,NULL,NULL,NULL),(24,7,NULL,'2022-02-07 13:37:54','PR1702-0022',1,NULL,NULL,'','2017-02-16 01:46:17','2021-11-13','2021-11-28 12:00:00','2021-02-16 01:46:17',NULL,NULL,2,NULL,2,NULL,NULL,1,0,NULL,NULL,0,250.00000000,0.00000000,0.00000000,0.00000000,250.00000000,NULL,NULL,3,3,'','','',NULL,NULL,NULL,0,NULL,0,NULL,NULL,0,'',0,'EUR',1.00000000,250.00000000,0.00000000,250.00000000,NULL,NULL,NULL),(25,3,NULL,'2021-07-11 17:49:28','PR1702-0023',1,NULL,NULL,'','2017-02-16 01:46:17','2021-07-09','2020-07-24 12:00:00','2021-02-16 01:46:17','2020-02-16 04:47:29','2021-02-16 04:47:29',1,NULL,1,12,12,4,0,NULL,NULL,0,1018.00000000,0.00000000,0.00000000,0.00000000,1018.00000000,NULL,NULL,3,3,'','','',NULL,NULL,NULL,0,NULL,0,NULL,NULL,0,'',0,'EUR',1.00000000,1018.00000000,0.00000000,1018.00000000,NULL,NULL,NULL),(26,1,NULL,'2021-04-15 10:22:31','PR1702-0024',1,NULL,NULL,'','2017-02-16 01:46:17','2021-04-03','2020-04-18 12:00:00','2020-02-16 01:46:18',NULL,NULL,2,NULL,2,NULL,NULL,1,0,NULL,NULL,0,710.00000000,0.00000000,0.00000000,0.00000000,710.00000000,NULL,NULL,3,3,'','','',NULL,NULL,NULL,0,NULL,0,NULL,NULL,0,'',0,'EUR',1.00000000,710.00000000,0.00000000,710.00000000,NULL,NULL,NULL),(27,6,NULL,'2022-02-07 13:37:54','PR1702-0025',1,NULL,NULL,'','2017-02-16 01:46:18','2021-11-12','2021-11-27 12:00:00','2021-02-16 01:46:18',NULL,NULL,1,NULL,1,NULL,NULL,1,0,NULL,NULL,0,300.00000000,0.00000000,0.00000000,0.00000000,300.00000000,NULL,NULL,3,3,'','','',NULL,NULL,NULL,0,NULL,0,NULL,NULL,0,'',0,'EUR',1.00000000,300.00000000,0.00000000,300.00000000,NULL,NULL,NULL),(28,19,NULL,'2022-02-07 13:37:54','PR1702-0026',1,NULL,NULL,'','2017-02-16 01:46:18','2021-07-30','2021-08-14 12:00:00','2021-02-16 01:46:18','2020-02-16 04:46:31','2021-02-16 04:46:31',2,NULL,2,12,12,2,0,NULL,NULL,0,440.00000000,0.00000000,0.00000000,0.00000000,440.00000000,NULL,NULL,3,3,'','','',NULL,NULL,NULL,0,NULL,0,NULL,NULL,0,'',0,'EUR',1.00000000,440.00000000,0.00000000,440.00000000,NULL,NULL,NULL),(29,1,NULL,'2022-02-07 13:37:54','PR1702-0027',1,NULL,NULL,'','2017-02-16 01:46:18','2021-07-23','2021-08-07 12:00:00','2021-02-16 01:46:18','2021-12-20 20:50:23','2022-12-20 20:50:23',2,NULL,2,12,12,2,0,NULL,NULL,0,1000.00000000,0.00000000,0.00000000,0.00000000,1000.00000000,NULL,NULL,3,3,'','','',NULL,NULL,NULL,0,NULL,0,NULL,NULL,0,'',0,'EUR',1.00000000,1000.00000000,0.00000000,1000.00000000,'propale/PR1702-0027/PR1702-0027.pdf',NULL,NULL),(30,1,NULL,'2021-07-11 17:49:28','PR1702-0028',1,NULL,NULL,'','2017-02-16 01:46:18','2021-05-01','2021-05-16 12:00:00','2020-02-16 01:46:18','2019-02-16 04:46:42','2020-02-16 04:46:42',2,NULL,2,12,12,3,0,NULL,NULL,0,1200.00000000,0.00000000,0.00000000,0.00000000,1200.00000000,NULL,NULL,3,3,'','','',NULL,NULL,NULL,0,NULL,0,NULL,NULL,0,'',0,'EUR',1.00000000,1200.00000000,0.00000000,1200.00000000,NULL,NULL,NULL),(31,11,NULL,'2021-07-11 17:49:28','PR1702-0029',1,NULL,NULL,'','2017-02-16 01:46:18','2021-06-24','2021-07-09 12:00:00','2021-02-16 01:46:18',NULL,NULL,1,NULL,1,NULL,NULL,1,0,NULL,NULL,0,720.00000000,0.00000000,0.00000000,0.00000000,720.00000000,NULL,NULL,3,3,'','','',NULL,NULL,NULL,0,NULL,0,NULL,NULL,0,'',0,'EUR',1.00000000,720.00000000,0.00000000,720.00000000,NULL,NULL,NULL),(32,19,NULL,'2022-02-07 13:37:54','PR1702-0030',1,NULL,NULL,'','2017-02-16 01:46:18','2021-11-12','2021-11-27 12:00:00','2021-02-16 01:46:18',NULL,NULL,2,NULL,2,NULL,NULL,1,0,NULL,NULL,0,608.00000000,0.00000000,0.00000000,0.00000000,608.00000000,NULL,NULL,3,3,'','','',NULL,NULL,NULL,0,NULL,0,NULL,NULL,0,'',0,'EUR',1.00000000,608.00000000,0.00000000,608.00000000,NULL,NULL,NULL),(33,10,6,'2022-02-07 13:37:54','PR1909-0032',1,NULL,NULL,'','2019-09-27 17:07:40','2021-09-27','2021-10-12 12:00:00','2021-09-27 17:08:59',NULL,NULL,12,12,12,NULL,NULL,1,0,NULL,NULL,0,0.00000000,0.00000000,0.00000000,0.00000000,0.00000000,NULL,NULL,NULL,NULL,'This is a private note','This is a public note','azur',NULL,NULL,NULL,0,NULL,0,NULL,NULL,0,'',1,'EUR',1.00000000,0.00000000,0.00000000,0.00000000,'propale/PR1909-0032/PR1909-0032.pdf',NULL,NULL),(34,10,6,'2022-02-07 13:37:54','PR1909-0033',1,NULL,NULL,'','2019-09-27 17:11:21','2021-09-27','2021-10-12 12:00:00','2021-09-27 17:13:13','2020-01-07 23:43:06','2022-01-07 23:43:06',12,12,12,12,12,2,0,NULL,NULL,0,10.00000000,0.00000000,0.00000000,0.00000000,10.00000000,NULL,NULL,NULL,NULL,NULL,'a &amp; a<br />\r\nb &lt; r','azur',NULL,NULL,NULL,0,NULL,0,NULL,NULL,0,'',1,'EUR',1.00000000,10.00000000,0.00000000,10.00000000,'propale/PR1909-0033/PR1909-0033.pdf',NULL,NULL),(35,10,NULL,'2022-02-07 13:37:54','(PROV35)',1,NULL,NULL,'','2019-09-27 17:53:44','2021-09-27','2021-10-12 12:00:00',NULL,NULL,NULL,12,NULL,NULL,NULL,NULL,0,0,NULL,NULL,0,5.00000000,0.00000000,0.00000000,0.00000000,5.00000000,NULL,NULL,NULL,NULL,'','','azur',NULL,NULL,NULL,0,NULL,0,NULL,NULL,0,'',1,'EUR',1.00000000,5.00000000,0.00000000,5.00000000,'propale/(PROV35)/(PROV35).pdf',NULL,NULL),(36,1,NULL,'2022-02-07 13:37:54','PR2001-0034',1,NULL,NULL,'','2020-01-01 23:55:35','2022-01-01','2022-01-16 12:00:00','2022-01-19 14:24:22','2021-01-19 14:24:27','2022-01-19 14:24:27',12,NULL,12,12,12,2,0,NULL,NULL,0,4.00000000,0.24000000,0.00000000,0.00000000,4.24000000,NULL,NULL,NULL,NULL,'','','azur',NULL,NULL,NULL,0,NULL,0,NULL,NULL,0,'',1,'EUR',1.00000000,4.00000000,0.24000000,4.24000000,'propale/PR2001-0034/PR2001-0034.pdf',NULL,NULL),(37,10,NULL,'2022-02-07 13:37:54','(PROV37)',1,NULL,NULL,'','2020-01-06 00:44:16','2022-01-05','2022-01-20 12:00:00',NULL,NULL,NULL,12,NULL,NULL,NULL,NULL,0,0,NULL,NULL,0,10.00000000,0.00000000,0.00000000,0.00000000,10.00000000,NULL,NULL,NULL,NULL,'','','azur',NULL,NULL,NULL,0,NULL,0,NULL,NULL,0,'',1,'EUR',1.00000000,10.00000000,0.00000000,10.00000000,'propale/(PROV37)/(PROV37).pdf',NULL,NULL),(38,30,NULL,'2022-02-07 13:37:54','(PROV38)',1,NULL,NULL,'','2020-01-13 17:25:28','2022-01-13','2022-01-28 12:00:00',NULL,NULL,NULL,12,NULL,NULL,NULL,NULL,0,0,NULL,NULL,0,0.00000000,0.00000000,0.00000000,0.00000000,0.00000000,NULL,NULL,NULL,NULL,'','','azur',NULL,NULL,NULL,0,NULL,0,NULL,NULL,0,'',1,'EUR',1.00000000,0.00000000,0.00000000,0.00000000,'propale/(PROV38)/(PROV38).pdf',NULL,NULL);

--
-- Table structure for table `llx_propal_extrafields`
--

CREATE TABLE `llx_propal_extrafields` (
  `rowid` int(11) NOT NULL AUTO_INCREMENT,
  `tms` timestamp NOT NULL DEFAULT current_timestamp() ON UPDATE current_timestamp(),
  `fk_object` int(11) NOT NULL,
  `import_key` varchar(14) COLLATE utf8_unicode_ci DEFAULT NULL,
  PRIMARY KEY (`rowid`),
  KEY `idx_propal_extrafields` (`fk_object`)
) ENGINE=InnoDB DEFAULT CHARSET=utf8 COLLATE=utf8_unicode_ci;

--
-- Dumping data for table `llx_propal_extrafields`
--


--
-- Table structure for table `llx_propal_merge_pdf_product`
--

CREATE TABLE `llx_propal_merge_pdf_product` (
  `rowid` int(11) NOT NULL AUTO_INCREMENT,
  `fk_product` int(11) NOT NULL,
  `file_name` varchar(200) COLLATE utf8_unicode_ci NOT NULL,
  `lang` varchar(5) COLLATE utf8_unicode_ci DEFAULT NULL,
  `fk_user_author` int(11) DEFAULT NULL,
  `fk_user_mod` int(11) NOT NULL,
  `datec` datetime NOT NULL,
  `tms` timestamp NOT NULL DEFAULT current_timestamp() ON UPDATE current_timestamp(),
  `import_key` varchar(14) COLLATE utf8_unicode_ci DEFAULT NULL,
  PRIMARY KEY (`rowid`)
) ENGINE=InnoDB DEFAULT CHARSET=utf8 COLLATE=utf8_unicode_ci;

--
-- Dumping data for table `llx_propal_merge_pdf_product`
--


--
-- Table structure for table `llx_propaldet`
--

CREATE TABLE `llx_propaldet` (
  `rowid` int(11) NOT NULL AUTO_INCREMENT,
  `fk_propal` int(11) DEFAULT NULL,
  `fk_parent_line` int(11) DEFAULT NULL,
  `fk_product` int(11) DEFAULT NULL,
  `label` varchar(255) COLLATE utf8_unicode_ci DEFAULT NULL,
  `description` text COLLATE utf8_unicode_ci DEFAULT NULL,
  `fk_remise_except` int(11) DEFAULT NULL,
  `tva_tx` double(6,3) DEFAULT 0.000,
  `vat_src_code` varchar(10) COLLATE utf8_unicode_ci DEFAULT '',
  `localtax1_tx` double(6,3) DEFAULT 0.000,
  `localtax1_type` varchar(10) COLLATE utf8_unicode_ci NOT NULL DEFAULT '0',
  `localtax2_tx` double(6,3) DEFAULT 0.000,
  `localtax2_type` varchar(10) COLLATE utf8_unicode_ci NOT NULL DEFAULT '0',
  `qty` double DEFAULT NULL,
  `remise_percent` double DEFAULT 0,
  `remise` double DEFAULT 0,
  `price` double DEFAULT NULL,
  `subprice` double(24,8) DEFAULT 0.00000000,
  `total_ht` double(24,8) DEFAULT 0.00000000,
  `total_tva` double(24,8) DEFAULT 0.00000000,
  `total_localtax1` double(24,8) DEFAULT 0.00000000,
  `total_localtax2` double(24,8) DEFAULT 0.00000000,
  `total_ttc` double(24,8) DEFAULT 0.00000000,
  `product_type` int(11) DEFAULT 0,
  `date_start` datetime DEFAULT NULL,
  `date_end` datetime DEFAULT NULL,
  `info_bits` int(11) DEFAULT 0,
  `fk_product_fournisseur_price` int(11) DEFAULT NULL,
  `buy_price_ht` double(24,8) DEFAULT 0.00000000,
  `special_code` int(10) unsigned DEFAULT 0,
  `rang` int(11) DEFAULT 0,
  `fk_unit` int(11) DEFAULT NULL,
  `fk_multicurrency` int(11) DEFAULT NULL,
  `multicurrency_code` varchar(3) COLLATE utf8_unicode_ci DEFAULT NULL,
  `multicurrency_subprice` double(24,8) DEFAULT 0.00000000,
  `multicurrency_total_ht` double(24,8) DEFAULT 0.00000000,
  `multicurrency_total_tva` double(24,8) DEFAULT 0.00000000,
  `multicurrency_total_ttc` double(24,8) DEFAULT 0.00000000,
  PRIMARY KEY (`rowid`),
  KEY `idx_propaldet_fk_propal` (`fk_propal`),
  KEY `idx_propaldet_fk_product` (`fk_product`),
  KEY `fk_propaldet_fk_unit` (`fk_unit`),
  CONSTRAINT `fk_propaldet_fk_propal` FOREIGN KEY (`fk_propal`) REFERENCES `llx_propal` (`rowid`),
  CONSTRAINT `fk_propaldet_fk_unit` FOREIGN KEY (`fk_unit`) REFERENCES `llx_c_units` (`rowid`)
) ENGINE=InnoDB AUTO_INCREMENT=122 DEFAULT CHARSET=utf8 COLLATE=utf8_unicode_ci;

--
-- Dumping data for table `llx_propaldet`
--

INSERT INTO `llx_propaldet` VALUES (1,1,NULL,NULL,NULL,'Une machine à café',NULL,12.500,'',0.000,'',0.000,'',1,0,0,NULL,10.00000000,10.00000000,1.25000000,0.00000000,0.00000000,11.25000000,0,NULL,NULL,0,NULL,0.00000000,0,1,NULL,NULL,NULL,0.00000000,0.00000000,0.00000000,0.00000000),(2,2,NULL,NULL,NULL,'Product 1',NULL,0.000,'',0.000,'',0.000,'',1,0,0,NULL,10.00000000,10.00000000,0.00000000,0.00000000,0.00000000,10.00000000,0,NULL,NULL,0,NULL,0.00000000,0,1,NULL,NULL,NULL,0.00000000,0.00000000,0.00000000,0.00000000),(3,2,NULL,2,NULL,'',NULL,0.000,'',0.000,'',0.000,'',1,0,0,NULL,NULL,0.00000000,0.00000000,0.00000000,0.00000000,0.00000000,0,NULL,NULL,0,NULL,0.00000000,0,2,NULL,NULL,NULL,0.00000000,0.00000000,0.00000000,0.00000000),(4,3,NULL,NULL,NULL,'A new marvelous product',NULL,0.000,'',0.000,'',0.000,'',1,0,0,NULL,10.00000000,10.00000000,0.00000000,0.00000000,0.00000000,10.00000000,0,NULL,NULL,0,NULL,0.00000000,0,1,NULL,NULL,NULL,0.00000000,0.00000000,0.00000000,0.00000000),(5,1,NULL,5,NULL,'cccc',NULL,19.600,'',0.000,'',0.000,'',1,0,0,NULL,10.00000000,10.00000000,1.96000000,0.00000000,0.00000000,11.96000000,0,NULL,NULL,0,NULL,0.00000000,0,2,NULL,NULL,NULL,0.00000000,0.00000000,0.00000000,0.00000000),(11,1,NULL,4,NULL,'',NULL,0.000,'',0.000,'',0.000,'',1,0,0,NULL,NULL,0.00000000,0.00000000,0.00000000,0.00000000,0.00000000,0,NULL,NULL,0,NULL,0.00000000,0,3,NULL,NULL,NULL,0.00000000,0.00000000,0.00000000,0.00000000),(12,1,NULL,4,NULL,'',NULL,0.000,'',0.000,'',0.000,'',1,0,0,NULL,5.00000000,5.00000000,0.00000000,0.00000000,0.00000000,5.00000000,0,NULL,NULL,0,NULL,0.00000000,0,4,NULL,NULL,NULL,0.00000000,0.00000000,0.00000000,0.00000000),(13,1,NULL,4,NULL,'',NULL,12.500,'',0.000,'',0.000,'',1,0,0,NULL,5.00000000,5.00000000,0.63000000,0.00000000,0.00000000,5.63000000,0,NULL,NULL,0,NULL,0.00000000,0,5,NULL,NULL,NULL,0.00000000,0.00000000,0.00000000,0.00000000),(24,5,NULL,NULL,NULL,'On demand Apple pie',NULL,20.000,'',0.000,'0',0.000,'0',1,0,0,NULL,10.00000000,10.00000000,2.00000000,0.00000000,0.00000000,12.00000000,0,NULL,NULL,0,NULL,0.00000000,0,1,NULL,NULL,NULL,0.00000000,0.00000000,0.00000000,0.00000000),(25,7,NULL,NULL,NULL,'Help to setup Magic Food computer',NULL,0.000,'',0.000,'0',0.000,'0',1,0,0,NULL,400.00000000,400.00000000,0.00000000,0.00000000,0.00000000,400.00000000,1,NULL,NULL,0,NULL,0.00000000,0,1,NULL,NULL,'',400.00000000,400.00000000,0.00000000,400.00000000),(26,11,NULL,5,NULL,'<strong><span style=\"font-family:roboto,uilanguagefont,arial,sans-serif; font-size:14px\">DoliDroid is the Android front-end client for Dolibarr ERP &amp; CRM web software.</span><br />\r\n<span style=\"font-family:roboto,uilanguagefont,arial,sans-serif; font-size:14px\">This application is not a standalone program. It is a front end to use a online hosted Dolibarr ERP &amp; CRM software (an Open-source web software to manage your business).</span></strong>\r\n<p><u>The advantage of DoliDroid are :</u><br />\r\n- DoliDroid is not a duplicate code of Dolibarr, but a front-end of a Dolibarr web installation, so all your online existing features are supported by this application. This is also true for external modules features.<br />\r\n- Upgrading Dolibarr will not break DoliDroid.<br />\r\n- DoliDroid use embedded image resources to reduce bandwidth usage.<br />\r\n- DoliDroid use internal cache for pages that should not change (like menu page)<br />\r\n- Connections parameters are saved. No need to enter them each time you use DoliDroid.<br />\r\n- Integration with your phone or other applications (Clicking on PDF open PDF reader, clicking onto email or phone launch your email application or launch Android dialer, ...)</p>\r\n\r\n<p><span style=\"color:#DAA520\"><strong>WARNING !&nbsp;</strong></span></p>\r\n\r\n<p>This application need Android 4.0+ and a hosted Dolibarr ERP &amp; CRM version 3.5 or newer accessible by internet<br />\r\n(For example, when hosted on any SaaS solution like DoliCloud -&nbsp;<a href=\"https://www.google.com/url?q=https://www.google.com/url?q%3Dhttp://www.dolicloud.com%26sa%3DD%26usg%3DAFQjCNGdd9htz4JDciiMtScpBwK83qIRkw&amp;sa=D&amp;usg=AFQjCNGMpCbxNnU5BiK59e368K5AR0l_pg\" style=\"text-decoration: none; color: rgb(51, 105, 30); cursor: pointer;\" target=\"_blank\">http://www.dolicloud.com</a>).</p>',NULL,0.000,'',0.000,'0',0.000,'0',5,0,0,NULL,10.00000000,50.00000000,0.00000000,0.00000000,0.00000000,50.00000000,0,NULL,NULL,0,NULL,0.00000000,0,1,NULL,NULL,'EUR',10.00000000,50.00000000,0.00000000,50.00000000),(27,11,NULL,5,NULL,'<strong><span style=\"font-family:roboto,uilanguagefont,arial,sans-serif; font-size:14px\">DoliDroid is the Android front-end client for Dolibarr ERP &amp; CRM web software.</span><br />\r\n<span style=\"font-family:roboto,uilanguagefont,arial,sans-serif; font-size:14px\">This application is not a standalone program. It is a front end to use a online hosted Dolibarr ERP &amp; CRM software (an Open-source web software to manage your business).</span></strong>\r\n<p><u>The advantage of DoliDroid are :</u><br />\r\n- DoliDroid is not a duplicate code of Dolibarr, but a front-end of a Dolibarr web installation, so all your online existing features are supported by this application. This is also true for external modules features.<br />\r\n- Upgrading Dolibarr will not break DoliDroid.<br />\r\n- DoliDroid use embedded image resources to reduce bandwidth usage.<br />\r\n- DoliDroid use internal cache for pages that should not change (like menu page)<br />\r\n- Connections parameters are saved. No need to enter them each time you use DoliDroid.<br />\r\n- Integration with your phone or other applications (Clicking on PDF open PDF reader, clicking onto email or phone launch your email application or launch Android dialer, ...)</p>\r\n\r\n<p><span style=\"color:#DAA520\"><strong>WARNING !&nbsp;</strong></span></p>\r\n\r\n<p>This application need Android 4.0+ and a hosted Dolibarr ERP &amp; CRM version 3.5 or newer accessible by internet<br />\r\n(For example, when hosted on any SaaS solution like DoliCloud -&nbsp;<a href=\"https://www.google.com/url?q=https://www.google.com/url?q%3Dhttp://www.dolicloud.com%26sa%3DD%26usg%3DAFQjCNGdd9htz4JDciiMtScpBwK83qIRkw&amp;sa=D&amp;usg=AFQjCNGMpCbxNnU5BiK59e368K5AR0l_pg\" style=\"text-decoration: none; color: rgb(51, 105, 30); cursor: pointer;\" target=\"_blank\">http://www.dolicloud.com</a>).</p>',NULL,0.000,'',0.000,'0',0.000,'0',1,0,0,NULL,10.00000000,10.00000000,0.00000000,0.00000000,0.00000000,10.00000000,0,NULL,NULL,0,NULL,0.00000000,0,2,NULL,NULL,'EUR',10.00000000,10.00000000,0.00000000,10.00000000),(28,12,NULL,4,NULL,'Nice Bio Apple Pie.<br />\r\n&nbsp;',NULL,0.000,'',0.000,'0',0.000,'0',1,0,0,NULL,5.00000000,5.00000000,0.00000000,0.00000000,0.00000000,5.00000000,0,NULL,NULL,0,NULL,0.00000000,0,1,NULL,NULL,'EUR',5.00000000,5.00000000,0.00000000,5.00000000),(29,12,NULL,1,NULL,'A beatifull pink dress',NULL,0.000,'',0.000,'0',0.000,'0',3,0,0,NULL,100.00000000,300.00000000,0.00000000,0.00000000,0.00000000,300.00000000,0,NULL,NULL,0,NULL,0.00000000,0,2,NULL,NULL,'EUR',100.00000000,300.00000000,0.00000000,300.00000000),(30,12,NULL,10,NULL,'A powerfull computer XP4523&nbsp;',NULL,0.000,'',0.000,'0',0.000,'0',4,0,0,NULL,100.00000000,400.00000000,0.00000000,0.00000000,0.00000000,400.00000000,0,NULL,NULL,0,NULL,0.00000000,0,3,NULL,NULL,'EUR',100.00000000,400.00000000,0.00000000,400.00000000),(31,12,NULL,12,NULL,'Cloud hosting of Dolibarr ERP and CRM software',NULL,0.000,'',0.000,'0',0.000,'0',3,0,0,NULL,9.00000000,27.00000000,0.00000000,0.00000000,0.00000000,27.00000000,0,NULL,NULL,0,NULL,0.00000000,0,4,NULL,NULL,'EUR',9.00000000,27.00000000,0.00000000,27.00000000),(32,12,NULL,10,NULL,'A powerfull computer XP4523&nbsp;',NULL,0.000,'',0.000,'0',0.000,'0',1,0,0,NULL,100.00000000,100.00000000,0.00000000,0.00000000,0.00000000,100.00000000,0,NULL,NULL,0,NULL,0.00000000,0,5,NULL,NULL,'EUR',100.00000000,100.00000000,0.00000000,100.00000000),(33,13,NULL,2,NULL,'',NULL,0.000,'',0.000,'0',0.000,'0',5,0,0,NULL,NULL,0.00000000,0.00000000,0.00000000,0.00000000,0.00000000,0,NULL,NULL,0,NULL,0.00000000,0,1,NULL,NULL,'EUR',0.00000000,0.00000000,0.00000000,0.00000000),(34,13,NULL,4,NULL,'Nice Bio Apple Pie.<br />\r\n&nbsp;',NULL,0.000,'',0.000,'0',0.000,'0',3,0,0,NULL,5.00000000,15.00000000,0.00000000,0.00000000,0.00000000,15.00000000,0,NULL,NULL,0,NULL,0.00000000,0,2,NULL,NULL,'EUR',5.00000000,15.00000000,0.00000000,15.00000000),(35,13,NULL,12,NULL,'Cloud hosting of Dolibarr ERP and CRM software',NULL,0.000,'',0.000,'0',0.000,'0',3,0,0,NULL,9.00000000,27.00000000,0.00000000,0.00000000,0.00000000,27.00000000,0,NULL,NULL,0,NULL,0.00000000,0,3,NULL,NULL,'EUR',9.00000000,27.00000000,0.00000000,27.00000000),(36,13,NULL,10,NULL,'A powerfull computer XP4523&nbsp;',NULL,0.000,'',0.000,'0',0.000,'0',2,0,0,NULL,100.00000000,200.00000000,0.00000000,0.00000000,0.00000000,200.00000000,0,NULL,NULL,0,NULL,0.00000000,0,4,NULL,NULL,'EUR',100.00000000,200.00000000,0.00000000,200.00000000),(37,14,NULL,10,NULL,'A powerfull computer XP4523&nbsp;',NULL,0.000,'',0.000,'0',0.000,'0',2,0,0,NULL,100.00000000,200.00000000,0.00000000,0.00000000,0.00000000,200.00000000,0,NULL,NULL,0,NULL,0.00000000,0,1,NULL,NULL,'EUR',100.00000000,200.00000000,0.00000000,200.00000000),(38,14,NULL,12,NULL,'Cloud hosting of Dolibarr ERP and CRM software',NULL,0.000,'',0.000,'0',0.000,'0',5,0,0,NULL,9.00000000,45.00000000,0.00000000,0.00000000,0.00000000,45.00000000,0,NULL,NULL,0,NULL,0.00000000,0,2,NULL,NULL,'EUR',9.00000000,45.00000000,0.00000000,45.00000000),(39,15,NULL,13,NULL,'A powerfull computer XP4523&nbsp;',NULL,0.000,'',0.000,'0',0.000,'0',3,0,0,NULL,100.00000000,300.00000000,0.00000000,0.00000000,0.00000000,300.00000000,0,NULL,NULL,0,NULL,0.00000000,0,1,NULL,NULL,'EUR',100.00000000,300.00000000,0.00000000,300.00000000),(40,15,NULL,10,NULL,'A powerfull computer XP4523&nbsp;',NULL,0.000,'',0.000,'0',0.000,'0',3,0,0,NULL,100.00000000,300.00000000,0.00000000,0.00000000,0.00000000,300.00000000,0,NULL,NULL,0,NULL,0.00000000,0,2,NULL,NULL,'EUR',100.00000000,300.00000000,0.00000000,300.00000000),(41,15,NULL,10,NULL,'A powerfull computer XP4523&nbsp;',NULL,0.000,'',0.000,'0',0.000,'0',3,0,0,NULL,100.00000000,300.00000000,0.00000000,0.00000000,0.00000000,300.00000000,0,NULL,NULL,0,NULL,0.00000000,0,3,NULL,NULL,'EUR',100.00000000,300.00000000,0.00000000,300.00000000),(42,15,NULL,5,NULL,'<strong><span style=\"font-family:roboto,uilanguagefont,arial,sans-serif; font-size:14px\">DoliDroid is the Android front-end client for Dolibarr ERP &amp; CRM web software.</span><br />\r\n<span style=\"font-family:roboto,uilanguagefont,arial,sans-serif; font-size:14px\">This application is not a standalone program. It is a front end to use a online hosted Dolibarr ERP &amp; CRM software (an Open-source web software to manage your business).</span></strong>\r\n<p><u>The advantage of DoliDroid are :</u><br />\r\n- DoliDroid is not a duplicate code of Dolibarr, but a front-end of a Dolibarr web installation, so all your online existing features are supported by this application. This is also true for external modules features.<br />\r\n- Upgrading Dolibarr will not break DoliDroid.<br />\r\n- DoliDroid use embedded image resources to reduce bandwidth usage.<br />\r\n- DoliDroid use internal cache for pages that should not change (like menu page)<br />\r\n- Connections parameters are saved. No need to enter them each time you use DoliDroid.<br />\r\n- Integration with your phone or other applications (Clicking on PDF open PDF reader, clicking onto email or phone launch your email application or launch Android dialer, ...)</p>\r\n\r\n<p><span style=\"color:#DAA520\"><strong>WARNING !&nbsp;</strong></span></p>\r\n\r\n<p>This application need Android 4.0+ and a hosted Dolibarr ERP &amp; CRM version 3.5 or newer accessible by internet<br />\r\n(For example, when hosted on any SaaS solution like DoliCloud -&nbsp;<a href=\"https://www.google.com/url?q=https://www.google.com/url?q%3Dhttp://www.dolicloud.com%26sa%3DD%26usg%3DAFQjCNGdd9htz4JDciiMtScpBwK83qIRkw&amp;sa=D&amp;usg=AFQjCNGMpCbxNnU5BiK59e368K5AR0l_pg\" style=\"text-decoration: none; color: rgb(51, 105, 30); cursor: pointer;\" target=\"_blank\">http://www.dolicloud.com</a>).</p>',NULL,0.000,'',0.000,'0',0.000,'0',4,0,0,NULL,10.00000000,40.00000000,0.00000000,0.00000000,0.00000000,40.00000000,0,NULL,NULL,0,NULL,0.00000000,0,4,NULL,NULL,'EUR',10.00000000,40.00000000,0.00000000,40.00000000),(43,16,NULL,5,NULL,'<strong><span style=\"font-family:roboto,uilanguagefont,arial,sans-serif; font-size:14px\">DoliDroid is the Android front-end client for Dolibarr ERP &amp; CRM web software.</span><br />\r\n<span style=\"font-family:roboto,uilanguagefont,arial,sans-serif; font-size:14px\">This application is not a standalone program. It is a front end to use a online hosted Dolibarr ERP &amp; CRM software (an Open-source web software to manage your business).</span></strong>\r\n<p><u>The advantage of DoliDroid are :</u><br />\r\n- DoliDroid is not a duplicate code of Dolibarr, but a front-end of a Dolibarr web installation, so all your online existing features are supported by this application. This is also true for external modules features.<br />\r\n- Upgrading Dolibarr will not break DoliDroid.<br />\r\n- DoliDroid use embedded image resources to reduce bandwidth usage.<br />\r\n- DoliDroid use internal cache for pages that should not change (like menu page)<br />\r\n- Connections parameters are saved. No need to enter them each time you use DoliDroid.<br />\r\n- Integration with your phone or other applications (Clicking on PDF open PDF reader, clicking onto email or phone launch your email application or launch Android dialer, ...)</p>\r\n\r\n<p><span style=\"color:#DAA520\"><strong>WARNING !&nbsp;</strong></span></p>\r\n\r\n<p>This application need Android 4.0+ and a hosted Dolibarr ERP &amp; CRM version 3.5 or newer accessible by internet<br />\r\n(For example, when hosted on any SaaS solution like DoliCloud -&nbsp;<a href=\"https://www.google.com/url?q=https://www.google.com/url?q%3Dhttp://www.dolicloud.com%26sa%3DD%26usg%3DAFQjCNGdd9htz4JDciiMtScpBwK83qIRkw&amp;sa=D&amp;usg=AFQjCNGMpCbxNnU5BiK59e368K5AR0l_pg\" style=\"text-decoration: none; color: rgb(51, 105, 30); cursor: pointer;\" target=\"_blank\">http://www.dolicloud.com</a>).</p>',NULL,0.000,'',0.000,'0',0.000,'0',4,0,0,NULL,10.00000000,40.00000000,0.00000000,0.00000000,0.00000000,40.00000000,0,NULL,NULL,0,NULL,0.00000000,0,1,NULL,NULL,'EUR',10.00000000,40.00000000,0.00000000,40.00000000),(44,16,NULL,5,NULL,'<strong><span style=\"font-family:roboto,uilanguagefont,arial,sans-serif; font-size:14px\">DoliDroid is the Android front-end client for Dolibarr ERP &amp; CRM web software.</span><br />\r\n<span style=\"font-family:roboto,uilanguagefont,arial,sans-serif; font-size:14px\">This application is not a standalone program. It is a front end to use a online hosted Dolibarr ERP &amp; CRM software (an Open-source web software to manage your business).</span></strong>\r\n<p><u>The advantage of DoliDroid are :</u><br />\r\n- DoliDroid is not a duplicate code of Dolibarr, but a front-end of a Dolibarr web installation, so all your online existing features are supported by this application. This is also true for external modules features.<br />\r\n- Upgrading Dolibarr will not break DoliDroid.<br />\r\n- DoliDroid use embedded image resources to reduce bandwidth usage.<br />\r\n- DoliDroid use internal cache for pages that should not change (like menu page)<br />\r\n- Connections parameters are saved. No need to enter them each time you use DoliDroid.<br />\r\n- Integration with your phone or other applications (Clicking on PDF open PDF reader, clicking onto email or phone launch your email application or launch Android dialer, ...)</p>\r\n\r\n<p><span style=\"color:#DAA520\"><strong>WARNING !&nbsp;</strong></span></p>\r\n\r\n<p>This application need Android 4.0+ and a hosted Dolibarr ERP &amp; CRM version 3.5 or newer accessible by internet<br />\r\n(For example, when hosted on any SaaS solution like DoliCloud -&nbsp;<a href=\"https://www.google.com/url?q=https://www.google.com/url?q%3Dhttp://www.dolicloud.com%26sa%3DD%26usg%3DAFQjCNGdd9htz4JDciiMtScpBwK83qIRkw&amp;sa=D&amp;usg=AFQjCNGMpCbxNnU5BiK59e368K5AR0l_pg\" style=\"text-decoration: none; color: rgb(51, 105, 30); cursor: pointer;\" target=\"_blank\">http://www.dolicloud.com</a>).</p>',NULL,0.000,'',0.000,'0',0.000,'0',4,0,0,NULL,10.00000000,40.00000000,0.00000000,0.00000000,0.00000000,40.00000000,0,NULL,NULL,0,NULL,0.00000000,0,2,NULL,NULL,'EUR',10.00000000,40.00000000,0.00000000,40.00000000),(45,16,NULL,12,NULL,'Cloud hosting of Dolibarr ERP and CRM software',NULL,0.000,'',0.000,'0',0.000,'0',5,0,0,NULL,9.00000000,45.00000000,0.00000000,0.00000000,0.00000000,45.00000000,0,NULL,NULL,0,NULL,0.00000000,0,3,NULL,NULL,'EUR',9.00000000,45.00000000,0.00000000,45.00000000),(46,17,NULL,12,NULL,'Cloud hosting of Dolibarr ERP and CRM software',NULL,0.000,'',0.000,'0',0.000,'0',5,0,0,NULL,9.00000000,45.00000000,0.00000000,0.00000000,0.00000000,45.00000000,0,NULL,NULL,0,NULL,0.00000000,0,1,NULL,NULL,'EUR',9.00000000,45.00000000,0.00000000,45.00000000),(47,17,NULL,12,NULL,'Cloud hosting of Dolibarr ERP and CRM software',NULL,0.000,'',0.000,'0',0.000,'0',2,0,0,NULL,9.00000000,18.00000000,0.00000000,0.00000000,0.00000000,18.00000000,0,NULL,NULL,0,NULL,0.00000000,0,2,NULL,NULL,'EUR',9.00000000,18.00000000,0.00000000,18.00000000),(48,17,NULL,10,NULL,'A powerfull computer XP4523&nbsp;',NULL,0.000,'',0.000,'0',0.000,'0',1,0,0,NULL,100.00000000,100.00000000,0.00000000,0.00000000,0.00000000,100.00000000,0,NULL,NULL,0,NULL,0.00000000,0,3,NULL,NULL,'EUR',100.00000000,100.00000000,0.00000000,100.00000000),(49,17,NULL,2,NULL,'',NULL,0.000,'',0.000,'0',0.000,'0',3,0,0,NULL,NULL,0.00000000,0.00000000,0.00000000,0.00000000,0.00000000,0,NULL,NULL,0,NULL,0.00000000,0,4,NULL,NULL,'EUR',0.00000000,0.00000000,0.00000000,0.00000000),(50,17,NULL,3,NULL,'',NULL,0.000,'',0.000,'0',0.000,'0',1,0,0,NULL,NULL,0.00000000,0.00000000,0.00000000,0.00000000,0.00000000,0,NULL,NULL,0,NULL,0.00000000,0,5,NULL,NULL,'EUR',0.00000000,0.00000000,0.00000000,0.00000000),(51,18,NULL,1,NULL,'A beatifull pink dress',NULL,0.000,'',0.000,'0',0.000,'0',4,0,0,NULL,100.00000000,400.00000000,0.00000000,0.00000000,0.00000000,400.00000000,0,NULL,NULL,0,NULL,0.00000000,0,1,NULL,NULL,'EUR',100.00000000,400.00000000,0.00000000,400.00000000),(52,18,NULL,1,NULL,'A beatifull pink dress',NULL,0.000,'',0.000,'0',0.000,'0',1,0,0,NULL,100.00000000,100.00000000,0.00000000,0.00000000,0.00000000,100.00000000,0,NULL,NULL,0,NULL,0.00000000,0,2,NULL,NULL,'EUR',100.00000000,100.00000000,0.00000000,100.00000000),(53,18,NULL,13,NULL,'A powerfull computer XP4523&nbsp;',NULL,0.000,'',0.000,'0',0.000,'0',4,0,0,NULL,100.00000000,400.00000000,0.00000000,0.00000000,0.00000000,400.00000000,0,NULL,NULL,0,NULL,0.00000000,0,3,NULL,NULL,'EUR',100.00000000,400.00000000,0.00000000,400.00000000),(54,19,NULL,10,NULL,'A powerfull computer XP4523&nbsp;',NULL,0.000,'',0.000,'0',0.000,'0',1,0,0,NULL,100.00000000,100.00000000,0.00000000,0.00000000,0.00000000,100.00000000,0,NULL,NULL,0,NULL,0.00000000,0,1,NULL,NULL,'EUR',100.00000000,100.00000000,0.00000000,100.00000000),(55,19,NULL,13,NULL,'A powerfull computer XP4523&nbsp;',NULL,0.000,'',0.000,'0',0.000,'0',1,0,0,NULL,100.00000000,100.00000000,0.00000000,0.00000000,0.00000000,100.00000000,0,NULL,NULL,0,NULL,0.00000000,0,2,NULL,NULL,'EUR',100.00000000,100.00000000,0.00000000,100.00000000),(56,19,NULL,2,NULL,'',NULL,0.000,'',0.000,'0',0.000,'0',2,0,0,NULL,NULL,0.00000000,0.00000000,0.00000000,0.00000000,0.00000000,0,NULL,NULL,0,NULL,0.00000000,0,3,NULL,NULL,'EUR',0.00000000,0.00000000,0.00000000,0.00000000),(57,19,NULL,2,NULL,'',NULL,0.000,'',0.000,'0',0.000,'0',1,0,0,NULL,NULL,0.00000000,0.00000000,0.00000000,0.00000000,0.00000000,0,NULL,NULL,0,NULL,0.00000000,0,4,NULL,NULL,'EUR',0.00000000,0.00000000,0.00000000,0.00000000),(58,19,NULL,2,NULL,'',NULL,0.000,'',0.000,'0',0.000,'0',2,0,0,NULL,NULL,0.00000000,0.00000000,0.00000000,0.00000000,0.00000000,0,NULL,NULL,0,NULL,0.00000000,0,5,NULL,NULL,'EUR',0.00000000,0.00000000,0.00000000,0.00000000),(59,20,NULL,1,NULL,'A beatifull pink dress',NULL,0.000,'',0.000,'0',0.000,'0',3,0,0,NULL,100.00000000,300.00000000,0.00000000,0.00000000,0.00000000,300.00000000,0,NULL,NULL,0,NULL,0.00000000,0,1,NULL,NULL,'EUR',100.00000000,300.00000000,0.00000000,300.00000000),(60,20,NULL,5,NULL,'<strong><span style=\"font-family:roboto,uilanguagefont,arial,sans-serif; font-size:14px\">DoliDroid is the Android front-end client for Dolibarr ERP &amp; CRM web software.</span><br />\r\n<span style=\"font-family:roboto,uilanguagefont,arial,sans-serif; font-size:14px\">This application is not a standalone program. It is a front end to use a online hosted Dolibarr ERP &amp; CRM software (an Open-source web software to manage your business).</span></strong>\r\n<p><u>The advantage of DoliDroid are :</u><br />\r\n- DoliDroid is not a duplicate code of Dolibarr, but a front-end of a Dolibarr web installation, so all your online existing features are supported by this application. This is also true for external modules features.<br />\r\n- Upgrading Dolibarr will not break DoliDroid.<br />\r\n- DoliDroid use embedded image resources to reduce bandwidth usage.<br />\r\n- DoliDroid use internal cache for pages that should not change (like menu page)<br />\r\n- Connections parameters are saved. No need to enter them each time you use DoliDroid.<br />\r\n- Integration with your phone or other applications (Clicking on PDF open PDF reader, clicking onto email or phone launch your email application or launch Android dialer, ...)</p>\r\n\r\n<p><span style=\"color:#DAA520\"><strong>WARNING !&nbsp;</strong></span></p>\r\n\r\n<p>This application need Android 4.0+ and a hosted Dolibarr ERP &amp; CRM version 3.5 or newer accessible by internet<br />\r\n(For example, when hosted on any SaaS solution like DoliCloud -&nbsp;<a href=\"https://www.google.com/url?q=https://www.google.com/url?q%3Dhttp://www.dolicloud.com%26sa%3DD%26usg%3DAFQjCNGdd9htz4JDciiMtScpBwK83qIRkw&amp;sa=D&amp;usg=AFQjCNGMpCbxNnU5BiK59e368K5AR0l_pg\" style=\"text-decoration: none; color: rgb(51, 105, 30); cursor: pointer;\" target=\"_blank\">http://www.dolicloud.com</a>).</p>',NULL,0.000,'',0.000,'0',0.000,'0',1,0,0,NULL,10.00000000,10.00000000,0.00000000,0.00000000,0.00000000,10.00000000,0,NULL,NULL,0,NULL,0.00000000,0,2,NULL,NULL,'EUR',10.00000000,10.00000000,0.00000000,10.00000000),(61,20,NULL,5,NULL,'<strong><span style=\"font-family:roboto,uilanguagefont,arial,sans-serif; font-size:14px\">DoliDroid is the Android front-end client for Dolibarr ERP &amp; CRM web software.</span><br />\r\n<span style=\"font-family:roboto,uilanguagefont,arial,sans-serif; font-size:14px\">This application is not a standalone program. It is a front end to use a online hosted Dolibarr ERP &amp; CRM software (an Open-source web software to manage your business).</span></strong>\r\n<p><u>The advantage of DoliDroid are :</u><br />\r\n- DoliDroid is not a duplicate code of Dolibarr, but a front-end of a Dolibarr web installation, so all your online existing features are supported by this application. This is also true for external modules features.<br />\r\n- Upgrading Dolibarr will not break DoliDroid.<br />\r\n- DoliDroid use embedded image resources to reduce bandwidth usage.<br />\r\n- DoliDroid use internal cache for pages that should not change (like menu page)<br />\r\n- Connections parameters are saved. No need to enter them each time you use DoliDroid.<br />\r\n- Integration with your phone or other applications (Clicking on PDF open PDF reader, clicking onto email or phone launch your email application or launch Android dialer, ...)</p>\r\n\r\n<p><span style=\"color:#DAA520\"><strong>WARNING !&nbsp;</strong></span></p>\r\n\r\n<p>This application need Android 4.0+ and a hosted Dolibarr ERP &amp; CRM version 3.5 or newer accessible by internet<br />\r\n(For example, when hosted on any SaaS solution like DoliCloud -&nbsp;<a href=\"https://www.google.com/url?q=https://www.google.com/url?q%3Dhttp://www.dolicloud.com%26sa%3DD%26usg%3DAFQjCNGdd9htz4JDciiMtScpBwK83qIRkw&amp;sa=D&amp;usg=AFQjCNGMpCbxNnU5BiK59e368K5AR0l_pg\" style=\"text-decoration: none; color: rgb(51, 105, 30); cursor: pointer;\" target=\"_blank\">http://www.dolicloud.com</a>).</p>',NULL,0.000,'',0.000,'0',0.000,'0',2,0,0,NULL,10.00000000,20.00000000,0.00000000,0.00000000,0.00000000,20.00000000,0,NULL,NULL,0,NULL,0.00000000,0,3,NULL,NULL,'EUR',10.00000000,20.00000000,0.00000000,20.00000000),(62,20,NULL,10,NULL,'A powerfull computer XP4523&nbsp;',NULL,0.000,'',0.000,'0',0.000,'0',5,0,0,NULL,100.00000000,500.00000000,0.00000000,0.00000000,0.00000000,500.00000000,0,NULL,NULL,0,NULL,0.00000000,0,4,NULL,NULL,'EUR',100.00000000,500.00000000,0.00000000,500.00000000),(63,21,NULL,5,NULL,'<strong><span style=\"font-family:roboto,uilanguagefont,arial,sans-serif; font-size:14px\">DoliDroid is the Android front-end client for Dolibarr ERP &amp; CRM web software.</span><br />\r\n<span style=\"font-family:roboto,uilanguagefont,arial,sans-serif; font-size:14px\">This application is not a standalone program. It is a front end to use a online hosted Dolibarr ERP &amp; CRM software (an Open-source web software to manage your business).</span></strong>\r\n<p><u>The advantage of DoliDroid are :</u><br />\r\n- DoliDroid is not a duplicate code of Dolibarr, but a front-end of a Dolibarr web installation, so all your online existing features are supported by this application. This is also true for external modules features.<br />\r\n- Upgrading Dolibarr will not break DoliDroid.<br />\r\n- DoliDroid use embedded image resources to reduce bandwidth usage.<br />\r\n- DoliDroid use internal cache for pages that should not change (like menu page)<br />\r\n- Connections parameters are saved. No need to enter them each time you use DoliDroid.<br />\r\n- Integration with your phone or other applications (Clicking on PDF open PDF reader, clicking onto email or phone launch your email application or launch Android dialer, ...)</p>\r\n\r\n<p><span style=\"color:#DAA520\"><strong>WARNING !&nbsp;</strong></span></p>\r\n\r\n<p>This application need Android 4.0+ and a hosted Dolibarr ERP &amp; CRM version 3.5 or newer accessible by internet<br />\r\n(For example, when hosted on any SaaS solution like DoliCloud -&nbsp;<a href=\"https://www.google.com/url?q=https://www.google.com/url?q%3Dhttp://www.dolicloud.com%26sa%3DD%26usg%3DAFQjCNGdd9htz4JDciiMtScpBwK83qIRkw&amp;sa=D&amp;usg=AFQjCNGMpCbxNnU5BiK59e368K5AR0l_pg\" style=\"text-decoration: none; color: rgb(51, 105, 30); cursor: pointer;\" target=\"_blank\">http://www.dolicloud.com</a>).</p>',NULL,0.000,'',0.000,'0',0.000,'0',2,0,0,NULL,10.00000000,20.00000000,0.00000000,0.00000000,0.00000000,20.00000000,0,NULL,NULL,0,NULL,0.00000000,0,1,NULL,NULL,'EUR',10.00000000,20.00000000,0.00000000,20.00000000),(64,21,NULL,12,NULL,'Cloud hosting of Dolibarr ERP and CRM software',NULL,0.000,'',0.000,'0',0.000,'0',1,0,0,NULL,9.00000000,9.00000000,0.00000000,0.00000000,0.00000000,9.00000000,0,NULL,NULL,0,NULL,0.00000000,0,2,NULL,NULL,'EUR',9.00000000,9.00000000,0.00000000,9.00000000),(65,21,NULL,4,NULL,'Nice Bio Apple Pie.<br />\r\n&nbsp;',NULL,0.000,'',0.000,'0',0.000,'0',3,0,0,NULL,5.00000000,15.00000000,0.00000000,0.00000000,0.00000000,15.00000000,0,NULL,NULL,0,NULL,0.00000000,0,3,NULL,NULL,'EUR',5.00000000,15.00000000,0.00000000,15.00000000),(66,21,NULL,12,NULL,'Cloud hosting of Dolibarr ERP and CRM software',NULL,0.000,'',0.000,'0',0.000,'0',5,0,0,NULL,9.00000000,45.00000000,0.00000000,0.00000000,0.00000000,45.00000000,0,NULL,NULL,0,NULL,0.00000000,0,4,NULL,NULL,'EUR',9.00000000,45.00000000,0.00000000,45.00000000),(67,22,NULL,5,NULL,'<strong><span style=\"font-family:roboto,uilanguagefont,arial,sans-serif; font-size:14px\">DoliDroid is the Android front-end client for Dolibarr ERP &amp; CRM web software.</span><br />\r\n<span style=\"font-family:roboto,uilanguagefont,arial,sans-serif; font-size:14px\">This application is not a standalone program. It is a front end to use a online hosted Dolibarr ERP &amp; CRM software (an Open-source web software to manage your business).</span></strong>\r\n<p><u>The advantage of DoliDroid are :</u><br />\r\n- DoliDroid is not a duplicate code of Dolibarr, but a front-end of a Dolibarr web installation, so all your online existing features are supported by this application. This is also true for external modules features.<br />\r\n- Upgrading Dolibarr will not break DoliDroid.<br />\r\n- DoliDroid use embedded image resources to reduce bandwidth usage.<br />\r\n- DoliDroid use internal cache for pages that should not change (like menu page)<br />\r\n- Connections parameters are saved. No need to enter them each time you use DoliDroid.<br />\r\n- Integration with your phone or other applications (Clicking on PDF open PDF reader, clicking onto email or phone launch your email application or launch Android dialer, ...)</p>\r\n\r\n<p><span style=\"color:#DAA520\"><strong>WARNING !&nbsp;</strong></span></p>\r\n\r\n<p>This application need Android 4.0+ and a hosted Dolibarr ERP &amp; CRM version 3.5 or newer accessible by internet<br />\r\n(For example, when hosted on any SaaS solution like DoliCloud -&nbsp;<a href=\"https://www.google.com/url?q=https://www.google.com/url?q%3Dhttp://www.dolicloud.com%26sa%3DD%26usg%3DAFQjCNGdd9htz4JDciiMtScpBwK83qIRkw&amp;sa=D&amp;usg=AFQjCNGMpCbxNnU5BiK59e368K5AR0l_pg\" style=\"text-decoration: none; color: rgb(51, 105, 30); cursor: pointer;\" target=\"_blank\">http://www.dolicloud.com</a>).</p>',NULL,0.000,'',0.000,'0',0.000,'0',5,0,0,NULL,10.00000000,50.00000000,0.00000000,0.00000000,0.00000000,50.00000000,0,NULL,NULL,0,NULL,0.00000000,0,1,NULL,NULL,'EUR',10.00000000,50.00000000,0.00000000,50.00000000),(68,22,NULL,5,NULL,'<strong><span style=\"font-family:roboto,uilanguagefont,arial,sans-serif; font-size:14px\">DoliDroid is the Android front-end client for Dolibarr ERP &amp; CRM web software.</span><br />\r\n<span style=\"font-family:roboto,uilanguagefont,arial,sans-serif; font-size:14px\">This application is not a standalone program. It is a front end to use a online hosted Dolibarr ERP &amp; CRM software (an Open-source web software to manage your business).</span></strong>\r\n<p><u>The advantage of DoliDroid are :</u><br />\r\n- DoliDroid is not a duplicate code of Dolibarr, but a front-end of a Dolibarr web installation, so all your online existing features are supported by this application. This is also true for external modules features.<br />\r\n- Upgrading Dolibarr will not break DoliDroid.<br />\r\n- DoliDroid use embedded image resources to reduce bandwidth usage.<br />\r\n- DoliDroid use internal cache for pages that should not change (like menu page)<br />\r\n- Connections parameters are saved. No need to enter them each time you use DoliDroid.<br />\r\n- Integration with your phone or other applications (Clicking on PDF open PDF reader, clicking onto email or phone launch your email application or launch Android dialer, ...)</p>\r\n\r\n<p><span style=\"color:#DAA520\"><strong>WARNING !&nbsp;</strong></span></p>\r\n\r\n<p>This application need Android 4.0+ and a hosted Dolibarr ERP &amp; CRM version 3.5 or newer accessible by internet<br />\r\n(For example, when hosted on any SaaS solution like DoliCloud -&nbsp;<a href=\"https://www.google.com/url?q=https://www.google.com/url?q%3Dhttp://www.dolicloud.com%26sa%3DD%26usg%3DAFQjCNGdd9htz4JDciiMtScpBwK83qIRkw&amp;sa=D&amp;usg=AFQjCNGMpCbxNnU5BiK59e368K5AR0l_pg\" style=\"text-decoration: none; color: rgb(51, 105, 30); cursor: pointer;\" target=\"_blank\">http://www.dolicloud.com</a>).</p>',NULL,0.000,'',0.000,'0',0.000,'0',2,0,0,NULL,10.00000000,20.00000000,0.00000000,0.00000000,0.00000000,20.00000000,0,NULL,NULL,0,NULL,0.00000000,0,2,NULL,NULL,'EUR',10.00000000,20.00000000,0.00000000,20.00000000),(69,23,NULL,2,NULL,'',NULL,0.000,'',0.000,'0',0.000,'0',2,0,0,NULL,NULL,0.00000000,0.00000000,0.00000000,0.00000000,0.00000000,0,NULL,NULL,0,NULL,0.00000000,0,1,NULL,NULL,'EUR',0.00000000,0.00000000,0.00000000,0.00000000),(70,23,NULL,4,NULL,'Nice Bio Apple Pie.<br />\r\n&nbsp;',NULL,0.000,'',0.000,'0',0.000,'0',3,0,0,NULL,5.00000000,15.00000000,0.00000000,0.00000000,0.00000000,15.00000000,0,NULL,NULL,0,NULL,0.00000000,0,2,NULL,NULL,'EUR',5.00000000,15.00000000,0.00000000,15.00000000),(71,23,NULL,13,NULL,'A powerfull computer XP4523&nbsp;',NULL,0.000,'',0.000,'0',0.000,'0',3,0,0,NULL,100.00000000,300.00000000,0.00000000,0.00000000,0.00000000,300.00000000,0,NULL,NULL,0,NULL,0.00000000,0,3,NULL,NULL,'EUR',100.00000000,300.00000000,0.00000000,300.00000000),(72,23,NULL,1,NULL,'A beatifull pink dress',NULL,0.000,'',0.000,'0',0.000,'0',4,0,0,NULL,100.00000000,400.00000000,0.00000000,0.00000000,0.00000000,400.00000000,0,NULL,NULL,0,NULL,0.00000000,0,4,NULL,NULL,'EUR',100.00000000,400.00000000,0.00000000,400.00000000),(73,24,NULL,4,NULL,'Nice Bio Apple Pie.<br />\r\n&nbsp;',NULL,0.000,'',0.000,'0',0.000,'0',1,0,0,NULL,5.00000000,5.00000000,0.00000000,0.00000000,0.00000000,5.00000000,0,NULL,NULL,0,NULL,0.00000000,0,1,NULL,NULL,'EUR',5.00000000,5.00000000,0.00000000,5.00000000),(74,24,NULL,12,NULL,'Cloud hosting of Dolibarr ERP and CRM software',NULL,0.000,'',0.000,'0',0.000,'0',5,0,0,NULL,9.00000000,45.00000000,0.00000000,0.00000000,0.00000000,45.00000000,0,NULL,NULL,0,NULL,0.00000000,0,2,NULL,NULL,'EUR',9.00000000,45.00000000,0.00000000,45.00000000),(75,24,NULL,2,NULL,'',NULL,0.000,'',0.000,'0',0.000,'0',4,0,0,NULL,NULL,0.00000000,0.00000000,0.00000000,0.00000000,0.00000000,0,NULL,NULL,0,NULL,0.00000000,0,3,NULL,NULL,'EUR',0.00000000,0.00000000,0.00000000,0.00000000),(76,24,NULL,1,NULL,'A beatifull pink dress',NULL,0.000,'',0.000,'0',0.000,'0',2,0,0,NULL,100.00000000,200.00000000,0.00000000,0.00000000,0.00000000,200.00000000,0,NULL,NULL,0,NULL,0.00000000,0,4,NULL,NULL,'EUR',100.00000000,200.00000000,0.00000000,200.00000000),(77,25,NULL,10,NULL,'A powerfull computer XP4523&nbsp;',NULL,0.000,'',0.000,'0',0.000,'0',4,0,0,NULL,100.00000000,400.00000000,0.00000000,0.00000000,0.00000000,400.00000000,0,NULL,NULL,0,NULL,0.00000000,0,1,NULL,NULL,'EUR',100.00000000,400.00000000,0.00000000,400.00000000),(78,25,NULL,13,NULL,'A powerfull computer XP4523&nbsp;',NULL,0.000,'',0.000,'0',0.000,'0',3,0,0,NULL,100.00000000,300.00000000,0.00000000,0.00000000,0.00000000,300.00000000,0,NULL,NULL,0,NULL,0.00000000,0,2,NULL,NULL,'EUR',100.00000000,300.00000000,0.00000000,300.00000000),(79,25,NULL,10,NULL,'A powerfull computer XP4523&nbsp;',NULL,0.000,'',0.000,'0',0.000,'0',2,0,0,NULL,100.00000000,200.00000000,0.00000000,0.00000000,0.00000000,200.00000000,0,NULL,NULL,0,NULL,0.00000000,0,3,NULL,NULL,'EUR',100.00000000,200.00000000,0.00000000,200.00000000),(80,25,NULL,13,NULL,'A powerfull computer XP4523&nbsp;',NULL,0.000,'',0.000,'0',0.000,'0',1,0,0,NULL,100.00000000,100.00000000,0.00000000,0.00000000,0.00000000,100.00000000,0,NULL,NULL,0,NULL,0.00000000,0,4,NULL,NULL,'EUR',100.00000000,100.00000000,0.00000000,100.00000000),(81,25,NULL,12,NULL,'Cloud hosting of Dolibarr ERP and CRM software',NULL,0.000,'',0.000,'0',0.000,'0',2,0,0,NULL,9.00000000,18.00000000,0.00000000,0.00000000,0.00000000,18.00000000,0,NULL,NULL,0,NULL,0.00000000,0,5,NULL,NULL,'EUR',9.00000000,18.00000000,0.00000000,18.00000000),(82,26,NULL,10,NULL,'A powerfull computer XP4523&nbsp;',NULL,0.000,'',0.000,'0',0.000,'0',2,0,0,NULL,100.00000000,200.00000000,0.00000000,0.00000000,0.00000000,200.00000000,0,NULL,NULL,0,NULL,0.00000000,0,1,NULL,NULL,'EUR',100.00000000,200.00000000,0.00000000,200.00000000),(83,26,NULL,5,NULL,'<strong><span style=\"font-family:roboto,uilanguagefont,arial,sans-serif; font-size:14px\">DoliDroid is the Android front-end client for Dolibarr ERP &amp; CRM web software.</span><br />\r\n<span style=\"font-family:roboto,uilanguagefont,arial,sans-serif; font-size:14px\">This application is not a standalone program. It is a front end to use a online hosted Dolibarr ERP &amp; CRM software (an Open-source web software to manage your business).</span></strong>\r\n<p><u>The advantage of DoliDroid are :</u><br />\r\n- DoliDroid is not a duplicate code of Dolibarr, but a front-end of a Dolibarr web installation, so all your online existing features are supported by this application. This is also true for external modules features.<br />\r\n- Upgrading Dolibarr will not break DoliDroid.<br />\r\n- DoliDroid use embedded image resources to reduce bandwidth usage.<br />\r\n- DoliDroid use internal cache for pages that should not change (like menu page)<br />\r\n- Connections parameters are saved. No need to enter them each time you use DoliDroid.<br />\r\n- Integration with your phone or other applications (Clicking on PDF open PDF reader, clicking onto email or phone launch your email application or launch Android dialer, ...)</p>\r\n\r\n<p><span style=\"color:#DAA520\"><strong>WARNING !&nbsp;</strong></span></p>\r\n\r\n<p>This application need Android 4.0+ and a hosted Dolibarr ERP &amp; CRM version 3.5 or newer accessible by internet<br />\r\n(For example, when hosted on any SaaS solution like DoliCloud -&nbsp;<a href=\"https://www.google.com/url?q=https://www.google.com/url?q%3Dhttp://www.dolicloud.com%26sa%3DD%26usg%3DAFQjCNGdd9htz4JDciiMtScpBwK83qIRkw&amp;sa=D&amp;usg=AFQjCNGMpCbxNnU5BiK59e368K5AR0l_pg\" style=\"text-decoration: none; color: rgb(51, 105, 30); cursor: pointer;\" target=\"_blank\">http://www.dolicloud.com</a>).</p>',NULL,0.000,'',0.000,'0',0.000,'0',1,0,0,NULL,10.00000000,10.00000000,0.00000000,0.00000000,0.00000000,10.00000000,0,NULL,NULL,0,NULL,0.00000000,0,2,NULL,NULL,'EUR',10.00000000,10.00000000,0.00000000,10.00000000),(84,26,NULL,10,NULL,'A powerfull computer XP4523&nbsp;',NULL,0.000,'',0.000,'0',0.000,'0',3,0,0,NULL,100.00000000,300.00000000,0.00000000,0.00000000,0.00000000,300.00000000,0,NULL,NULL,0,NULL,0.00000000,0,3,NULL,NULL,'EUR',100.00000000,300.00000000,0.00000000,300.00000000),(85,26,NULL,13,NULL,'A powerfull computer XP4523&nbsp;',NULL,0.000,'',0.000,'0',0.000,'0',2,0,0,NULL,100.00000000,200.00000000,0.00000000,0.00000000,0.00000000,200.00000000,0,NULL,NULL,0,NULL,0.00000000,0,4,NULL,NULL,'EUR',100.00000000,200.00000000,0.00000000,200.00000000),(86,26,NULL,3,NULL,'',NULL,0.000,'',0.000,'0',0.000,'0',2,0,0,NULL,NULL,0.00000000,0.00000000,0.00000000,0.00000000,0.00000000,0,NULL,NULL,0,NULL,0.00000000,0,5,NULL,NULL,'EUR',0.00000000,0.00000000,0.00000000,0.00000000),(87,27,NULL,13,NULL,'A powerfull computer XP4523&nbsp;',NULL,0.000,'',0.000,'0',0.000,'0',3,0,0,NULL,100.00000000,300.00000000,0.00000000,0.00000000,0.00000000,300.00000000,0,NULL,NULL,0,NULL,0.00000000,0,1,NULL,NULL,'EUR',100.00000000,300.00000000,0.00000000,300.00000000),(88,27,NULL,3,NULL,'',NULL,0.000,'',0.000,'0',0.000,'0',2,0,0,NULL,NULL,0.00000000,0.00000000,0.00000000,0.00000000,0.00000000,0,NULL,NULL,0,NULL,0.00000000,0,2,NULL,NULL,'EUR',0.00000000,0.00000000,0.00000000,0.00000000),(89,28,NULL,4,NULL,'Nice Bio Apple Pie.<br />\r\n&nbsp;',NULL,0.000,'',0.000,'0',0.000,'0',2,0,0,NULL,5.00000000,10.00000000,0.00000000,0.00000000,0.00000000,10.00000000,0,NULL,NULL,0,NULL,0.00000000,0,1,NULL,NULL,'EUR',5.00000000,10.00000000,0.00000000,10.00000000),(90,28,NULL,5,NULL,'<strong><span style=\"font-family:roboto,uilanguagefont,arial,sans-serif; font-size:14px\">DoliDroid is the Android front-end client for Dolibarr ERP &amp; CRM web software.</span><br />\r\n<span style=\"font-family:roboto,uilanguagefont,arial,sans-serif; font-size:14px\">This application is not a standalone program. It is a front end to use a online hosted Dolibarr ERP &amp; CRM software (an Open-source web software to manage your business).</span></strong>\r\n<p><u>The advantage of DoliDroid are :</u><br />\r\n- DoliDroid is not a duplicate code of Dolibarr, but a front-end of a Dolibarr web installation, so all your online existing features are supported by this application. This is also true for external modules features.<br />\r\n- Upgrading Dolibarr will not break DoliDroid.<br />\r\n- DoliDroid use embedded image resources to reduce bandwidth usage.<br />\r\n- DoliDroid use internal cache for pages that should not change (like menu page)<br />\r\n- Connections parameters are saved. No need to enter them each time you use DoliDroid.<br />\r\n- Integration with your phone or other applications (Clicking on PDF open PDF reader, clicking onto email or phone launch your email application or launch Android dialer, ...)</p>\r\n\r\n<p><span style=\"color:#DAA520\"><strong>WARNING !&nbsp;</strong></span></p>\r\n\r\n<p>This application need Android 4.0+ and a hosted Dolibarr ERP &amp; CRM version 3.5 or newer accessible by internet<br />\r\n(For example, when hosted on any SaaS solution like DoliCloud -&nbsp;<a href=\"https://www.google.com/url?q=https://www.google.com/url?q%3Dhttp://www.dolicloud.com%26sa%3DD%26usg%3DAFQjCNGdd9htz4JDciiMtScpBwK83qIRkw&amp;sa=D&amp;usg=AFQjCNGMpCbxNnU5BiK59e368K5AR0l_pg\" style=\"text-decoration: none; color: rgb(51, 105, 30); cursor: pointer;\" target=\"_blank\">http://www.dolicloud.com</a>).</p>',NULL,0.000,'',0.000,'0',0.000,'0',3,0,0,NULL,10.00000000,30.00000000,0.00000000,0.00000000,0.00000000,30.00000000,0,NULL,NULL,0,NULL,0.00000000,0,2,NULL,NULL,'EUR',10.00000000,30.00000000,0.00000000,30.00000000),(91,28,NULL,2,NULL,'',NULL,0.000,'',0.000,'0',0.000,'0',5,0,0,NULL,NULL,0.00000000,0.00000000,0.00000000,0.00000000,0.00000000,0,NULL,NULL,0,NULL,0.00000000,0,3,NULL,NULL,'EUR',0.00000000,0.00000000,0.00000000,0.00000000),(92,28,NULL,1,NULL,'A beatifull pink dress',NULL,0.000,'',0.000,'0',0.000,'0',4,0,0,NULL,100.00000000,400.00000000,0.00000000,0.00000000,0.00000000,400.00000000,0,NULL,NULL,0,NULL,0.00000000,0,4,NULL,NULL,'EUR',100.00000000,400.00000000,0.00000000,400.00000000),(93,29,NULL,1,NULL,'A beatifull pink dress',NULL,0.000,'',0.000,'0',0.000,'0',3,0,0,NULL,100.00000000,300.00000000,0.00000000,0.00000000,0.00000000,300.00000000,0,NULL,NULL,0,NULL,0.00000000,0,1,NULL,NULL,'EUR',100.00000000,300.00000000,0.00000000,300.00000000),(94,29,NULL,1,NULL,'A beatifull pink dress',NULL,0.000,'',0.000,'0',0.000,'0',5,0,0,NULL,100.00000000,500.00000000,0.00000000,0.00000000,0.00000000,500.00000000,0,NULL,NULL,0,NULL,0.00000000,0,2,NULL,NULL,'EUR',100.00000000,500.00000000,0.00000000,500.00000000),(95,29,NULL,13,NULL,'A powerfull computer XP4523&nbsp;',NULL,0.000,'',0.000,'0',0.000,'0',2,0,0,NULL,100.00000000,200.00000000,0.00000000,0.00000000,0.00000000,200.00000000,0,NULL,NULL,0,NULL,0.00000000,0,3,NULL,NULL,'EUR',100.00000000,200.00000000,0.00000000,200.00000000),(96,30,NULL,13,NULL,'A powerfull computer XP4523&nbsp;',NULL,0.000,'',0.000,'0',0.000,'0',4,0,0,NULL,100.00000000,400.00000000,0.00000000,0.00000000,0.00000000,400.00000000,0,NULL,NULL,0,NULL,0.00000000,0,1,NULL,NULL,'EUR',100.00000000,400.00000000,0.00000000,400.00000000),(97,30,NULL,1,NULL,'A beatifull pink dress',NULL,0.000,'',0.000,'0',0.000,'0',2,0,0,NULL,100.00000000,200.00000000,0.00000000,0.00000000,0.00000000,200.00000000,0,NULL,NULL,0,NULL,0.00000000,0,2,NULL,NULL,'EUR',100.00000000,200.00000000,0.00000000,200.00000000),(98,30,NULL,10,NULL,'A powerfull computer XP4523&nbsp;',NULL,0.000,'',0.000,'0',0.000,'0',2,0,0,NULL,100.00000000,200.00000000,0.00000000,0.00000000,0.00000000,200.00000000,0,NULL,NULL,0,NULL,0.00000000,0,3,NULL,NULL,'EUR',100.00000000,200.00000000,0.00000000,200.00000000),(99,30,NULL,13,NULL,'A powerfull computer XP4523&nbsp;',NULL,0.000,'',0.000,'0',0.000,'0',4,0,0,NULL,100.00000000,400.00000000,0.00000000,0.00000000,0.00000000,400.00000000,0,NULL,NULL,0,NULL,0.00000000,0,4,NULL,NULL,'EUR',100.00000000,400.00000000,0.00000000,400.00000000),(100,31,NULL,4,NULL,'Nice Bio Apple Pie.<br />\r\n&nbsp;',NULL,0.000,'',0.000,'0',0.000,'0',4,0,0,NULL,5.00000000,20.00000000,0.00000000,0.00000000,0.00000000,20.00000000,0,NULL,NULL,0,NULL,0.00000000,0,1,NULL,NULL,'EUR',5.00000000,20.00000000,0.00000000,20.00000000),(101,31,NULL,13,NULL,'A powerfull computer XP4523&nbsp;',NULL,0.000,'',0.000,'0',0.000,'0',4,0,0,NULL,100.00000000,400.00000000,0.00000000,0.00000000,0.00000000,400.00000000,0,NULL,NULL,0,NULL,0.00000000,0,2,NULL,NULL,'EUR',100.00000000,400.00000000,0.00000000,400.00000000),(102,31,NULL,13,NULL,'A powerfull computer XP4523&nbsp;',NULL,0.000,'',0.000,'0',0.000,'0',3,0,0,NULL,100.00000000,300.00000000,0.00000000,0.00000000,0.00000000,300.00000000,0,NULL,NULL,0,NULL,0.00000000,0,3,NULL,NULL,'EUR',100.00000000,300.00000000,0.00000000,300.00000000),(103,31,NULL,3,NULL,'',NULL,0.000,'',0.000,'0',0.000,'0',2,0,0,NULL,NULL,0.00000000,0.00000000,0.00000000,0.00000000,0.00000000,0,NULL,NULL,0,NULL,0.00000000,0,4,NULL,NULL,'EUR',0.00000000,0.00000000,0.00000000,0.00000000),(104,32,NULL,12,NULL,'Cloud hosting of Dolibarr ERP and CRM software',NULL,0.000,'',0.000,'0',0.000,'0',5,0,0,NULL,9.00000000,45.00000000,0.00000000,0.00000000,0.00000000,45.00000000,0,NULL,NULL,0,NULL,0.00000000,0,1,NULL,NULL,'EUR',9.00000000,45.00000000,0.00000000,45.00000000),(105,32,NULL,10,NULL,'A powerfull computer XP4523&nbsp;',NULL,0.000,'',0.000,'0',0.000,'0',1,0,0,NULL,100.00000000,100.00000000,0.00000000,0.00000000,0.00000000,100.00000000,0,NULL,NULL,0,NULL,0.00000000,0,2,NULL,NULL,'EUR',100.00000000,100.00000000,0.00000000,100.00000000),(106,32,NULL,12,NULL,'Cloud hosting of Dolibarr ERP and CRM software',NULL,0.000,'',0.000,'0',0.000,'0',5,0,0,NULL,9.00000000,45.00000000,0.00000000,0.00000000,0.00000000,45.00000000,0,NULL,NULL,0,NULL,0.00000000,0,3,NULL,NULL,'EUR',9.00000000,45.00000000,0.00000000,45.00000000),(107,32,NULL,13,NULL,'A powerfull computer XP4523&nbsp;',NULL,0.000,'',0.000,'0',0.000,'0',4,0,0,NULL,100.00000000,400.00000000,0.00000000,0.00000000,0.00000000,400.00000000,0,NULL,NULL,0,NULL,0.00000000,0,4,NULL,NULL,'EUR',100.00000000,400.00000000,0.00000000,400.00000000),(108,32,NULL,12,NULL,'Cloud hosting of Dolibarr ERP and CRM software',NULL,0.000,'',0.000,'0',0.000,'0',2,0,0,NULL,9.00000000,18.00000000,0.00000000,0.00000000,0.00000000,18.00000000,0,NULL,NULL,0,NULL,0.00000000,0,5,NULL,NULL,'EUR',9.00000000,18.00000000,0.00000000,18.00000000),(109,10,NULL,NULL,NULL,'fdfd',NULL,0.000,'',0.000,'0',0.000,'0',1,0,0,NULL,10.00000000,10.00000000,0.00000000,0.00000000,0.00000000,10.00000000,0,NULL,NULL,0,NULL,0.00000000,0,1,NULL,NULL,'',10.00000000,10.00000000,0.00000000,10.00000000),(110,33,NULL,3,NULL,'aaa',NULL,0.000,'',0.000,'0',0.000,'0',1,0,0,NULL,0.00000000,0.00000000,0.00000000,0.00000000,0.00000000,0.00000000,1,NULL,NULL,0,NULL,0.00000000,0,1,NULL,1,'EUR',0.00000000,0.00000000,0.00000000,0.00000000),(111,34,NULL,NULL,NULL,'fd',NULL,0.000,'',0.000,'0',0.000,'0',1,0,0,NULL,10.00000000,10.00000000,0.00000000,0.00000000,0.00000000,10.00000000,0,NULL,NULL,0,NULL,0.00000000,0,1,NULL,1,'EUR',10.00000000,10.00000000,0.00000000,10.00000000),(114,22,NULL,11,NULL,'A nice rollup',NULL,0.000,'',0.000,'0',0.000,'0',1,0,0,NULL,0.00000000,0.00000000,0.00000000,0.00000000,0.00000000,0.00000000,0,NULL,NULL,0,NULL,0.00000000,0,3,NULL,NULL,'EUR',0.00000000,0.00000000,0.00000000,0.00000000),(115,35,NULL,11,NULL,'A nice rollup',NULL,0.000,'',0.000,'0',0.000,'0',1,0,0,NULL,0.00000000,0.00000000,0.00000000,0.00000000,0.00000000,0.00000000,0,NULL,NULL,0,NULL,12.00000000,0,1,NULL,1,'EUR',0.00000000,0.00000000,0.00000000,0.00000000),(116,35,NULL,4,NULL,'Nice Bio Apple Pie.<br />\r\n&nbsp;',NULL,0.000,'',0.000,'0',0.000,'0',1,0,0,NULL,5.00000000,5.00000000,0.00000000,0.00000000,0.00000000,5.00000000,0,NULL,NULL,0,NULL,10.00000000,0,2,NULL,1,'EUR',5.00000000,5.00000000,0.00000000,5.00000000),(119,36,NULL,4,NULL,'Nice Bio Apple Pie.<br />\r\n&nbsp;',NULL,4.000,'',0.000,'0',0.000,'0',1,0,0,6,6.00000000,6.00000000,0.24000000,0.00000000,0.00000000,6.24000000,0,NULL,NULL,0,NULL,10.00000000,0,1,NULL,1,'EUR',6.00000000,6.00000000,0.24000000,6.24000000),(120,37,NULL,4,NULL,'Nice Bio Apple Pie.<br />\r\n&nbsp;',NULL,0.000,'',0.000,'0',0.000,'0',1,0,0,NULL,10.00000000,10.00000000,0.00000000,0.00000000,0.00000000,10.00000000,0,NULL,NULL,0,NULL,10.00000000,0,1,NULL,1,'EUR',10.00000000,10.00000000,0.00000000,10.00000000),(121,36,NULL,NULL,NULL,'aaa',NULL,0.000,'',0.000,'0',0.000,'0',1,0,0,-2,-2.00000000,-2.00000000,0.00000000,0.00000000,0.00000000,-2.00000000,0,NULL,NULL,0,NULL,0.00000000,0,2,NULL,1,'EUR',-2.00000000,-2.00000000,0.00000000,-2.00000000);

--
-- Table structure for table `llx_propaldet_extrafields`
--

CREATE TABLE `llx_propaldet_extrafields` (
  `rowid` int(11) NOT NULL AUTO_INCREMENT,
  `tms` timestamp NOT NULL DEFAULT current_timestamp() ON UPDATE current_timestamp(),
  `fk_object` int(11) NOT NULL,
  `import_key` varchar(14) COLLATE utf8_unicode_ci DEFAULT NULL,
  PRIMARY KEY (`rowid`),
  KEY `idx_propaldet_extrafields` (`fk_object`)
) ENGINE=InnoDB DEFAULT CHARSET=utf8 COLLATE=utf8_unicode_ci;

--
-- Dumping data for table `llx_propaldet_extrafields`
--


--
-- Table structure for table `llx_reception`
--

CREATE TABLE `llx_reception` (
  `rowid` int(11) NOT NULL AUTO_INCREMENT,
  `tms` timestamp NOT NULL DEFAULT current_timestamp() ON UPDATE current_timestamp(),
  `ref` varchar(30) COLLATE utf8_unicode_ci NOT NULL,
  `entity` int(11) NOT NULL DEFAULT 1,
  `fk_soc` int(11) NOT NULL,
  `fk_projet` int(11) DEFAULT NULL,
  `ref_ext` varchar(30) COLLATE utf8_unicode_ci DEFAULT NULL,
  `ref_int` varchar(30) COLLATE utf8_unicode_ci DEFAULT NULL,
  `ref_supplier` varchar(30) COLLATE utf8_unicode_ci DEFAULT NULL,
  `date_creation` datetime DEFAULT NULL,
  `fk_user_author` int(11) DEFAULT NULL,
  `fk_user_modif` int(11) DEFAULT NULL,
  `date_valid` datetime DEFAULT NULL,
  `fk_user_valid` int(11) DEFAULT NULL,
  `date_delivery` datetime DEFAULT NULL,
  `date_reception` datetime DEFAULT NULL,
  `fk_shipping_method` int(11) DEFAULT NULL,
  `tracking_number` varchar(50) COLLATE utf8_unicode_ci DEFAULT NULL,
  `fk_statut` smallint(6) DEFAULT 0,
  `billed` smallint(6) DEFAULT 0,
  `height` float DEFAULT NULL,
  `width` float DEFAULT NULL,
  `size_units` int(11) DEFAULT NULL,
  `size` float DEFAULT NULL,
  `weight_units` int(11) DEFAULT NULL,
  `weight` float DEFAULT NULL,
  `note_private` text COLLATE utf8_unicode_ci DEFAULT NULL,
  `note_public` text COLLATE utf8_unicode_ci DEFAULT NULL,
  `model_pdf` varchar(255) COLLATE utf8_unicode_ci DEFAULT NULL,
  `fk_incoterms` int(11) DEFAULT NULL,
  `location_incoterms` varchar(255) COLLATE utf8_unicode_ci DEFAULT NULL,
  `import_key` varchar(14) COLLATE utf8_unicode_ci DEFAULT NULL,
  `extraparams` varchar(255) COLLATE utf8_unicode_ci DEFAULT NULL,
  PRIMARY KEY (`rowid`),
  UNIQUE KEY `idx_reception_uk_ref` (`ref`,`entity`),
  KEY `idx_reception_fk_soc` (`fk_soc`),
  KEY `idx_reception_fk_user_author` (`fk_user_author`),
  KEY `idx_reception_fk_user_valid` (`fk_user_valid`),
  KEY `idx_reception_fk_shipping_method` (`fk_shipping_method`),
  CONSTRAINT `fk_reception_fk_shipping_method` FOREIGN KEY (`fk_shipping_method`) REFERENCES `llx_c_shipment_mode` (`rowid`),
  CONSTRAINT `fk_reception_fk_soc` FOREIGN KEY (`fk_soc`) REFERENCES `llx_societe` (`rowid`),
  CONSTRAINT `fk_reception_fk_user_author` FOREIGN KEY (`fk_user_author`) REFERENCES `llx_user` (`rowid`),
  CONSTRAINT `fk_reception_fk_user_valid` FOREIGN KEY (`fk_user_valid`) REFERENCES `llx_user` (`rowid`)
) ENGINE=InnoDB AUTO_INCREMENT=2 DEFAULT CHARSET=utf8 COLLATE=utf8_unicode_ci;

--
-- Dumping data for table `llx_reception`
--

INSERT INTO `llx_reception` VALUES (1,'2021-04-15 11:41:05','RCP2104-0001',1,1,10,NULL,NULL,NULL,'2021-04-15 08:40:04',12,NULL,'2021-04-15 08:40:18',12,'2021-04-23 00:00:00',NULL,NULL,'',1,0,NULL,NULL,0,NULL,0,NULL,NULL,NULL,NULL,0,'',NULL,NULL);

--
-- Table structure for table `llx_reception_extrafields`
--

CREATE TABLE `llx_reception_extrafields` (
  `rowid` int(11) NOT NULL AUTO_INCREMENT,
  `tms` timestamp NOT NULL DEFAULT current_timestamp() ON UPDATE current_timestamp(),
  `fk_object` int(11) NOT NULL,
  `import_key` varchar(14) COLLATE utf8_unicode_ci DEFAULT NULL,
  PRIMARY KEY (`rowid`),
  KEY `idx_reception_extrafields` (`fk_object`)
) ENGINE=InnoDB DEFAULT CHARSET=utf8 COLLATE=utf8_unicode_ci;

--
-- Dumping data for table `llx_reception_extrafields`
--


--
-- Table structure for table `llx_recruitment_recruitmentcandidature`
--

CREATE TABLE `llx_recruitment_recruitmentcandidature` (
  `rowid` int(11) NOT NULL AUTO_INCREMENT,
  `fk_recruitmentjobposition` int(11) DEFAULT NULL,
  `ref` varchar(128) CHARACTER SET utf8mb4 NOT NULL DEFAULT '(PROV)',
  `description` text CHARACTER SET utf8mb4 DEFAULT NULL,
  `note_public` text CHARACTER SET utf8mb4 DEFAULT NULL,
  `note_private` text CHARACTER SET utf8mb4 DEFAULT NULL,
  `date_creation` datetime NOT NULL,
  `tms` timestamp NOT NULL DEFAULT current_timestamp() ON UPDATE current_timestamp(),
  `fk_user_creat` int(11) NOT NULL,
  `fk_user_modif` int(11) DEFAULT NULL,
  `import_key` varchar(14) CHARACTER SET utf8mb4 DEFAULT NULL,
  `model_pdf` varchar(255) CHARACTER SET utf8mb4 DEFAULT NULL,
  `status` smallint(6) NOT NULL,
  `firstname` varchar(128) CHARACTER SET utf8mb4 DEFAULT NULL,
  `lastname` varchar(128) CHARACTER SET utf8mb4 DEFAULT NULL,
  `email` varchar(255) CHARACTER SET utf8mb4 DEFAULT NULL,
  `phone` varchar(64) CHARACTER SET utf8mb4 DEFAULT NULL,
  `remuneration_requested` int(11) DEFAULT NULL,
  `remuneration_proposed` int(11) DEFAULT NULL,
  `fk_recruitment_origin` int(11) DEFAULT NULL,
  `email_msgid` varchar(175) COLLATE utf8_unicode_ci DEFAULT NULL,
  `entity` int(11) NOT NULL DEFAULT 1,
  `date_birth` date DEFAULT NULL,
  PRIMARY KEY (`rowid`),
  UNIQUE KEY `uk_recruitmentcandidature_email_msgid` (`email_msgid`),
  KEY `idx_recruitment_recruitmentcandidature_rowid` (`rowid`),
  KEY `idx_recruitment_recruitmentcandidature_ref` (`ref`),
  KEY `llx_recruitment_recruitmentcandidature_fk_user_creat` (`fk_user_creat`),
  KEY `idx_recruitment_recruitmentcandidature_status` (`status`),
  CONSTRAINT `llx_recruitment_recruitmentcandidature_fk_user_creat` FOREIGN KEY (`fk_user_creat`) REFERENCES `llx_user` (`rowid`)
) ENGINE=InnoDB AUTO_INCREMENT=120 DEFAULT CHARSET=utf8 COLLATE=utf8_unicode_ci;

--
-- Dumping data for table `llx_recruitment_recruitmentcandidature`
--

INSERT INTO `llx_recruitment_recruitmentcandidature` VALUES (118,3,'(PROV118)','',NULL,NULL,'2021-04-15 07:28:32','2021-04-15 10:28:32',12,NULL,NULL,NULL,0,'Stud','Studson','student1@myschool.com','',20000,NULL,NULL,NULL,1,'2005-04-15'),(119,4,'(PROV119)','',NULL,NULL,'2021-04-15 07:29:26','2021-04-15 10:29:26',12,NULL,NULL,NULL,3,'Garfield','Erika','egarfield@example.com','',40000,NULL,NULL,NULL,1,'1990-04-15');

--
-- Table structure for table `llx_recruitment_recruitmentcandidature_extrafields`
--

CREATE TABLE `llx_recruitment_recruitmentcandidature_extrafields` (
  `rowid` int(11) NOT NULL AUTO_INCREMENT,
  `tms` timestamp NOT NULL DEFAULT current_timestamp() ON UPDATE current_timestamp(),
  `fk_object` int(11) NOT NULL,
  `import_key` varchar(14) CHARACTER SET utf8mb4 DEFAULT NULL,
  `aa` varchar(255) CHARACTER SET utf8mb4 DEFAULT NULL,
  PRIMARY KEY (`rowid`),
  KEY `idx_fk_object` (`fk_object`),
  KEY `idx_recruitmentcandidature_fk_object` (`fk_object`)
) ENGINE=InnoDB AUTO_INCREMENT=22 DEFAULT CHARSET=utf8 COLLATE=utf8_unicode_ci;

--
-- Dumping data for table `llx_recruitment_recruitmentcandidature_extrafields`
--

INSERT INTO `llx_recruitment_recruitmentcandidature_extrafields` VALUES (16,'2020-08-25 10:40:58',95,NULL,NULL),(17,'2020-08-25 10:52:58',72,NULL,NULL),(18,'2020-09-06 09:44:55',65,NULL,'fdsfsd'),(19,'2020-09-15 22:45:41',67,NULL,NULL),(20,'2020-11-04 10:14:10',112,NULL,NULL),(21,'2020-11-04 12:02:32',68,NULL,'aaaa');

--
-- Table structure for table `llx_recruitment_recruitmentjobposition`
--

CREATE TABLE `llx_recruitment_recruitmentjobposition` (
  `rowid` int(11) NOT NULL AUTO_INCREMENT,
  `ref` varchar(128) CHARACTER SET utf8mb4 NOT NULL DEFAULT '(PROV)',
  `label` varchar(255) CHARACTER SET utf8mb4 NOT NULL,
  `qty` int(11) NOT NULL DEFAULT 1,
  `fk_soc` int(11) DEFAULT NULL,
  `fk_project` int(11) DEFAULT NULL,
  `fk_user_recruiter` int(11) DEFAULT NULL,
  `fk_user_supervisor` int(11) DEFAULT NULL,
  `fk_establishment` int(11) DEFAULT NULL,
  `date_planned` date DEFAULT NULL,
  `description` text CHARACTER SET utf8mb4 DEFAULT NULL,
  `note_public` text CHARACTER SET utf8mb4 DEFAULT NULL,
  `note_private` text CHARACTER SET utf8mb4 DEFAULT NULL,
  `date_creation` datetime NOT NULL,
  `tms` timestamp NOT NULL DEFAULT current_timestamp() ON UPDATE current_timestamp(),
  `fk_user_creat` int(11) NOT NULL,
  `fk_user_modif` int(11) DEFAULT NULL,
  `import_key` varchar(14) CHARACTER SET utf8mb4 DEFAULT NULL,
  `model_pdf` varchar(255) CHARACTER SET utf8mb4 DEFAULT NULL,
  `status` smallint(6) NOT NULL,
  `last_main_doc` varchar(255) CHARACTER SET utf8mb4 DEFAULT NULL,
  `email_recruiter` varchar(255) CHARACTER SET utf8mb4 DEFAULT NULL,
  `entity` int(11) NOT NULL DEFAULT 1,
  `remuneration` varchar(255) CHARACTER SET utf8mb4 DEFAULT NULL,
  `remuneration_suggested` varchar(255) CHARACTER SET utf8mb4 DEFAULT NULL,
  PRIMARY KEY (`rowid`),
  KEY `idx_recruitment_recruitmentjobposition_rowid` (`rowid`),
  KEY `idx_recruitment_recruitmentjobposition_ref` (`ref`),
  KEY `idx_recruitment_recruitmentjobposition_fk_soc` (`fk_soc`),
  KEY `idx_recruitment_recruitmentjobposition_fk_project` (`fk_project`),
  KEY `llx_recruitment_recruitmentjobposition_fk_user_recruiter` (`fk_user_recruiter`),
  KEY `llx_recruitment_recruitmentjobposition_fk_user_supervisor` (`fk_user_supervisor`),
  KEY `llx_recruitment_recruitmentjobposition_fk_establishment` (`fk_establishment`),
  KEY `llx_recruitment_recruitmentjobposition_fk_user_creat` (`fk_user_creat`),
  KEY `idx_recruitment_recruitmentjobposition_status` (`status`),
  CONSTRAINT `llx_recruitment_recruitmentjobposition_fk_establishment` FOREIGN KEY (`fk_establishment`) REFERENCES `llx_establishment` (`rowid`),
  CONSTRAINT `llx_recruitment_recruitmentjobposition_fk_user_creat` FOREIGN KEY (`fk_user_creat`) REFERENCES `llx_user` (`rowid`),
  CONSTRAINT `llx_recruitment_recruitmentjobposition_fk_user_recruiter` FOREIGN KEY (`fk_user_recruiter`) REFERENCES `llx_user` (`rowid`),
  CONSTRAINT `llx_recruitment_recruitmentjobposition_fk_user_supervisor` FOREIGN KEY (`fk_user_supervisor`) REFERENCES `llx_user` (`rowid`)
) ENGINE=InnoDB AUTO_INCREMENT=5 DEFAULT CHARSET=utf8 COLLATE=utf8_unicode_ci;

--
-- Dumping data for table `llx_recruitment_recruitmentjobposition`
--

INSERT INTO `llx_recruitment_recruitmentjobposition` VALUES (2,'JOB2008-0001','Web designer',1,NULL,NULL,12,NULL,9,NULL,'Knowing HTML + CSS',NULL,'','2020-08-06 13:25:00','2020-09-02 17:17:47',12,12,NULL,'standard_recruitmentjobposition',3,'recruitment/recruitmentjobposition/JOB2008-0001/JOB2008-0001.pdf','',1,NULL,'To negociate'),(3,'JOB2009-0002','PHP Developer Senior',1,NULL,NULL,12,NULL,NULL,NULL,'5 years of experience required<br />\r\n<br />\r\nLocation: Berlin<br />\r\n&nbsp;',NULL,'','2020-09-02 17:23:00','2020-11-03 13:55:00',12,12,NULL,NULL,1,'recruitment/recruitmentjobposition/JOB2009-0002/JOB2009-0002.pdf','',1,NULL,'40000 - 50000'),(4,'JOB2009-0003','PHP Developer Junior',1,NULL,NULL,12,NULL,NULL,NULL,'Location: Madrid<br />\r\nWe are looking for a curious developer to work in our Web division.',NULL,NULL,'2020-11-11 17:24:00','2020-11-03 13:58:06',12,12,NULL,NULL,1,'recruitment/recruitmentjobposition/JOB2009-0003/JOB2009-0003.pdf','4444',1,NULL,'');

--
-- Table structure for table `llx_recruitment_recruitmentjobposition_extrafields`
--

CREATE TABLE `llx_recruitment_recruitmentjobposition_extrafields` (
  `rowid` int(11) NOT NULL AUTO_INCREMENT,
  `tms` timestamp NOT NULL DEFAULT current_timestamp() ON UPDATE current_timestamp(),
  `fk_object` int(11) NOT NULL,
  `import_key` varchar(14) CHARACTER SET utf8mb4 DEFAULT NULL,
  `bbb` double(24,8) DEFAULT NULL,
  PRIMARY KEY (`rowid`),
  KEY `idx_fk_object` (`fk_object`),
  KEY `idx_recruitmentjobposition_fk_object` (`fk_object`)
) ENGINE=InnoDB AUTO_INCREMENT=19 DEFAULT CHARSET=utf8 COLLATE=utf8_unicode_ci;

--
-- Dumping data for table `llx_recruitment_recruitmentjobposition_extrafields`
--

INSERT INTO `llx_recruitment_recruitmentjobposition_extrafields` VALUES (6,'2020-09-06 18:39:58',2,NULL,NULL),(7,'2020-11-03 13:54:53',3,NULL,5.00000000),(18,'2020-11-09 08:51:51',4,NULL,NULL);

--
-- Table structure for table `llx_resource`
--

CREATE TABLE `llx_resource` (
  `rowid` int(11) NOT NULL AUTO_INCREMENT,
  `entity` int(11) NOT NULL DEFAULT 1,
  `ref` varchar(255) COLLATE utf8_unicode_ci DEFAULT NULL,
  `asset_number` varchar(255) COLLATE utf8_unicode_ci DEFAULT NULL,
  `description` text COLLATE utf8_unicode_ci DEFAULT NULL,
  `fk_code_type_resource` varchar(32) COLLATE utf8_unicode_ci DEFAULT NULL,
  `note_public` text COLLATE utf8_unicode_ci DEFAULT NULL,
  `note_private` text COLLATE utf8_unicode_ci DEFAULT NULL,
  `tms` timestamp NOT NULL DEFAULT current_timestamp() ON UPDATE current_timestamp(),
  `datec` datetime DEFAULT NULL,
  `date_valid` datetime DEFAULT NULL,
  `fk_user_author` int(11) DEFAULT NULL,
  `fk_user_modif` int(11) DEFAULT NULL,
  `fk_user_valid` int(11) DEFAULT NULL,
  `fk_statut` smallint(6) NOT NULL DEFAULT 0,
  `import_key` varchar(14) COLLATE utf8_unicode_ci DEFAULT NULL,
  `extraparams` varchar(255) COLLATE utf8_unicode_ci DEFAULT NULL,
  `fk_country` int(11) DEFAULT NULL,
  PRIMARY KEY (`rowid`),
  UNIQUE KEY `uk_resource_ref` (`ref`,`entity`),
  KEY `fk_code_type_resource_idx` (`fk_code_type_resource`),
  KEY `idx_resource_fk_country` (`fk_country`),
  CONSTRAINT `fk_resource_fk_country` FOREIGN KEY (`fk_country`) REFERENCES `llx_c_country` (`rowid`)
) ENGINE=InnoDB AUTO_INCREMENT=5 DEFAULT CHARSET=utf8 COLLATE=utf8_unicode_ci;

--
-- Dumping data for table `llx_resource`
--

INSERT INTO `llx_resource` VALUES (1,1,'Car Kangoo 1',NULL,'Car number 1 - Num XDF-45-GH','RES_CARS',NULL,NULL,'2017-02-20 16:44:12',NULL,NULL,NULL,NULL,NULL,0,NULL,NULL,NULL),(2,1,'Car Kangoo 2',NULL,'Car number 2 - Num GHY-78-JJ','RES_CARS',NULL,NULL,'2017-02-20 16:44:01',NULL,NULL,NULL,NULL,NULL,0,NULL,NULL,NULL),(3,1,'Meeting room - 14p',NULL,'Meeting room<br />\r\n14 places','RES_ROOMS',NULL,NULL,'2017-02-20 16:44:38',NULL,NULL,NULL,NULL,NULL,0,NULL,NULL,NULL),(4,1,'Meeting room - 8p',NULL,'Meeting room 8 places','RES_ROOMS',NULL,NULL,'2020-06-12 17:14:48',NULL,NULL,NULL,NULL,NULL,0,NULL,NULL,NULL);

--
-- Table structure for table `llx_resource_extrafields`
--

CREATE TABLE `llx_resource_extrafields` (
  `rowid` int(11) NOT NULL AUTO_INCREMENT,
  `tms` timestamp NOT NULL DEFAULT current_timestamp() ON UPDATE current_timestamp(),
  `fk_object` int(11) NOT NULL,
  `import_key` varchar(14) COLLATE utf8_unicode_ci DEFAULT NULL,
  PRIMARY KEY (`rowid`),
  KEY `idx_resource_extrafields` (`fk_object`)
) ENGINE=InnoDB DEFAULT CHARSET=utf8 COLLATE=utf8_unicode_ci;

--
-- Dumping data for table `llx_resource_extrafields`
--


--
-- Table structure for table `llx_rights_def`
--

CREATE TABLE `llx_rights_def` (
  `id` int(11) NOT NULL DEFAULT 0,
  `libelle` varchar(255) COLLATE utf8_unicode_ci DEFAULT NULL,
  `module` varchar(64) COLLATE utf8_unicode_ci DEFAULT NULL,
  `entity` int(11) NOT NULL DEFAULT 1,
  `perms` varchar(50) COLLATE utf8_unicode_ci DEFAULT NULL,
  `subperms` varchar(50) COLLATE utf8_unicode_ci DEFAULT NULL,
  `type` varchar(1) COLLATE utf8_unicode_ci DEFAULT NULL,
  `bydefault` tinyint(4) DEFAULT 0,
  `module_position` int(11) NOT NULL DEFAULT 0,
  `family_position` int(11) NOT NULL DEFAULT 0,
  PRIMARY KEY (`id`,`entity`)
) ENGINE=InnoDB DEFAULT CHARSET=utf8 COLLATE=utf8_unicode_ci;

--
-- Dumping data for table `llx_rights_def`
--

INSERT INTO `llx_rights_def` VALUES (11,'Read invoices','facture',1,'lire',NULL,'a',0,11,0),(11,'Lire les factures','facture',2,'lire',NULL,'a',1,10,0),(12,'Create and update invoices','facture',1,'creer',NULL,'a',0,11,0),(12,'Creer/modifier les factures','facture',2,'creer',NULL,'a',0,10,0),(13,'Devalidate invoices','facture',1,'invoice_advance','unvalidate','a',0,11,0),(13,'Dévalider les factures','facture',2,'invoice_advance','unvalidate','a',0,10,0),(14,'Validate invoices','facture',1,'invoice_advance','validate','a',0,11,0),(14,'Valider les factures','facture',2,'valider',NULL,'a',0,10,0),(15,'Send invoices by email','facture',1,'invoice_advance','send','a',0,11,0),(15,'Envoyer les factures par mail','facture',2,'invoice_advance','send','a',0,10,0),(16,'Issue payments on invoices','facture',1,'paiement',NULL,'a',0,11,0),(16,'Emettre des paiements sur les factures','facture',2,'paiement',NULL,'a',0,10,0),(19,'Delete invoices','facture',1,'supprimer',NULL,'a',0,11,0),(19,'Supprimer les factures','facture',2,'supprimer',NULL,'a',0,10,0),(21,'Lire les propositions commerciales','propale',1,'lire',NULL,'r',1,22,0),(21,'Lire les propositions commerciales','propale',2,'lire',NULL,'r',1,22,0),(22,'Creer/modifier les propositions commerciales','propale',1,'creer',NULL,'w',0,22,0),(22,'Creer/modifier les propositions commerciales','propale',2,'creer',NULL,'w',0,22,0),(24,'Valider les propositions commerciales','propale',1,'propal_advance','validate','d',0,22,0),(24,'Valider les propositions commerciales','propale',2,'valider',NULL,'d',0,22,0),(25,'Envoyer les propositions commerciales aux clients','propale',1,'propal_advance','send','d',0,22,0),(25,'Envoyer les propositions commerciales aux clients','propale',2,'propal_advance','send','d',0,22,0),(26,'Cloturer les propositions commerciales','propale',1,'propal_advance','close','d',0,22,0),(26,'Cloturer les propositions commerciales','propale',2,'propal_advance','close','d',0,22,0),(27,'Supprimer les propositions commerciales','propale',1,'supprimer',NULL,'d',0,22,0),(27,'Supprimer les propositions commerciales','propale',2,'supprimer',NULL,'d',0,22,0),(28,'Exporter les propositions commerciales et attributs','propale',1,'export',NULL,'r',0,22,0),(28,'Exporter les propositions commerciales et attributs','propale',2,'export',NULL,'r',0,22,0),(31,'Lire les produits','produit',1,'lire',NULL,'r',1,25,0),(31,'Lire les produits','produit',2,'lire',NULL,'r',1,25,0),(32,'Creer/modifier les produits','produit',1,'creer',NULL,'w',0,25,0),(32,'Creer/modifier les produits','produit',2,'creer',NULL,'w',0,25,0),(34,'Supprimer les produits','produit',1,'supprimer',NULL,'d',0,25,0),(34,'Supprimer les produits','produit',2,'supprimer',NULL,'d',0,25,0),(38,'Exporter les produits','produit',1,'export',NULL,'r',0,25,0),(38,'Exporter les produits','produit',2,'export',NULL,'r',0,25,0),(39,'Ignore minimum price','produit',1,'ignore_price_min_advance',NULL,'r',0,25,0),(41,'Read projects and tasks (shared projects or projects I am contact for). Can also enter time consumed on assigned tasks (timesheet)','projet',1,'lire',NULL,'r',1,14,0),(42,'Create/modify projects and tasks (shared projects or projects I am contact for)','projet',1,'creer',NULL,'w',0,14,0),(44,'Delete project and tasks (shared projects or projects I am contact for)','projet',1,'supprimer',NULL,'d',0,14,0),(45,'Export projects','projet',1,'export',NULL,'d',0,14,0),(61,'Lire les fiches d\'intervention','ficheinter',1,'lire',NULL,'r',1,41,0),(62,'Creer/modifier les fiches d\'intervention','ficheinter',1,'creer',NULL,'w',0,41,0),(64,'Supprimer les fiches d\'intervention','ficheinter',1,'supprimer',NULL,'d',0,41,0),(67,'Exporter les fiches interventions','ficheinter',1,'export',NULL,'r',0,41,0),(68,'Envoyer les fiches d\'intervention par courriel','ficheinter',1,'ficheinter_advance','send','r',0,41,0),(69,'Valider les fiches d\'intervention ','ficheinter',1,'ficheinter_advance','validate','a',0,41,0),(70,'Dévalider les fiches d\'intervention','ficheinter',1,'ficheinter_advance','unvalidate','a',0,41,0),(71,'Read members\' card','adherent',1,'lire',NULL,'r',0,55,0),(72,'Create/modify members (need also user module permissions if member linked to a user)','adherent',1,'creer',NULL,'w',0,55,0),(74,'Remove members','adherent',1,'supprimer',NULL,'d',0,55,0),(75,'Setup types of membership','adherent',1,'configurer',NULL,'w',0,55,0),(76,'Export members','adherent',1,'export',NULL,'r',0,55,0),(78,'Read subscriptions','adherent',1,'cotisation','lire','r',0,55,0),(79,'Create/modify/remove subscriptions','adherent',1,'cotisation','creer','w',0,55,0),(81,'Read sales orders','commande',1,'lire',NULL,'r',0,11,0),(82,'Creeat/modify sales orders','commande',1,'creer',NULL,'w',0,11,0),(84,'Validate sales orders','commande',1,'order_advance','validate','d',0,11,0),(86,'Send sale orders by email','commande',1,'order_advance','send','d',0,11,0),(87,'Close sale orders','commande',1,'order_advance','close','d',0,11,0),(88,'Cancel sale orders','commande',1,'order_advance','annuler','d',0,11,0),(89,'Delete sales orders','commande',1,'supprimer',NULL,'d',0,11,0),(91,'Lire les charges','tax',1,'charges','lire','r',0,50,0),(91,'Lire les charges','tax',2,'charges','lire','r',1,50,0),(92,'Creer/modifier les charges','tax',1,'charges','creer','w',0,50,0),(92,'Creer/modifier les charges','tax',2,'charges','creer','w',0,50,0),(93,'Supprimer les charges','tax',1,'charges','supprimer','d',0,50,0),(93,'Supprimer les charges','tax',2,'charges','supprimer','d',0,50,0),(94,'Exporter les charges','tax',1,'charges','export','r',0,50,0),(94,'Exporter les charges','tax',2,'charges','export','r',0,50,0),(101,'Lire les expeditions','expedition',1,'lire',NULL,'r',0,40,0),(102,'Creer modifier les expeditions','expedition',1,'creer',NULL,'w',0,40,0),(104,'Valider les expeditions','expedition',1,'shipping_advance','validate','d',0,40,0),(105,'Envoyer les expeditions aux clients','expedition',1,'shipping_advance','send','d',0,40,0),(106,'Exporter les expeditions','expedition',1,'shipment','export','r',0,40,0),(109,'Supprimer les expeditions','expedition',1,'supprimer',NULL,'d',0,40,0),(111,'Read bank account and transactions','banque',1,'lire',NULL,'r',0,51,0),(111,'Lire les comptes bancaires','banque',2,'lire',NULL,'r',1,51,0),(112,'Creer/modifier montant/supprimer ecriture bancaire','banque',1,'modifier',NULL,'w',0,51,0),(112,'Creer/modifier montant/supprimer ecriture bancaire','banque',2,'modifier',NULL,'w',0,51,0),(113,'Configurer les comptes bancaires (creer, gerer categories)','banque',1,'configurer',NULL,'a',0,51,0),(113,'Configurer les comptes bancaires (creer, gerer categories)','banque',2,'configurer',NULL,'a',0,51,0),(114,'Rapprocher les ecritures bancaires','banque',1,'consolidate',NULL,'w',0,51,0),(114,'Rapprocher les ecritures bancaires','banque',2,'consolidate',NULL,'w',0,51,0),(115,'Exporter transactions et releves','banque',1,'export',NULL,'r',0,51,0),(115,'Exporter transactions et releves','banque',2,'export',NULL,'r',0,51,0),(116,'Virements entre comptes','banque',1,'transfer',NULL,'w',0,51,0),(116,'Virements entre comptes','banque',2,'transfer',NULL,'w',0,51,0),(117,'Gerer les envois de cheques','banque',1,'cheque',NULL,'w',0,51,0),(117,'Gerer les envois de cheques','banque',2,'cheque',NULL,'w',0,51,0),(121,'Read third parties','societe',1,'lire',NULL,'r',0,9,0),(121,'Lire les societes','societe',2,'lire',NULL,'r',1,9,0),(122,'Create and update third parties','societe',1,'creer',NULL,'w',0,9,0),(122,'Creer modifier les societes','societe',2,'creer',NULL,'w',0,9,0),(125,'Delete third parties','societe',1,'supprimer',NULL,'d',0,9,0),(125,'Supprimer les societes','societe',2,'supprimer',NULL,'d',0,9,0),(126,'Export third parties','societe',1,'export',NULL,'r',0,9,0),(126,'Exporter les societes','societe',2,'export',NULL,'r',0,9,0),(130,'Modify thirdparty information payment','societe',1,'thirdparty_paymentinformation_advance','write','w',0,9,0),(141,'Read all projects and tasks (also private projects I am not contact for)','projet',1,'all','lire','r',0,14,0),(142,'Create/modify all projects and tasks (also private projects I am not contact for)','projet',1,'all','creer','w',0,14,0),(144,'Delete all projects and tasks (also private projects I am not contact for)','projet',1,'all','supprimer','d',0,14,0),(151,'Read withdrawals','prelevement',1,'bons','lire','r',1,52,0),(152,'Create/modify a withdrawals','prelevement',1,'bons','creer','w',0,52,0),(153,'Send withdrawals to bank','prelevement',1,'bons','send','a',0,52,0),(154,'credit/refuse withdrawals','prelevement',1,'bons','credit','a',0,52,0),(161,'Lire les contrats','contrat',1,'lire',NULL,'r',1,35,0),(162,'Creer / modifier les contrats','contrat',1,'creer',NULL,'w',0,35,0),(163,'Activer un service d\'un contrat','contrat',1,'activer',NULL,'w',0,35,0),(164,'Desactiver un service d\'un contrat','contrat',1,'desactiver',NULL,'w',0,35,0),(165,'Supprimer un contrat','contrat',1,'supprimer',NULL,'d',0,35,0),(167,'Export contracts','contrat',1,'export',NULL,'r',0,35,0),(221,'Consulter les mailings','mailing',1,'lire',NULL,'r',1,11,0),(221,'Consulter les mailings','mailing',2,'lire',NULL,'r',1,11,0),(222,'Creer/modifier les mailings (sujet, destinataires...)','mailing',1,'creer',NULL,'w',0,11,0),(222,'Creer/modifier les mailings (sujet, destinataires...)','mailing',2,'creer',NULL,'w',0,11,0),(223,'Valider les mailings (permet leur envoi)','mailing',1,'valider',NULL,'w',0,11,0),(223,'Valider les mailings (permet leur envoi)','mailing',2,'valider',NULL,'w',0,11,0),(229,'Supprimer les mailings','mailing',1,'supprimer',NULL,'d',0,11,0),(229,'Supprimer les mailings','mailing',2,'supprimer',NULL,'d',0,11,0),(237,'View recipients and info','mailing',1,'mailing_advance','recipient','r',0,11,0),(237,'View recipients and info','mailing',2,'mailing_advance','recipient','r',0,11,0),(238,'Manually send mailings','mailing',1,'mailing_advance','send','w',0,11,0),(238,'Manually send mailings','mailing',2,'mailing_advance','send','w',0,11,0),(239,'Delete mailings after validation and/or sent','mailing',1,'mailing_advance','delete','d',0,11,0),(239,'Delete mailings after validation and/or sent','mailing',2,'mailing_advance','delete','d',0,11,0),(241,'Lire les categories','categorie',1,'lire',NULL,'r',1,20,0),(242,'Creer/modifier les categories','categorie',1,'creer',NULL,'w',0,20,0),(243,'Supprimer les categories','categorie',1,'supprimer',NULL,'d',0,20,0),(251,'Read information of other users, groups and permissions','user',1,'user','lire','r',0,5,0),(252,'Read permissions of other users','user',1,'user_advance','readperms','r',0,5,0),(253,'Create/modify internal and external users, groups and permissions','user',1,'user','creer','w',0,5,0),(254,'Create/modify external users only','user',1,'user_advance','write','w',0,5,0),(255,'Modify the password of other users','user',1,'user','password','w',0,5,0),(256,'Delete or disable other users','user',1,'user','supprimer','d',0,5,0),(262,'Read all third parties (and their objects) by internal users (otherwise only if commercial contact). Not effective for external users (limited to themselves).','societe',1,'client','voir','r',0,9,0),(262,'Consulter tous les tiers par utilisateurs internes (sinon uniquement si contact commercial). Non effectif pour utilisateurs externes (tjs limités à eux-meme).','societe',2,'client','voir','r',1,9,0),(281,'Read contacts','societe',1,'contact','lire','r',0,9,0),(281,'Lire les contacts','societe',2,'contact','lire','r',1,9,0),(282,'Create and update contact','societe',1,'contact','creer','w',0,9,0),(282,'Creer modifier les contacts','societe',2,'contact','creer','w',0,9,0),(283,'Delete contacts','societe',1,'contact','supprimer','d',0,9,0),(283,'Supprimer les contacts','societe',2,'contact','supprimer','d',0,9,0),(286,'Export contacts','societe',1,'contact','export','d',0,9,0),(286,'Exporter les contacts','societe',2,'contact','export','d',0,9,0),(301,'Read barcodes','barcode',1,'lire_advance',NULL,'r',1,50,0),(302,'Create/modify barcodes','barcode',1,'creer_advance',NULL,'w',0,50,0),(331,'Lire les bookmarks','bookmark',1,'lire',NULL,'r',0,50,0),(332,'Creer/modifier les bookmarks','bookmark',1,'creer',NULL,'r',0,50,0),(333,'Supprimer les bookmarks','bookmark',1,'supprimer',NULL,'r',0,50,0),(341,'Read its own permissions','user',1,'self_advance','readperms','r',0,5,0),(342,'Create/modify of its own user','user',1,'self','creer','w',0,5,0),(343,'Modify its own password','user',1,'self','password','w',0,5,0),(344,'Modify its own permissions','user',1,'self_advance','writeperms','w',0,5,0),(351,'Read groups','user',1,'group_advance','read','r',0,5,0),(352,'Read permissions of groups','user',1,'group_advance','readperms','r',0,5,0),(353,'Create/modify groups and permissions','user',1,'group_advance','write','w',0,5,0),(354,'Delete groups','user',1,'group_advance','delete','d',0,5,0),(358,'Export all users','user',1,'user','export','r',0,5,0),(511,'Read employee salaries and payments (yours and your subordinates)','salaries',1,'read',NULL,'r',0,50,0),(512,'Create/modify payments of empoyee salaries','salaries',1,'write',NULL,'w',0,50,0),(514,'Delete payments of employee salary','salaries',1,'delete',NULL,'d',0,50,0),(517,'Read salaries and payments of all employees','salaries',1,'readall',NULL,'r',0,50,0),(519,'Export payments of employee salaries','salaries',1,'export',NULL,'r',0,50,0),(520,'Read loans','loan',1,'read',NULL,'r',0,50,0),(521,'Read loans','loan',1,'read',NULL,'r',0,50,0),(522,'Create/modify loans','loan',1,'write',NULL,'w',0,50,0),(524,'Delete loans','loan',1,'delete',NULL,'d',0,50,0),(525,'Access loan calculator','loan',1,'calc',NULL,'r',0,50,0),(527,'Export loans','loan',1,'export',NULL,'r',0,50,0),(531,'Read services','service',1,'lire',NULL,'r',0,29,0),(532,'Create/modify services','service',1,'creer',NULL,'w',0,29,0),(534,'Delete les services','service',1,'supprimer',NULL,'d',0,29,0),(538,'Export services','service',1,'export',NULL,'r',0,29,0),(561,'Read bank transfer payment orders','paymentbybanktransfer',1,'read',NULL,'r',0,52,0),(562,'Create/modify a bank transfer payment order','paymentbybanktransfer',1,'create',NULL,'w',0,52,0),(563,'Send/Transmit bank transfer payment order','paymentbybanktransfer',1,'send',NULL,'a',0,52,0),(564,'Record Debits/Rejects of bank transfer payment order','paymentbybanktransfer',1,'debit',NULL,'a',0,52,0),(651,'Read bom of Bom','bom',1,'read',NULL,'w',0,65,0),(652,'Create/Update bom of Bom','bom',1,'write',NULL,'w',0,65,0),(653,'Delete bom of Bom','bom',1,'delete',NULL,'w',0,65,0),(661,'Read Manufacturing Order','mrp',1,'read',NULL,'w',0,66,0),(662,'Create/Update Manufacturing Order','mrp',1,'write',NULL,'w',0,66,0),(663,'Delete Manufacturing Order','mrp',1,'delete',NULL,'w',0,66,0),(701,'Lire les dons','don',1,'lire',NULL,'r',1,50,0),(701,'Lire les dons','don',2,'lire',NULL,'r',1,50,0),(702,'Creer/modifier les dons','don',1,'creer',NULL,'w',0,50,0),(702,'Creer/modifier les dons','don',2,'creer',NULL,'w',0,50,0),(703,'Supprimer les dons','don',1,'supprimer',NULL,'d',0,50,0),(703,'Supprimer les dons','don',2,'supprimer',NULL,'d',0,50,0),(750,'Read job positions to fill and candidatures','recruitment',1,'recruitmentjobposition','read','w',0,44,0),(751,'Create/Update job positions to fill and candidatures','recruitment',1,'recruitmentjobposition','write','w',0,44,0),(752,'Delete Job positions to fill and candidatures','recruitment',1,'recruitmentjobposition','delete','w',0,44,0),(771,'Read expense reports (yours and your subordinates)','expensereport',1,'lire',NULL,'r',0,42,0),(772,'Create/modify expense reports','expensereport',1,'creer',NULL,'w',0,42,0),(773,'Delete expense reports','expensereport',1,'supprimer',NULL,'d',0,42,0),(775,'Approve expense reports','expensereport',1,'approve',NULL,'w',0,42,0),(776,'Pay expense reports','expensereport',1,'to_paid',NULL,'w',0,42,0),(777,'Read expense reports of everybody','expensereport',1,'readall',NULL,'r',0,42,0),(778,'Create expense reports for everybody','expensereport',1,'writeall_advance',NULL,'w',0,42,0),(779,'Export expense reports','expensereport',1,'export',NULL,'r',0,42,0),(1001,'Lire les stocks','stock',1,'lire',NULL,'r',1,40,0),(1002,'Creer/Modifier les stocks','stock',1,'creer',NULL,'w',0,40,0),(1003,'Supprimer les stocks','stock',1,'supprimer',NULL,'d',0,40,0),(1004,'Lire mouvements de stocks','stock',1,'mouvement','lire','r',1,40,0),(1005,'Creer/modifier mouvements de stocks','stock',1,'mouvement','creer','w',0,40,0),(1011,'inventoryReadPermission','stock',1,'inventory_advance','read','w',0,39,0),(1012,'inventoryCreatePermission','stock',1,'inventory_advance','write','w',0,39,0),(1101,'Read delivery receipts','expedition',1,'delivery','lire','r',0,40,0),(1102,'Create/modify delivery receipts','expedition',1,'delivery','creer','w',0,40,0),(1104,'Validate delivery receipts','expedition',1,'delivery_advance','validate','d',0,40,0),(1109,'Delete delivery receipts','expedition',1,'delivery','supprimer','d',0,40,0),(1121,'Read supplier proposals','supplier_proposal',1,'lire',NULL,'w',0,35,0),(1122,'Create/modify supplier proposals','supplier_proposal',1,'creer',NULL,'w',0,35,0),(1123,'Validate supplier proposals','supplier_proposal',1,'validate_advance',NULL,'w',0,35,0),(1124,'Envoyer les demandes fournisseurs','supplier_proposal',1,'send_advance',NULL,'w',0,35,0),(1125,'Delete supplier proposals','supplier_proposal',1,'supprimer',NULL,'w',0,35,0),(1126,'Close supplier price requests','supplier_proposal',1,'cloturer',NULL,'w',0,35,0),(1181,'Consulter les fournisseurs','fournisseur',1,'lire',NULL,'r',0,12,0),(1182,'Consulter les commandes fournisseur','fournisseur',1,'commande','lire','r',0,12,0),(1183,'Creer une commande fournisseur','fournisseur',1,'commande','creer','w',0,12,0),(1184,'Valider une commande fournisseur','fournisseur',1,'supplier_order_advance','validate','w',0,12,0),(1185,'Approuver une commande fournisseur','fournisseur',1,'commande','approuver','w',0,12,0),(1186,'Commander une commande fournisseur','fournisseur',1,'commande','commander','w',0,12,0),(1187,'Receptionner une commande fournisseur','fournisseur',1,'commande','receptionner','d',0,12,0),(1188,'Supprimer une commande fournisseur','fournisseur',1,'commande','supprimer','d',0,12,0),(1189,'Check/Uncheck a supplier order reception','fournisseur',1,'commande_advance','check','w',0,12,0),(1191,'Exporter les commande fournisseurs, attributs','fournisseur',1,'commande','export','r',0,12,0),(1201,'Lire les exports','export',1,'lire',NULL,'r',1,72,0),(1202,'Creer/modifier un export','export',1,'creer',NULL,'w',0,72,0),(1231,'Consulter les factures fournisseur','fournisseur',1,'facture','lire','r',0,12,0),(1232,'Creer une facture fournisseur','fournisseur',1,'facture','creer','w',0,12,0),(1233,'Valider une facture fournisseur','fournisseur',1,'supplier_invoice_advance','validate','w',0,12,0),(1234,'Supprimer une facture fournisseur','fournisseur',1,'facture','supprimer','d',0,12,0),(1235,'Envoyer les factures par mail','fournisseur',1,'supplier_invoice_advance','send','a',0,12,0),(1236,'Exporter les factures fournisseurs, attributs et reglements','fournisseur',1,'facture','export','r',0,12,0),(1251,'Run mass imports of external data (data load)','import',1,'run',NULL,'r',0,70,0),(1321,'Export customer invoices, attributes and payments','facture',1,'facture','export','r',0,11,0),(1321,'Exporter les factures clients, attributs et reglements','facture',2,'facture','export','r',0,10,0),(1322,'Re-open a fully paid invoice','facture',1,'invoice_advance','reopen','r',0,11,0),(1421,'Export sales orders and attributes','commande',1,'commande','export','r',0,11,0),(2401,'Read actions/tasks linked to his account','agenda',1,'myactions','read','r',0,15,0),(2401,'Read actions/tasks linked to his account','agenda',2,'myactions','read','r',1,15,0),(2402,'Create/modify actions/tasks linked to his account','agenda',1,'myactions','create','w',0,15,0),(2402,'Create/modify actions/tasks linked to his account','agenda',2,'myactions','create','w',0,15,0),(2403,'Delete actions/tasks linked to his account','agenda',1,'myactions','delete','w',0,15,0),(2403,'Delete actions/tasks linked to his account','agenda',2,'myactions','delete','w',0,15,0),(2411,'Read actions/tasks of others','agenda',1,'allactions','read','r',0,15,0),(2411,'Read actions/tasks of others','agenda',2,'allactions','read','r',0,15,0),(2412,'Create/modify actions/tasks of others','agenda',1,'allactions','create','w',0,15,0),(2412,'Create/modify actions/tasks of others','agenda',2,'allactions','create','w',0,15,0),(2413,'Delete actions/tasks of others','agenda',1,'allactions','delete','w',0,15,0),(2413,'Delete actions/tasks of others','agenda',2,'allactions','delete','w',0,15,0),(2414,'Export actions/tasks of others','agenda',1,'export',NULL,'w',0,15,0),(2501,'Read or download documents','ecm',1,'read',NULL,'r',0,10,0),(2503,'Upload a document','ecm',1,'upload',NULL,'w',0,10,0),(2515,'Administer directories of documents','ecm',1,'setup',NULL,'w',0,10,0),(2610,'Générer / modifier la clé API des utilisateurs','api',1,'apikey','generate','w',0,24,0),(3201,'Read archived events and fingerprints','blockedlog',1,'read',NULL,'w',0,76,0),(10001,'Read website content','website',1,'read',NULL,'w',0,50,0),(10002,'Create/modify website content (html and javascript content)','website',1,'write',NULL,'w',0,50,0),(10003,'Create/modify website content (dynamic php code). Dangerous, must be reserved to restricted developers.','website',1,'writephp',NULL,'w',0,50,0),(10005,'Delete website content','website',1,'delete',NULL,'w',0,50,0),(10008,'Export website content','website',1,'export',NULL,'w',0,50,0),(20001,'Read leave requests (yours and your subordinates)','holiday',1,'read',NULL,'w',0,42,0),(20001,'Créer / Modifier / Lire ses demandes de congés payés','holiday',2,'write',NULL,'w',1,42,0),(20002,'Create/modify leave requests','holiday',1,'write',NULL,'w',0,42,0),(20003,'Delete leave requests','holiday',1,'delete',NULL,'w',0,42,0),(20003,'Supprimer des demandes de congés payés','holiday',2,'delete',NULL,'w',0,42,0),(20004,'Read leave requests for everybody','holiday',1,'readall',NULL,'w',0,42,0),(20004,'Définir les congés payés des utilisateurs','holiday',2,'define_holiday',NULL,'w',0,42,0),(20005,'Create/modify leave requests for everybody','holiday',1,'writeall',NULL,'w',0,42,0),(20005,'Voir les logs de modification des congés payés','holiday',2,'view_log',NULL,'w',0,42,0),(20006,'Setup leave requests of users (setup and update balance)','holiday',1,'define_holiday',NULL,'w',0,42,0),(20006,'Accéder au rapport mensuel des congés payés','holiday',2,'month_report',NULL,'w',0,42,0),(20007,'Approve leave requests','holiday',1,'approve',NULL,'w',0,42,0),(23001,'Read cron jobs','cron',1,'read',NULL,'w',0,50,0),(23002,'Create cron Jobs','cron',1,'create',NULL,'w',0,50,0),(23003,'Delete cron Jobs','cron',1,'delete',NULL,'w',0,50,0),(23004,'Execute cron Jobs','cron',1,'execute',NULL,'w',0,50,0),(50151,'Use Point Of Sale (record a sale, add products, record payment)','takepos',1,'run',NULL,'a',0,60,0),(50152,'Can modify added sales lines (prices, discount)','takepos',1,'editlines',NULL,'a',0,60,0),(50153,'Edit ordered sales lines (useful only when option \"Order printers\" has been enabled). Allow to edit sales lines even after the order has been printed','takepos',1,'editorderedlines',NULL,'a',0,60,0),(50401,'Bind products and invoices with accounting accounts','accounting',1,'bind','write','r',0,61,0),(50411,'Read operations in General Ledger','accounting',1,'mouvements','lire','r',0,61,0),(50412,'Write/Edit operations in General Ledger','accounting',1,'mouvements','creer','w',0,61,0),(50414,'Delete operations in Ledger','accounting',1,'mouvements','supprimer','d',0,61,0),(50415,'Delete all operations by year and journal in Ledger','accounting',1,'mouvements','supprimer_tous','d',0,61,0),(50418,'Export operations of the Ledger','accounting',1,'mouvements','export','r',0,61,0),(50420,'Report and export reports (turnover, balance, journals, general ledger)','accounting',1,'comptarapport','lire','r',0,61,0),(50430,'Define and close a fiscal year','accounting',1,'fiscalyear','write','r',0,61,0),(50440,'Manage chart of accounts, setup of accountancy','accounting',1,'chartofaccount',NULL,'r',0,61,0),(55001,'Read surveys','opensurvey',1,'read',NULL,'r',0,40,0),(55002,'Create/modify surveys','opensurvey',1,'write',NULL,'w',0,40,0),(56001,'Read ticket','ticket',1,'read',NULL,'r',0,60,0),(56002,'Create les tickets','ticket',1,'write',NULL,'w',0,60,0),(56003,'Delete les tickets','ticket',1,'delete',NULL,'d',0,60,0),(56004,'Manage tickets','ticket',1,'manage',NULL,'w',0,60,0),(57001,'Read articles','knowledgemanagement',1,'knowledgerecord','read','w',0,90,0),(57002,'Create/Update articles','knowledgemanagement',1,'knowledgerecord','write','w',0,90,0),(57003,'Delete articles','knowledgemanagement',1,'knowledgerecord','delete','w',0,90,0),(59001,'Visualiser les marges','margins',1,'liretous',NULL,'r',0,55,0),(59002,'Définir les marges','margins',1,'creer',NULL,'w',0,55,0),(59003,'Read every user margin','margins',1,'read','all','r',0,55,0),(63001,'Read resources','resource',1,'read',NULL,'w',0,16,0),(63002,'Create/Modify resources','resource',1,'write',NULL,'w',0,16,0),(63003,'Delete resources','resource',1,'delete',NULL,'w',0,16,0),(63004,'Link resources to agenda events','resource',1,'link',NULL,'w',0,16,0),(64001,'DirectPrint','printing',1,'read',NULL,'r',0,52,0),(101250,'Read surveys','opensurvey',2,'survey','read','r',0,40,0),(101251,'Create/modify surveys','opensurvey',2,'survey','write','w',0,40,0),(941601,'Lire les receptions','reception',1,'lire',NULL,'r',0,40,0),(941602,'Creer modifier les receptions','reception',1,'creer',NULL,'w',0,40,0),(941603,'Valider les receptions','reception',1,'reception_advance','validate','d',0,40,0),(941604,'Envoyer les receptions aux clients','reception',1,'reception_advance','send','d',0,40,0),(941605,'Exporter les receptions','reception',1,'reception','export','r',0,40,0),(941606,'Supprimer les receptions','reception',1,'supprimer',NULL,'d',0,40,0);

--
