-- Table structure for table `llx_accounting_bookkeeping`
--

CREATE TABLE `llx_accounting_bookkeeping` (
  `rowid` int(11) NOT NULL AUTO_INCREMENT,
  `doc_date` date NOT NULL,
  `doc_type` varchar(30) COLLATE utf8_unicode_ci NOT NULL,
  `doc_ref` varchar(300) COLLATE utf8_unicode_ci NOT NULL,
  `fk_doc` int(11) NOT NULL,
  `fk_docdet` int(11) NOT NULL,
  `thirdparty_code` varchar(32) COLLATE utf8_unicode_ci DEFAULT NULL,
  `numero_compte` varchar(20) COLLATE utf8_unicode_ci DEFAULT NULL,
  `label_compte` varchar(255) COLLATE utf8_unicode_ci DEFAULT NULL,
  `label_operation` varchar(255) COLLATE utf8_unicode_ci DEFAULT NULL,
  `debit` double(24,8) DEFAULT NULL,
  `credit` double(24,8) DEFAULT NULL,
  `montant` double(24,8) DEFAULT NULL,
  `sens` varchar(1) COLLATE utf8_unicode_ci DEFAULT NULL,
  `multicurrency_amount` double(24,8) DEFAULT NULL,
  `multicurrency_code` varchar(255) COLLATE utf8_unicode_ci DEFAULT NULL,
  `lettering_code` varchar(255) COLLATE utf8_unicode_ci DEFAULT NULL,
  `date_lettering` datetime DEFAULT NULL,
  `fk_user_author` int(11) NOT NULL,
  `import_key` varchar(14) COLLATE utf8_unicode_ci DEFAULT NULL,
  `code_journal` varchar(32) COLLATE utf8_unicode_ci DEFAULT NULL,
  `journal_label` varchar(255) COLLATE utf8_unicode_ci DEFAULT NULL,
  `piece_num` int(11) NOT NULL,
  `date_validated` datetime DEFAULT NULL,
  `date_export` datetime DEFAULT NULL,
  `entity` int(11) NOT NULL DEFAULT 1,
  `fk_user_modif` int(11) DEFAULT NULL,
  `date_creation` datetime DEFAULT NULL,
  `tms` timestamp NOT NULL DEFAULT current_timestamp() ON UPDATE current_timestamp(),
  `subledger_account` varchar(32) COLLATE utf8_unicode_ci DEFAULT NULL,
  `subledger_label` varchar(255) COLLATE utf8_unicode_ci DEFAULT NULL,
  `extraparams` varchar(255) COLLATE utf8_unicode_ci DEFAULT NULL,
  `date_lim_reglement` datetime DEFAULT NULL,
  `fk_user` int(11) DEFAULT NULL,
  PRIMARY KEY (`rowid`),
  KEY `idx_accounting_bookkeeping_fk_doc` (`fk_doc`),
  KEY `idx_accounting_bookkeeping_fk_docdet` (`fk_docdet`),
  KEY `idx_accounting_bookkeeping_doc_date` (`doc_date`),
  KEY `idx_accounting_bookkeeping_numero_compte` (`numero_compte`,`entity`),
  KEY `idx_accounting_bookkeeping_code_journal` (`code_journal`,`entity`),
  KEY `idx_accounting_bookkeeping_piece_num` (`piece_num`,`entity`)
) ENGINE=InnoDB AUTO_INCREMENT=23 DEFAULT CHARSET=utf8 COLLATE=utf8_unicode_ci;

--
-- Dumping data for table `llx_accounting_bookkeeping`
--

INSERT INTO `llx_accounting_bookkeeping` VALUES (2,'2017-02-19','','',0,0,NULL,'1','ttt',NULL,5.00000000,0.00000000,5.00000000,'D',NULL,NULL,NULL,NULL,12,NULL,'VTE',NULL,1,NULL,'2020-01-17 14:43:44',1,NULL,'2017-08-27 15:29:05','2020-01-17 13:43:44','1',NULL,NULL,NULL,NULL),(4,'2017-02-19','','',0,0,NULL,'10','',NULL,0.00000000,5.00000000,5.00000000,'C',NULL,NULL,NULL,NULL,12,NULL,'VTE',NULL,1,NULL,'2020-01-17 14:43:44',1,NULL,'2017-08-27 15:29:05','2020-01-17 13:43:44','10',NULL,NULL,NULL,NULL),(6,'2017-02-19','','',0,0,NULL,'NotDefined','',NULL,0.00000000,0.00000000,0.00000000,NULL,NULL,NULL,NULL,NULL,12,NULL,'VTE',NULL,2,NULL,'2020-01-17 14:43:44',1,NULL,'2017-08-27 15:29:05','2020-01-17 13:43:44','NotDefined',NULL,NULL,NULL,NULL),(10,'2003-04-11','supplier_invoice','SI1601-0001',16,0,'SU1212-0005','401','Fournisseurs','Indian SAS - FR70813 - Subledger account',0.00000000,991.48000000,991.48000000,'C',NULL,NULL,NULL,NULL,12,NULL,'AC','Purchase journal',4,NULL,'2020-01-17 14:43:44',1,NULL,'2019-10-04 10:18:07','2020-01-17 13:43:44','6050','Indian SAS',NULL,NULL,NULL),(11,'2003-04-11','supplier_invoice','SI1601-0001',16,0,'SU1212-0005','104','Primes liées au capital social','Indian SAS - FR70813 - Primes liées au capital social',415.00000000,0.00000000,415.00000000,'D',NULL,NULL,NULL,NULL,12,NULL,'AC','Purchase journal',4,NULL,'2020-01-17 14:43:44',1,NULL,'2019-10-04 10:18:07','2020-01-17 13:43:44','','',NULL,NULL,NULL),(12,'2003-04-11','supplier_invoice','SI1601-0001',16,0,'SU1212-0005','101','Capital','Indian SAS - FR70813 - Capital',414.00000000,0.00000000,414.00000000,'D',NULL,NULL,NULL,NULL,12,NULL,'AC','Purchase journal',4,NULL,'2020-01-17 14:43:44',1,NULL,'2019-10-04 10:18:07','2020-01-17 13:43:44','','',NULL,NULL,NULL),(13,'2003-04-11','supplier_invoice','SI1601-0001',16,0,'SU1212-0005','10','Capital','Indian SAS - FR70813 - Sales tax 19.6 %',162.48000000,0.00000000,162.48000000,'D',NULL,NULL,NULL,NULL,12,NULL,'AC','Purchase journal',4,NULL,'2020-01-17 14:43:44',1,NULL,'2019-10-04 10:18:07','2020-01-17 13:43:44','','',NULL,NULL,NULL),(21,'2020-01-10','bank','BankId 49 - Miscellaneous payment 4',49,49,'','50','Valeurs mobilières de placement','Miscellaneous payment - Bank LUXBAC',0.00000000,10.01000000,10.01000000,'C',NULL,NULL,NULL,NULL,12,NULL,'BQ','Bank journal',5,NULL,'2020-01-17 14:43:44',1,NULL,'2020-01-10 05:18:05','2020-01-17 13:43:44','','',NULL,NULL,NULL),(22,'2020-01-10','bank','BankId 49 - Miscellaneous payment 4',49,49,'','105','Ecarts de réévaluation','Miscellaneous payment',10.01000000,0.00000000,10.01000000,'D',NULL,NULL,NULL,NULL,12,NULL,'BQ','Bank journal',5,NULL,'2020-01-17 14:43:44',1,NULL,'2020-01-10 05:18:05','2020-01-17 13:43:44','556','',NULL,NULL,NULL);

--
-- Table structure for table `llx_accounting_bookkeeping_tmp`
--

CREATE TABLE `llx_accounting_bookkeeping_tmp` (
  `rowid` int(11) NOT NULL AUTO_INCREMENT,
  `entity` int(11) NOT NULL DEFAULT 1,
  `doc_date` date NOT NULL,
  `doc_type` varchar(30) COLLATE utf8_unicode_ci NOT NULL,
  `doc_ref` varchar(300) COLLATE utf8_unicode_ci NOT NULL,
  `fk_doc` int(11) NOT NULL,
  `fk_docdet` int(11) NOT NULL,
  `thirdparty_code` varchar(32) COLLATE utf8_unicode_ci DEFAULT NULL,
  `subledger_account` varchar(32) COLLATE utf8_unicode_ci DEFAULT NULL,
  `subledger_label` varchar(255) COLLATE utf8_unicode_ci DEFAULT NULL,
  `numero_compte` varchar(32) COLLATE utf8_unicode_ci DEFAULT NULL,
  `label_compte` varchar(255) COLLATE utf8_unicode_ci NOT NULL,
  `label_operation` varchar(255) COLLATE utf8_unicode_ci DEFAULT NULL,
  `debit` double(24,8) NOT NULL,
  `credit` double(24,8) NOT NULL,
  `montant` double(24,8) NOT NULL,
  `sens` varchar(1) COLLATE utf8_unicode_ci DEFAULT NULL,
  `multicurrency_amount` double(24,8) DEFAULT NULL,
  `multicurrency_code` varchar(255) COLLATE utf8_unicode_ci DEFAULT NULL,
  `lettering_code` varchar(255) COLLATE utf8_unicode_ci DEFAULT NULL,
  `date_lettering` datetime DEFAULT NULL,
  `fk_user_author` int(11) NOT NULL,
  `fk_user_modif` int(11) DEFAULT NULL,
  `date_creation` datetime DEFAULT NULL,
  `tms` timestamp NOT NULL DEFAULT current_timestamp() ON UPDATE current_timestamp(),
  `import_key` varchar(14) COLLATE utf8_unicode_ci DEFAULT NULL,
  `code_journal` varchar(32) COLLATE utf8_unicode_ci NOT NULL,
  `journal_label` varchar(255) COLLATE utf8_unicode_ci DEFAULT NULL,
  `piece_num` int(11) NOT NULL,
  `date_validated` datetime DEFAULT NULL,
  `extraparams` varchar(255) COLLATE utf8_unicode_ci DEFAULT NULL,
  `date_lim_reglement` datetime DEFAULT NULL,
  `fk_user` int(11) DEFAULT NULL,
  PRIMARY KEY (`rowid`),
  KEY `idx_accounting_bookkeeping_doc_date` (`doc_date`),
  KEY `idx_accounting_bookkeeping_fk_docdet` (`fk_docdet`),
  KEY `idx_accounting_bookkeeping_numero_compte` (`numero_compte`),
  KEY `idx_accounting_bookkeeping_code_journal` (`code_journal`)
) ENGINE=InnoDB DEFAULT CHARSET=utf8 COLLATE=utf8_unicode_ci;

--
-- Dumping data for table `llx_accounting_bookkeeping_tmp`
--


--
-- Table structure for table `llx_accounting_fiscalyear`
--

CREATE TABLE `llx_accounting_fiscalyear` (
  `rowid` int(11) NOT NULL AUTO_INCREMENT,
  `label` varchar(128) COLLATE utf8_unicode_ci NOT NULL,
  `date_start` date DEFAULT NULL,
  `date_end` date DEFAULT NULL,
  `statut` tinyint(4) NOT NULL DEFAULT 0,
  `entity` int(11) NOT NULL DEFAULT 1,
  `datec` datetime NOT NULL,
  `tms` timestamp NOT NULL DEFAULT current_timestamp() ON UPDATE current_timestamp(),
  `fk_user_author` int(11) DEFAULT NULL,
  `fk_user_modif` int(11) DEFAULT NULL,
  PRIMARY KEY (`rowid`)
) ENGINE=InnoDB DEFAULT CHARSET=utf8 COLLATE=utf8_unicode_ci;

--
-- Dumping data for table `llx_accounting_fiscalyear`
--


--
-- Table structure for table `llx_accounting_groups_account`
--

CREATE TABLE `llx_accounting_groups_account` (
  `rowid` int(11) NOT NULL AUTO_INCREMENT,
  `fk_accounting_account` int(11) NOT NULL,
  `fk_c_accounting_category` int(11) NOT NULL,
  PRIMARY KEY (`rowid`)
) ENGINE=InnoDB DEFAULT CHARSET=utf8 COLLATE=utf8_unicode_ci;

--
-- Dumping data for table `llx_accounting_groups_account`
--


--
-- Table structure for table `llx_accounting_journal`
--

CREATE TABLE `llx_accounting_journal` (
  `rowid` int(11) NOT NULL AUTO_INCREMENT,
  `code` varchar(20) COLLATE utf8_unicode_ci DEFAULT NULL,
  `label` varchar(128) COLLATE utf8_unicode_ci NOT NULL,
  `nature` smallint(6) NOT NULL DEFAULT 0,
  `active` smallint(6) DEFAULT 0,
  `entity` int(11) DEFAULT 1,
  PRIMARY KEY (`rowid`),
  UNIQUE KEY `uk_accounting_journal_code` (`code`,`entity`)
) ENGINE=InnoDB AUTO_INCREMENT=8 DEFAULT CHARSET=utf8 COLLATE=utf8_unicode_ci;

--
-- Dumping data for table `llx_accounting_journal`
--

INSERT INTO `llx_accounting_journal` VALUES (1,'VT','Sale journal',2,1,1),(2,'AC','Purchase journal',3,1,1),(3,'BQ','Bank journal',4,1,1),(4,'OD','Other journal',1,1,1),(5,'AN','Has new journal',9,1,1),(6,'ER','Expense report journal',5,1,1),(7,'INV','Inventory journal',8,1,1);

--
-- Table structure for table `llx_accounting_system`
--

CREATE TABLE `llx_accounting_system` (
  `rowid` int(11) NOT NULL AUTO_INCREMENT,
  `pcg_version` varchar(32) COLLATE utf8_unicode_ci NOT NULL,
  `label` varchar(128) COLLATE utf8_unicode_ci NOT NULL,
  `active` smallint(6) DEFAULT 0,
  `fk_country` int(11) DEFAULT NULL,
  PRIMARY KEY (`rowid`),
  UNIQUE KEY `uk_accounting_system_pcg_version` (`pcg_version`)
) ENGINE=InnoDB AUTO_INCREMENT=73 DEFAULT CHARSET=utf8 COLLATE=utf8_unicode_ci;

--
-- Dumping data for table `llx_accounting_system`
--

INSERT INTO `llx_accounting_system` VALUES (1,'PCG99-ABREGE','The simple accountancy french plan',1,1),(2,'PCG99-BASE','The base accountancy french plan',1,1),(3,'PCMN-BASE','The base accountancy belgium plan',1,2),(4,'PCG08-PYME','The PYME accountancy spanish plan',1,4),(5,'PC-MIPYME','The PYME accountancy Chile plan',1,67),(6,'ENG-BASE','England plan',1,7),(7,'SYSCOHADA','Plan comptable Ouest-Africain',0,NULL),(39,'PCG14-DEV','The developed accountancy french plan 2014',1,1),(40,'PCG_SUISSE','Switzerland plan',1,6),(41,'PCN-LUXEMBURG','Plan comptable normalisé Luxembourgeois',1,140),(42,'DK-STD','Standardkontoplan fra SKAT',1,80),(43,'PCT','The Tunisia plan',1,10),(44,'PCG','The Moroccan chart of accounts',1,12),(47,'SYSCOHADA-BJ','Plan comptable Ouest-Africain',1,49),(48,'SYSCOHADA-BF','Plan comptable Ouest-Africain',1,60),(49,'SYSCOHADA-CM','Plan comptable Ouest-Africain',1,24),(50,'SYSCOHADA-CF','Plan comptable Ouest-Africain',1,65),(51,'SYSCOHADA-KM','Plan comptable Ouest-Africain',1,71),(52,'SYSCOHADA-CG','Plan comptable Ouest-Africain',1,72),(53,'SYSCOHADA-CI','Plan comptable Ouest-Africain',1,21),(54,'SYSCOHADA-GA','Plan comptable Ouest-Africain',1,16),(55,'SYSCOHADA-GQ','Plan comptable Ouest-Africain',1,87),(56,'SYSCOHADA-ML','Plan comptable Ouest-Africain',1,147),(57,'SYSCOHADA-NE','Plan comptable Ouest-Africain',1,168),(58,'SYSCOHADA-CD','Plan comptable Ouest-Africain',1,73),(59,'SYSCOHADA-SN','Plan comptable Ouest-Africain',1,22),(60,'SYSCOHADA-TD','Plan comptable Ouest-Africain',1,66),(61,'SYSCOHADA-TG','Plan comptable Ouest-Africain',1,15),(62,'RO-BASE','Plan de conturi romanesc',1,188),(63,'SKR03','Standardkontenrahmen SKR 03',1,5),(64,'SKR04','Standardkontenrahmen SKR 04',1,5),(65,'BAS-K1-MINI','The Swedish mini chart of accounts',1,20),(67,'PCG18-ASSOC','French foundation chart of accounts 2018',1,1),(68,'PCGAFR14-DEV','The developed farm accountancy french plan 2014',1,1),(69,'AT-BASE','Plan Austria',1,41),(70,'US-BASE','USA basic chart of accounts',1,11),(71,'CA-ENG-BASE','Canadian basic chart of accounts - English',1,14),(72,'SAT/24-2019','Catalogo y codigo agrupador fiscal del 2019',1,154);

--
-- Table structure for table `llx_actioncomm`
--

CREATE TABLE `llx_actioncomm` (
  `id` int(11) NOT NULL AUTO_INCREMENT,
  `ref` varchar(30) COLLATE utf8_unicode_ci NOT NULL,
  `ref_ext` varchar(255) COLLATE utf8_unicode_ci DEFAULT NULL,
  `entity` int(11) NOT NULL DEFAULT 1,
  `datep` datetime DEFAULT NULL,
  `datep2` datetime DEFAULT NULL,
  `fk_action` int(11) DEFAULT NULL,
  `code` varchar(50) COLLATE utf8_unicode_ci DEFAULT NULL,
  `label` varchar(255) COLLATE utf8_unicode_ci NOT NULL,
  `datec` datetime DEFAULT NULL,
  `tms` timestamp NOT NULL DEFAULT current_timestamp() ON UPDATE current_timestamp(),
  `fk_user_author` int(11) DEFAULT NULL,
  `fk_user_mod` int(11) DEFAULT NULL,
  `fk_project` int(11) DEFAULT NULL,
  `fk_soc` int(11) DEFAULT NULL,
  `fk_contact` int(11) DEFAULT NULL,
  `fk_parent` int(11) NOT NULL DEFAULT 0,
  `fk_user_action` int(11) DEFAULT NULL,
  `transparency` int(11) DEFAULT NULL,
  `fk_user_done` int(11) DEFAULT NULL,
  `priority` smallint(6) DEFAULT NULL,
  `fulldayevent` smallint(6) NOT NULL DEFAULT 0,
  `percent` smallint(6) NOT NULL DEFAULT 0,
  `location` varchar(128) COLLATE utf8_unicode_ci DEFAULT NULL,
  `durationp` double DEFAULT NULL,
  `durationa` double DEFAULT NULL,
  `note` text COLLATE utf8_unicode_ci DEFAULT NULL,
  `fk_element` int(11) DEFAULT NULL,
  `elementtype` varchar(255) COLLATE utf8_unicode_ci DEFAULT NULL,
  `email_msgid` varchar(256) COLLATE utf8_unicode_ci DEFAULT NULL,
  `email_subject` varchar(256) COLLATE utf8_unicode_ci DEFAULT NULL,
  `email_from` varchar(256) COLLATE utf8_unicode_ci DEFAULT NULL,
  `email_sender` varchar(256) COLLATE utf8_unicode_ci DEFAULT NULL,
  `email_to` varchar(256) COLLATE utf8_unicode_ci DEFAULT NULL,
  `email_tocc` varchar(256) COLLATE utf8_unicode_ci DEFAULT NULL,
  `email_tobcc` varchar(256) COLLATE utf8_unicode_ci DEFAULT NULL,
  `errors_to` varchar(256) COLLATE utf8_unicode_ci DEFAULT NULL,
  `recurid` varchar(128) COLLATE utf8_unicode_ci DEFAULT NULL,
  `recurrule` varchar(128) COLLATE utf8_unicode_ci DEFAULT NULL,
  `recurdateend` datetime DEFAULT NULL,
  `import_key` varchar(14) COLLATE utf8_unicode_ci DEFAULT NULL,
  `extraparams` varchar(255) COLLATE utf8_unicode_ci DEFAULT NULL,
  `calling_duration` int(11) DEFAULT NULL,
  `visibility` varchar(12) COLLATE utf8_unicode_ci DEFAULT 'default',
  `reply_to` varchar(255) COLLATE utf8_unicode_ci DEFAULT NULL,
  `num_vote` int(11) DEFAULT NULL,
  `event_paid` smallint(6) NOT NULL DEFAULT 0,
  `status` smallint(6) NOT NULL DEFAULT 0,
  PRIMARY KEY (`id`),
  UNIQUE KEY `uk_actioncomm_ref` (`ref`,`entity`),
  KEY `idx_actioncomm_fk_soc` (`fk_soc`),
  KEY `idx_actioncomm_fk_contact` (`fk_contact`),
  KEY `idx_actioncomm_fk_element` (`fk_element`),
  KEY `idx_actioncomm_code` (`code`),
  KEY `idx_actioncomm_fk_user_action` (`fk_user_action`),
  KEY `idx_actioncomm_fk_project` (`fk_project`),
  KEY `idx_actioncomm_datep` (`datep`),
  KEY `idx_actioncomm_datep2` (`datep2`),
  KEY `idx_actioncomm_recurid` (`recurid`),
  KEY `idx_actioncomm_ref_ext` (`ref_ext`)
) ENGINE=InnoDB AUTO_INCREMENT=608 DEFAULT CHARSET=utf8 COLLATE=utf8_unicode_ci;

--
-- Dumping data for table `llx_actioncomm`
--

INSERT INTO `llx_actioncomm` VALUES (1,'1',NULL,1,'2012-07-08 14:21:44','2012-07-08 14:21:44',50,NULL,'Company AAA and Co added into Dolibarr','2012-07-08 14:21:44','2021-04-15 10:22:55',1,NULL,NULL,1,NULL,0,1,NULL,1,0,0,100,'',NULL,NULL,'Company AAA and Co added into Dolibarr\nAuthor: admin',NULL,NULL,NULL,NULL,NULL,NULL,NULL,NULL,NULL,NULL,NULL,NULL,NULL,NULL,NULL,NULL,'default',NULL,NULL,0,0),(2,'2',NULL,1,'2012-07-08 14:23:48','2012-07-08 14:23:48',50,NULL,'Company Belin SARL added into Dolibarr','2012-07-08 14:23:48','2021-04-15 10:22:55',1,NULL,NULL,2,NULL,0,1,NULL,1,0,0,100,'',NULL,NULL,'Company Belin SARL added into Dolibarr\nAuthor: admin',NULL,NULL,NULL,NULL,NULL,NULL,NULL,NULL,NULL,NULL,NULL,NULL,NULL,NULL,NULL,NULL,'default',NULL,NULL,0,0),(3,'3',NULL,1,'2012-07-08 22:42:12','2012-07-08 22:42:12',50,NULL,'Company Spanish Comp added into Dolibarr','2012-07-08 22:42:12','2021-04-15 10:22:55',1,NULL,NULL,3,NULL,0,1,NULL,1,0,0,100,'',NULL,NULL,'Company Spanish Comp added into Dolibarr\nAuthor: admin',NULL,NULL,NULL,NULL,NULL,NULL,NULL,NULL,NULL,NULL,NULL,NULL,NULL,NULL,NULL,NULL,'default',NULL,NULL,0,0),(4,'4',NULL,1,'2012-07-08 22:48:18','2012-07-08 22:48:18',50,NULL,'Company Prospector Vaalen added into Dolibarr','2012-07-08 22:48:18','2021-04-15 10:22:55',1,NULL,NULL,4,NULL,0,1,NULL,1,0,0,100,'',NULL,NULL,'Company Prospector Vaalen added into Dolibarr\nAuthor: admin',NULL,NULL,NULL,NULL,NULL,NULL,NULL,NULL,NULL,NULL,NULL,NULL,NULL,NULL,NULL,NULL,'default',NULL,NULL,0,0),(5,'5',NULL,1,'2012-07-08 23:22:57','2012-07-08 23:22:57',50,NULL,'Company NoCountry Co added into Dolibarr','2012-07-08 23:22:57','2021-04-15 10:22:55',1,NULL,NULL,5,NULL,0,1,NULL,1,0,0,100,'',NULL,NULL,'Company NoCountry Co added into Dolibarr\nAuthor: admin',NULL,NULL,NULL,NULL,NULL,NULL,NULL,NULL,NULL,NULL,NULL,NULL,NULL,NULL,NULL,NULL,'default',NULL,NULL,0,0),(6,'6',NULL,1,'2012-07-09 00:15:09','2012-07-09 00:15:09',50,NULL,'Company Swiss customer added into Dolibarr','2012-07-09 00:15:09','2021-04-15 10:22:55',1,NULL,NULL,6,NULL,0,1,NULL,1,0,0,100,'',NULL,NULL,'Company Swiss customer added into Dolibarr\nAuthor: admin',NULL,NULL,NULL,NULL,NULL,NULL,NULL,NULL,NULL,NULL,NULL,NULL,NULL,NULL,NULL,NULL,'default',NULL,NULL,0,0),(7,'7',NULL,1,'2012-07-09 01:24:26','2012-07-09 01:24:26',50,NULL,'Company Generic customer added into Dolibarr','2012-07-09 01:24:26','2021-04-15 10:22:55',1,NULL,NULL,7,NULL,0,1,NULL,1,0,0,100,'',NULL,NULL,'Company Generic customer added into Dolibarr\nAuthor: admin',NULL,NULL,NULL,NULL,NULL,NULL,NULL,NULL,NULL,NULL,NULL,NULL,NULL,NULL,NULL,NULL,'default',NULL,NULL,0,0),(8,'8',NULL,1,'2012-07-10 14:54:27','2012-07-10 14:54:27',50,NULL,'Société Client salon ajoutée dans Dolibarr','2012-07-10 14:54:27','2021-04-15 10:22:55',1,NULL,NULL,8,NULL,0,1,NULL,1,0,0,100,'',NULL,NULL,'Société Client salon ajoutée dans Dolibarr\nAuteur: admin',NULL,NULL,NULL,NULL,NULL,NULL,NULL,NULL,NULL,NULL,NULL,NULL,NULL,NULL,NULL,NULL,'default',NULL,NULL,0,0),(9,'9',NULL,1,'2012-07-10 14:54:44','2012-07-10 14:54:44',50,NULL,'Société Client salon invidivdu ajoutée dans Doliba','2012-07-10 14:54:44','2021-04-15 10:22:55',1,NULL,NULL,9,NULL,0,1,NULL,1,0,0,100,'',NULL,NULL,'Société Client salon invidivdu ajoutée dans Dolibarr\nAuteur: admin',NULL,NULL,NULL,NULL,NULL,NULL,NULL,NULL,NULL,NULL,NULL,NULL,NULL,NULL,NULL,NULL,'default',NULL,NULL,0,0),(10,'10',NULL,1,'2012-07-10 14:56:10','2012-07-10 14:56:10',50,NULL,'Facture FA1007-0001 validée dans Dolibarr','2012-07-10 14:56:10','2021-04-15 10:22:55',1,NULL,NULL,9,NULL,0,1,NULL,1,0,0,100,'',NULL,NULL,'Facture FA1007-0001 validée dans Dolibarr\nAuteur: admin',1,'invoice',NULL,NULL,NULL,NULL,NULL,NULL,NULL,NULL,NULL,NULL,NULL,NULL,NULL,NULL,'default',NULL,NULL,0,0),(11,'11',NULL,1,'2012-07-10 14:58:53','2012-07-10 14:58:53',50,NULL,'Facture FA1007-0001 validée dans Dolibarr','2012-07-10 14:58:53','2021-04-15 10:22:55',1,NULL,NULL,9,NULL,0,1,NULL,1,0,0,100,'',NULL,NULL,'Facture FA1007-0001 validée dans Dolibarr\nAuteur: admin',1,'invoice',NULL,NULL,NULL,NULL,NULL,NULL,NULL,NULL,NULL,NULL,NULL,NULL,NULL,NULL,'default',NULL,NULL,0,0),(12,'12',NULL,1,'2012-07-10 15:00:55','2012-07-10 15:00:55',50,NULL,'Facture FA1007-0001 passée à payée dans Dolibarr','2012-07-10 15:00:55','2021-04-15 10:22:55',1,NULL,NULL,9,NULL,0,1,NULL,1,0,0,100,'',NULL,NULL,'Facture FA1007-0001 passée à payée dans Dolibarr\nAuteur: admin',1,'invoice',NULL,NULL,NULL,NULL,NULL,NULL,NULL,NULL,NULL,NULL,NULL,NULL,NULL,NULL,'default',NULL,NULL,0,0),(13,'13',NULL,1,'2012-07-10 15:13:08','2012-07-10 15:13:08',50,NULL,'Société Smith Vick ajoutée dans Dolibarr','2012-07-10 15:13:08','2021-04-15 10:22:55',1,NULL,NULL,10,NULL,0,1,NULL,1,0,0,100,'',NULL,NULL,'Société Smith Vick ajoutée dans Dolibarr\nAuteur: admin',NULL,NULL,NULL,NULL,NULL,NULL,NULL,NULL,NULL,NULL,NULL,NULL,NULL,NULL,NULL,NULL,'default',NULL,NULL,0,0),(14,'14',NULL,1,'2012-07-10 15:21:00','2012-07-10 16:21:00',5,NULL,'RDV avec mon chef','2012-07-10 15:21:48','2021-04-15 10:22:55',1,NULL,NULL,NULL,NULL,0,1,NULL,NULL,0,0,0,'',3600,NULL,'',NULL,NULL,NULL,NULL,NULL,NULL,NULL,NULL,NULL,NULL,NULL,NULL,NULL,NULL,NULL,NULL,'default',NULL,NULL,0,0),(15,'15',NULL,1,'2012-07-10 18:18:16','2012-07-10 18:18:16',50,NULL,'Contrat CONTRAT1 validé dans Dolibarr','2012-07-10 18:18:16','2021-04-15 10:22:55',1,NULL,NULL,2,NULL,0,1,NULL,1,0,0,100,'',NULL,NULL,'Contrat CONTRAT1 validé dans Dolibarr\nAuteur: admin',NULL,NULL,NULL,NULL,NULL,NULL,NULL,NULL,NULL,NULL,NULL,NULL,NULL,NULL,NULL,NULL,'default',NULL,NULL,0,0),(16,'16',NULL,1,'2012-07-10 18:35:57','2012-07-10 18:35:57',50,NULL,'Société Mon client ajoutée dans Dolibarr','2012-07-10 18:35:57','2021-04-15 10:22:55',1,NULL,NULL,11,NULL,0,1,NULL,1,0,0,100,'',NULL,NULL,'Société Mon client ajoutée dans Dolibarr\nAuteur: admin',NULL,NULL,NULL,NULL,NULL,NULL,NULL,NULL,NULL,NULL,NULL,NULL,NULL,NULL,NULL,NULL,'default',NULL,NULL,0,0),(17,'17',NULL,1,'2012-07-11 16:18:08','2012-07-11 16:18:08',50,NULL,'Société Dupont Alain ajoutée dans Dolibarr','2012-07-11 16:18:08','2021-04-15 10:22:55',1,NULL,NULL,12,NULL,0,1,NULL,1,0,0,100,'',NULL,NULL,'Société Dupont Alain ajoutée dans Dolibarr\nAuteur: admin',NULL,NULL,NULL,NULL,NULL,NULL,NULL,NULL,NULL,NULL,NULL,NULL,NULL,NULL,NULL,NULL,'default',NULL,NULL,0,0),(18,'18',NULL,1,'2012-07-11 17:11:00','2012-07-11 17:17:00',5,NULL,'Rendez-vous','2012-07-11 17:11:22','2021-04-15 10:22:55',1,NULL,NULL,NULL,NULL,0,1,NULL,NULL,0,0,0,'gfgdfgdf',360,NULL,'',NULL,NULL,NULL,NULL,NULL,NULL,NULL,NULL,NULL,NULL,NULL,NULL,NULL,NULL,NULL,NULL,'default',NULL,NULL,0,0),(19,'19',NULL,1,'2012-07-11 17:13:20','2012-07-11 17:13:20',50,NULL,'Société Vendeur de chips ajoutée dans Dolibarr','2012-07-11 17:13:20','2021-04-15 10:22:55',1,NULL,NULL,13,NULL,0,1,NULL,1,0,0,100,'',NULL,NULL,'Société Vendeur de chips ajoutée dans Dolibarr\nAuteur: admin',NULL,NULL,NULL,NULL,NULL,NULL,NULL,NULL,NULL,NULL,NULL,NULL,NULL,NULL,NULL,NULL,'default',NULL,NULL,0,0),(20,'20',NULL,1,'2012-07-11 17:15:42','2012-07-11 17:15:42',50,NULL,'Commande CF1007-0001 validée','2012-07-11 17:15:42','2021-04-15 10:22:55',1,NULL,NULL,13,NULL,0,1,NULL,1,0,0,100,'',NULL,NULL,'Commande CF1007-0001 validée\nAuteur: admin',NULL,NULL,NULL,NULL,NULL,NULL,NULL,NULL,NULL,NULL,NULL,NULL,NULL,NULL,NULL,NULL,'default',NULL,NULL,0,0),(21,'21',NULL,1,'2012-07-11 18:47:33','2012-07-11 18:47:33',50,NULL,'Commande CF1007-0002 validée','2012-07-11 18:47:33','2021-04-15 10:22:55',1,NULL,NULL,1,NULL,0,1,NULL,1,0,0,100,'',NULL,NULL,'Commande CF1007-0002 validée\nAuteur: admin',NULL,NULL,NULL,NULL,NULL,NULL,NULL,NULL,NULL,NULL,NULL,NULL,NULL,NULL,NULL,NULL,'default',NULL,NULL,0,0),(22,'22',NULL,1,'2012-07-18 11:36:18','2012-07-18 11:36:18',50,NULL,'Proposition PR1007-0003 validée','2012-07-18 11:36:18','2021-04-15 10:22:55',1,NULL,NULL,4,NULL,0,1,NULL,1,0,0,100,'',NULL,NULL,'Proposition PR1007-0003 validée\nAuteur: admin',3,'propal',NULL,NULL,NULL,NULL,NULL,NULL,NULL,NULL,NULL,NULL,NULL,NULL,NULL,NULL,'default',NULL,NULL,0,0),(23,'23',NULL,1,'2013-07-18 20:49:58','2013-07-18 20:49:58',50,NULL,'Invoice FA1007-0002 validated in Dolibarr','2013-07-18 20:49:58','2021-04-15 10:22:55',1,NULL,NULL,2,NULL,0,1,NULL,1,0,0,-1,'',NULL,NULL,'Invoice FA1007-0002 validated in Dolibarr\nAuthor: admin',2,'invoice',NULL,NULL,NULL,NULL,NULL,NULL,NULL,NULL,NULL,NULL,NULL,NULL,NULL,NULL,'default',NULL,NULL,0,0),(24,'24',NULL,1,'2013-07-28 01:37:00',NULL,1,NULL,'Phone call','2013-07-28 01:37:48','2021-04-15 10:22:55',1,NULL,NULL,NULL,2,0,1,NULL,NULL,0,0,-1,'',NULL,NULL,'',NULL,NULL,NULL,NULL,NULL,NULL,NULL,NULL,NULL,NULL,NULL,NULL,NULL,NULL,NULL,NULL,'default',NULL,NULL,0,0),(25,'25',NULL,1,'2013-08-01 02:31:24','2013-08-01 02:31:24',50,NULL,'Company mmm added into Dolibarr','2013-08-01 02:31:24','2021-04-15 10:22:55',1,NULL,NULL,15,NULL,0,1,NULL,1,0,0,-1,'',NULL,NULL,'Company mmm added into Dolibarr\nAuthor: admin',15,'societe',NULL,NULL,NULL,NULL,NULL,NULL,NULL,NULL,NULL,NULL,NULL,NULL,NULL,NULL,'default',NULL,NULL,0,0),(26,'26',NULL,1,'2013-08-01 02:31:43','2013-08-01 02:31:43',50,NULL,'Company ppp added into Dolibarr','2013-08-01 02:31:43','2021-04-15 10:22:55',1,NULL,NULL,16,NULL,0,1,NULL,1,0,0,-1,'',NULL,NULL,'Company ppp added into Dolibarr\nAuthor: admin',16,'societe',NULL,NULL,NULL,NULL,NULL,NULL,NULL,NULL,NULL,NULL,NULL,NULL,NULL,NULL,'default',NULL,NULL,0,0),(27,'27',NULL,1,'2013-08-01 02:41:26','2013-08-01 02:41:26',50,NULL,'Company aaa added into Dolibarr','2013-08-01 02:41:26','2021-04-15 10:22:55',1,NULL,NULL,17,NULL,0,1,NULL,1,0,0,-1,'',NULL,NULL,'Company aaa added into Dolibarr\nAuthor: admin',17,'societe',NULL,NULL,NULL,NULL,NULL,NULL,NULL,NULL,NULL,NULL,NULL,NULL,NULL,NULL,'default',NULL,NULL,0,0),(28,'28',NULL,1,'2013-08-01 03:34:11','2013-08-01 03:34:11',50,NULL,'Invoice FA1108-0003 validated in Dolibarr','2013-08-01 03:34:11','2021-04-15 10:22:55',1,NULL,NULL,7,NULL,0,1,NULL,1,0,0,-1,'',NULL,NULL,'Invoice FA1108-0003 validated in Dolibarr\nAuthor: admin',5,'invoice',NULL,NULL,NULL,NULL,NULL,NULL,NULL,NULL,NULL,NULL,NULL,NULL,NULL,NULL,'default',NULL,NULL,0,0),(29,'29',NULL,1,'2013-08-01 03:34:11','2013-08-01 03:34:11',50,NULL,'Invoice FA1108-0003 validated in Dolibarr','2013-08-01 03:34:11','2021-04-15 10:22:55',1,NULL,NULL,7,NULL,0,1,NULL,1,0,0,-1,'',NULL,NULL,'Invoice FA1108-0003 changed to paid in Dolibarr\nAuthor: admin',5,'invoice',NULL,NULL,NULL,NULL,NULL,NULL,NULL,NULL,NULL,NULL,NULL,NULL,NULL,NULL,'default',NULL,NULL,0,0),(30,'30',NULL,1,'2013-08-06 20:33:54','2013-08-06 20:33:54',50,NULL,'Invoice FA1108-0004 validated in Dolibarr','2013-08-06 20:33:54','2021-04-15 10:22:55',1,NULL,NULL,7,NULL,0,1,NULL,1,0,0,-1,'',NULL,NULL,'Invoice FA1108-0004 validated in Dolibarr\nAuthor: admin',6,'invoice',NULL,NULL,NULL,NULL,NULL,NULL,NULL,NULL,NULL,NULL,NULL,NULL,NULL,NULL,'default',NULL,NULL,0,0),(31,'31',NULL,1,'2013-08-06 20:33:54','2013-08-06 20:33:54',50,NULL,'Invoice FA1108-0004 validated in Dolibarr','2013-08-06 20:33:54','2021-04-15 10:22:55',1,NULL,NULL,7,NULL,0,1,NULL,1,0,0,-1,'',NULL,NULL,'Invoice FA1108-0004 changed to paid in Dolibarr\nAuthor: admin',6,'invoice',NULL,NULL,NULL,NULL,NULL,NULL,NULL,NULL,NULL,NULL,NULL,NULL,NULL,NULL,'default',NULL,NULL,0,0),(38,'38',NULL,1,'2013-08-08 02:41:55','2013-08-08 02:41:55',50,NULL,'Invoice FA1108-0005 validated in Dolibarr','2013-08-08 02:41:55','2021-04-15 10:22:55',1,NULL,NULL,2,NULL,0,1,NULL,1,0,0,-1,'',NULL,NULL,'Invoice FA1108-0005 validated in Dolibarr\nAuthor: admin',8,'invoice',NULL,NULL,NULL,NULL,NULL,NULL,NULL,NULL,NULL,NULL,NULL,NULL,NULL,NULL,'default',NULL,NULL,0,0),(40,'40',NULL,1,'2013-08-08 02:53:40','2013-08-08 02:53:40',50,NULL,'Invoice FA1108-0005 changed to paid in Dolibarr','2013-08-08 02:53:40','2021-04-15 10:22:55',1,NULL,NULL,2,NULL,0,1,NULL,1,0,0,-1,'',NULL,NULL,'Invoice FA1108-0005 changed to paid in Dolibarr\nAuthor: admin',8,'invoice',NULL,NULL,NULL,NULL,NULL,NULL,NULL,NULL,NULL,NULL,NULL,NULL,NULL,NULL,'default',NULL,NULL,0,0),(41,'41',NULL,1,'2013-08-08 02:54:05','2013-08-08 02:54:05',50,NULL,'Invoice FA1007-0002 changed to paid in Dolibarr','2013-08-08 02:54:05','2021-04-15 10:22:55',1,NULL,NULL,2,NULL,0,1,NULL,1,0,0,-1,'',NULL,NULL,'Invoice FA1007-0002 changed to paid in Dolibarr\nAuthor: admin',2,'invoice',NULL,NULL,NULL,NULL,NULL,NULL,NULL,NULL,NULL,NULL,NULL,NULL,NULL,NULL,'default',NULL,NULL,0,0),(42,'42',NULL,1,'2013-08-08 02:55:04','2013-08-08 02:55:04',50,NULL,'Invoice FA1107-0006 validated in Dolibarr','2013-08-08 02:55:04','2021-04-15 10:22:55',1,NULL,NULL,10,NULL,0,1,NULL,1,0,0,-1,'',NULL,NULL,'Invoice FA1107-0006 validated in Dolibarr\nAuthor: admin',3,'invoice',NULL,NULL,NULL,NULL,NULL,NULL,NULL,NULL,NULL,NULL,NULL,NULL,NULL,NULL,'default',NULL,NULL,0,0),(43,'43',NULL,1,'2013-08-08 02:55:26','2013-08-08 02:55:26',50,NULL,'Invoice FA1108-0007 validated in Dolibarr','2013-08-08 02:55:26','2021-04-15 10:22:55',1,NULL,NULL,10,NULL,0,1,NULL,1,0,0,-1,'',NULL,NULL,'Invoice FA1108-0007 validated in Dolibarr\nAuthor: admin',9,'invoice',NULL,NULL,NULL,NULL,NULL,NULL,NULL,NULL,NULL,NULL,NULL,NULL,NULL,NULL,'default',NULL,NULL,0,0),(44,'44',NULL,1,'2013-08-08 02:55:58','2013-08-08 02:55:58',50,NULL,'Invoice FA1107-0006 changed to paid in Dolibarr','2013-08-08 02:55:58','2021-04-15 10:22:55',1,NULL,NULL,10,NULL,0,1,NULL,1,0,0,-1,'',NULL,NULL,'Invoice FA1107-0006 changed to paid in Dolibarr\nAuthor: admin',3,'invoice',NULL,NULL,NULL,NULL,NULL,NULL,NULL,NULL,NULL,NULL,NULL,NULL,NULL,NULL,'default',NULL,NULL,0,0),(45,'45',NULL,1,'2013-08-08 03:04:22','2013-08-08 03:04:22',50,NULL,'Order CO1108-0001 validated','2013-08-08 03:04:22','2021-04-15 10:22:55',1,NULL,NULL,1,NULL,0,1,NULL,1,0,0,-1,'',NULL,NULL,'Order CO1108-0001 validated\nAuthor: admin',5,'order',NULL,NULL,NULL,NULL,NULL,NULL,NULL,NULL,NULL,NULL,NULL,NULL,NULL,NULL,'default',NULL,NULL,0,0),(46,'46',NULL,1,'2013-08-08 13:59:09','2013-08-08 13:59:09',50,NULL,'Order CO1107-0002 validated','2013-08-08 13:59:10','2021-04-15 10:22:55',1,NULL,NULL,1,NULL,0,1,NULL,1,0,0,-1,'',NULL,NULL,'Order CO1107-0002 validated\nAuthor: admin',1,'order',NULL,NULL,NULL,NULL,NULL,NULL,NULL,NULL,NULL,NULL,NULL,NULL,NULL,NULL,'default',NULL,NULL,0,0),(47,'47',NULL,1,'2013-08-08 14:24:18','2013-08-08 14:24:18',50,NULL,'Proposal PR1007-0001 validated','2013-08-08 14:24:18','2021-04-15 10:22:55',1,NULL,NULL,2,NULL,0,1,NULL,1,0,0,-1,'',NULL,NULL,'Proposal PR1007-0001 validated\nAuthor: admin',1,'propal',NULL,NULL,NULL,NULL,NULL,NULL,NULL,NULL,NULL,NULL,NULL,NULL,NULL,NULL,'default',NULL,NULL,0,0),(48,'48',NULL,1,'2013-08-08 14:24:24','2013-08-08 14:24:24',50,NULL,'Proposal PR1108-0004 validated','2013-08-08 14:24:24','2021-04-15 10:22:55',1,NULL,NULL,17,NULL,0,1,NULL,1,0,0,-1,'',NULL,NULL,'Proposal PR1108-0004 validated\nAuthor: admin',4,'propal',NULL,NULL,NULL,NULL,NULL,NULL,NULL,NULL,NULL,NULL,NULL,NULL,NULL,NULL,'default',NULL,NULL,0,0),(49,'49',NULL,1,'2013-08-08 15:04:37','2013-08-08 15:04:37',50,NULL,'Order CF1108-0003 validated','2013-08-08 15:04:37','2021-04-15 10:22:55',1,NULL,NULL,17,NULL,0,1,NULL,1,0,0,-1,'',NULL,NULL,'Order CF1108-0003 validated\nAuthor: admin',6,'order_supplier',NULL,NULL,NULL,NULL,NULL,NULL,NULL,NULL,NULL,NULL,NULL,NULL,NULL,NULL,'default',NULL,NULL,0,0),(50,'50',NULL,1,'2014-12-08 17:56:47','2014-12-08 17:56:47',40,NULL,'Facture AV1212-0001 validée dans Dolibarr','2014-12-08 17:56:47','2021-04-15 10:22:55',1,NULL,NULL,10,NULL,0,1,NULL,1,0,0,-1,'',NULL,NULL,'Facture AV1212-0001 validée dans Dolibarr\nAuteur: admin',10,'invoice',NULL,NULL,NULL,NULL,NULL,NULL,NULL,NULL,NULL,NULL,NULL,NULL,NULL,NULL,'default',NULL,NULL,0,0),(51,'51',NULL,1,'2014-12-08 17:57:11','2014-12-08 17:57:11',40,NULL,'Facture AV1212-0001 validée dans Dolibarr','2014-12-08 17:57:11','2021-04-15 10:22:55',1,NULL,NULL,10,NULL,0,1,NULL,1,0,0,-1,'',NULL,NULL,'Facture AV1212-0001 validée dans Dolibarr\nAuteur: admin',10,'invoice',NULL,NULL,NULL,NULL,NULL,NULL,NULL,NULL,NULL,NULL,NULL,NULL,NULL,NULL,'default',NULL,NULL,0,0),(52,'52',NULL,1,'2014-12-08 17:58:27','2014-12-08 17:58:27',40,NULL,'Facture FA1212-0008 validée dans Dolibarr','2014-12-08 17:58:27','2021-04-15 10:22:55',1,NULL,NULL,10,NULL,0,1,NULL,1,0,0,-1,'',NULL,NULL,'Facture FA1212-0008 validée dans Dolibarr\nAuteur: admin',11,'invoice',NULL,NULL,NULL,NULL,NULL,NULL,NULL,NULL,NULL,NULL,NULL,NULL,NULL,NULL,'default',NULL,NULL,0,0),(53,'53',NULL,1,'2014-12-08 18:20:49','2014-12-08 18:20:49',40,NULL,'Facture AV1212-0002 validée dans Dolibarr','2014-12-08 18:20:49','2021-04-15 10:22:55',1,NULL,NULL,10,NULL,0,1,NULL,1,0,0,-1,'',NULL,NULL,'Facture AV1212-0002 validée dans Dolibarr\nAuteur: admin',12,'invoice',NULL,NULL,NULL,NULL,NULL,NULL,NULL,NULL,NULL,NULL,NULL,NULL,NULL,NULL,'default',NULL,NULL,0,0),(54,'54',NULL,1,'2014-12-09 18:35:07','2014-12-09 18:35:07',40,NULL,'Facture AV1212-0002 passée à payée dans Dolibarr','2014-12-09 18:35:07','2021-04-15 10:22:55',1,NULL,NULL,10,NULL,0,1,NULL,1,0,0,-1,'',NULL,NULL,'Facture AV1212-0002 passée à payée dans Dolibarr\nAuteur: admin',12,'invoice',NULL,NULL,NULL,NULL,NULL,NULL,NULL,NULL,NULL,NULL,NULL,NULL,NULL,NULL,'default',NULL,NULL,0,0),(55,'55',NULL,1,'2014-12-09 20:14:42','2014-12-09 20:14:42',40,NULL,'Société doe john ajoutée dans Dolibarr','2014-12-09 20:14:42','2021-04-15 10:22:55',1,NULL,NULL,18,NULL,0,1,NULL,1,0,0,-1,'',NULL,NULL,'Société doe john ajoutée dans Dolibarr\nAuteur: admin',18,'societe',NULL,NULL,NULL,NULL,NULL,NULL,NULL,NULL,NULL,NULL,NULL,NULL,NULL,NULL,'default',NULL,NULL,0,0),(56,'56',NULL,1,'2014-12-12 18:54:19','2014-12-12 18:54:19',40,NULL,'Facture FA1212-0009 validée dans Dolibarr','2014-12-12 18:54:19','2021-04-15 10:22:55',1,NULL,NULL,1,NULL,0,1,NULL,1,0,0,-1,'',NULL,NULL,'Facture FA1212-0009 validée dans Dolibarr\nAuteur: admin',55,'invoice',NULL,NULL,NULL,NULL,NULL,NULL,NULL,NULL,NULL,NULL,NULL,NULL,NULL,NULL,'default',NULL,NULL,0,0),(121,'121',NULL,1,'2014-12-06 10:00:00',NULL,50,NULL,'aaab','2014-12-21 17:48:08','2021-04-15 10:22:55',3,1,NULL,NULL,NULL,0,3,NULL,NULL,1,0,-1,NULL,NULL,NULL,NULL,NULL,NULL,NULL,NULL,NULL,NULL,NULL,NULL,NULL,NULL,NULL,NULL,NULL,NULL,NULL,NULL,'default',NULL,NULL,0,0),(122,'122',NULL,1,'2014-12-21 18:09:52','2014-12-21 18:09:52',40,NULL,'Facture client FA1007-0001 envoyée par EMail','2014-12-21 18:09:52','2021-04-15 10:22:55',1,NULL,NULL,9,NULL,0,1,NULL,1,0,0,-1,'',NULL,NULL,'Mail envoyé par Firstname SuperAdminName <bidon@example.com> à laurent@mycompany.fr.\nSujet du mail: Envoi facture FA1007-0001\nCorps du mail:\nVeuillez trouver ci-joint la facture FA1007-0001\r\n\r\nVous pouvez cliquer sur le lien sécurisé ci-dessous pour effectuer votre paiement via Paypal\r\n\r\nhttp://localhost/dolibarrnew/public/paypal/newpayment.php?source=invoice&ref=FA1007-0001&securekey=50c82fab36bb3b6aa83e2a50691803b2\r\n\r\nCordialement',1,'invoice',NULL,NULL,NULL,NULL,NULL,NULL,NULL,NULL,NULL,NULL,NULL,NULL,NULL,NULL,'default',NULL,NULL,0,0),(123,'123',NULL,1,'2015-01-06 13:13:57','2015-01-06 13:13:57',40,NULL,'Facture 16 validée dans Dolibarr','2015-01-06 13:13:57','2021-04-15 10:22:55',1,NULL,NULL,1,NULL,0,1,NULL,1,0,0,-1,'',NULL,NULL,'Facture 16 validée dans Dolibarr\nAuteur: admin',16,'invoice_supplier',NULL,NULL,NULL,NULL,NULL,NULL,NULL,NULL,NULL,NULL,NULL,NULL,NULL,NULL,'default',NULL,NULL,0,0),(124,'124',NULL,1,'2015-01-12 12:23:05','2015-01-12 12:23:05',40,NULL,'Patient aaa ajouté','2015-01-12 12:23:05','2021-04-15 10:22:55',1,NULL,NULL,19,NULL,0,1,NULL,1,0,0,-1,'',NULL,NULL,'Patient aaa ajouté\nAuteur: admin',19,'societe',NULL,NULL,NULL,NULL,NULL,NULL,NULL,NULL,NULL,NULL,NULL,NULL,NULL,NULL,'default',NULL,NULL,0,0),(125,'125',NULL,1,'2015-01-12 12:52:20','2015-01-12 12:52:20',40,NULL,'Patient pppoo ajouté','2015-01-12 12:52:20','2021-04-15 10:22:55',1,NULL,NULL,20,NULL,0,1,NULL,1,0,0,-1,'',NULL,NULL,'Patient pppoo ajouté\nAuteur: admin',20,'societe',NULL,NULL,NULL,NULL,NULL,NULL,NULL,NULL,NULL,NULL,NULL,NULL,NULL,NULL,'default',NULL,NULL,0,0),(127,'127',NULL,1,'2015-01-19 18:22:48','2015-01-19 18:22:48',40,NULL,'Facture FS1301-0001 validée dans Dolibarr','2015-01-19 18:22:48','2021-04-15 10:22:55',1,NULL,NULL,1,NULL,0,1,NULL,1,0,0,-1,'',NULL,NULL,'Facture FS1301-0001 validée dans Dolibarr\nAuteur: admin',148,'invoice',NULL,NULL,NULL,NULL,NULL,NULL,NULL,NULL,NULL,NULL,NULL,NULL,NULL,NULL,'default',NULL,NULL,0,0),(128,'128',NULL,1,'2015-01-19 18:31:10','2015-01-19 18:31:10',40,NULL,'Facture FA6801-0010 validée dans Dolibarr','2015-01-19 18:31:10','2021-04-15 10:22:55',1,NULL,NULL,1,NULL,0,1,NULL,1,0,0,-1,'',NULL,NULL,'Facture FA6801-0010 validée dans Dolibarr\nAuteur: admin',150,'invoice',NULL,NULL,NULL,NULL,NULL,NULL,NULL,NULL,NULL,NULL,NULL,NULL,NULL,NULL,'default',NULL,NULL,0,0),(129,'129',NULL,1,'2015-01-19 18:31:10','2015-01-19 18:31:10',40,NULL,'Facture FA6801-0010 passée à payée dans Dolibarr','2015-01-19 18:31:10','2021-04-15 10:22:55',1,NULL,NULL,1,NULL,0,1,NULL,1,0,0,-1,'',NULL,NULL,'Facture FA6801-0010 passée à payée dans Dolibarr\nAuteur: admin',150,'invoice',NULL,NULL,NULL,NULL,NULL,NULL,NULL,NULL,NULL,NULL,NULL,NULL,NULL,NULL,'default',NULL,NULL,0,0),(130,'130',NULL,1,'2015-01-19 18:31:58','2015-01-19 18:31:58',40,NULL,'Facture FS1301-0002 validée dans Dolibarr','2015-01-19 18:31:58','2021-04-15 10:22:55',1,NULL,NULL,1,NULL,0,1,NULL,1,0,0,-1,'',NULL,NULL,'Facture FS1301-0002 validée dans Dolibarr\nAuteur: admin',151,'invoice',NULL,NULL,NULL,NULL,NULL,NULL,NULL,NULL,NULL,NULL,NULL,NULL,NULL,NULL,'default',NULL,NULL,0,0),(131,'131',NULL,1,'2015-01-19 18:31:58','2015-01-19 18:31:58',40,NULL,'Facture FS1301-0002 passée à payée dans Dolibarr','2015-01-19 18:31:58','2021-04-15 10:22:55',1,NULL,NULL,1,NULL,0,1,NULL,1,0,0,-1,'',NULL,NULL,'Facture FS1301-0002 passée à payée dans Dolibarr\nAuteur: admin',151,'invoice',NULL,NULL,NULL,NULL,NULL,NULL,NULL,NULL,NULL,NULL,NULL,NULL,NULL,NULL,'default',NULL,NULL,0,0),(132,'132',NULL,1,'2015-01-23 15:07:54','2015-01-23 15:07:54',50,NULL,'Consultation 24 saisie (aaa)','2015-01-23 15:07:54','2021-04-15 10:22:55',1,NULL,NULL,19,NULL,0,1,NULL,1,0,0,-1,'',NULL,NULL,'Consultation 24 saisie (aaa)\nAuteur: admin',24,'cabinetmed_cons',NULL,NULL,NULL,NULL,NULL,NULL,NULL,NULL,NULL,NULL,NULL,NULL,NULL,NULL,'default',NULL,NULL,0,0),(133,'133',NULL,1,'2015-01-23 16:56:58','2015-01-23 16:56:58',40,NULL,'Patient pa ajouté','2015-01-23 16:56:58','2021-04-15 10:22:55',1,NULL,NULL,21,NULL,0,1,NULL,1,0,0,-1,'',NULL,NULL,'Patient pa ajouté\nAuteur: admin',21,'societe',NULL,NULL,NULL,NULL,NULL,NULL,NULL,NULL,NULL,NULL,NULL,NULL,NULL,NULL,'default',NULL,NULL,0,0),(134,'134',NULL,1,'2015-01-23 17:34:00',NULL,50,NULL,'bbcv','2015-01-23 17:35:21','2021-04-15 10:22:55',1,NULL,1,2,NULL,0,1,NULL,NULL,0,0,-1,'',NULL,NULL,'',NULL,NULL,NULL,NULL,NULL,NULL,NULL,NULL,NULL,NULL,NULL,NULL,NULL,NULL,NULL,NULL,'default',NULL,NULL,0,0),(135,'135',NULL,1,'2015-02-12 15:54:00','2015-02-12 15:54:00',40,NULL,'Facture FA1212-0011 validée dans Dolibarr','2015-02-12 15:54:37','2021-04-15 10:22:55',1,1,NULL,7,NULL,0,1,NULL,1,0,0,50,NULL,NULL,NULL,'Facture FA1212-0011 valid&eacute;e dans Dolibarr<br />\r\nAuteur: admin',13,'invoice',NULL,NULL,NULL,NULL,NULL,NULL,NULL,NULL,NULL,NULL,NULL,NULL,NULL,NULL,'default',NULL,NULL,0,0),(136,'136',NULL,1,'2015-02-12 17:06:51','2015-02-12 17:06:51',40,NULL,'Commande CO1107-0003 validée','2015-02-12 17:06:51','2021-04-15 10:22:55',1,NULL,NULL,1,NULL,0,1,NULL,1,0,0,-1,'',NULL,NULL,'Commande CO1107-0003 validée\nAuteur: admin',2,'order',NULL,NULL,NULL,NULL,NULL,NULL,NULL,NULL,NULL,NULL,NULL,NULL,NULL,NULL,'default',NULL,NULL,0,0),(137,'137',NULL,1,'2015-02-17 16:22:10','2015-02-17 16:22:10',40,NULL,'Proposition PR1302-0009 validée','2015-02-17 16:22:10','2021-04-15 10:22:55',1,NULL,NULL,19,NULL,0,1,NULL,1,0,0,-1,'',NULL,NULL,'Proposition PR1302-0009 validée\nAuteur: admin',9,'propal',NULL,NULL,NULL,NULL,NULL,NULL,NULL,NULL,NULL,NULL,NULL,NULL,NULL,NULL,'default',NULL,NULL,0,0),(138,'138',NULL,1,'2015-02-17 16:27:00','2015-02-17 16:27:00',40,NULL,'Facture FA1302-0012 validée dans Dolibarr','2015-02-17 16:27:00','2021-04-15 10:22:55',1,NULL,NULL,18,NULL,0,1,NULL,1,0,0,-1,'',NULL,NULL,'Facture FA1302-0012 validée dans Dolibarr\nAuteur: admin',152,'invoice',NULL,NULL,NULL,NULL,NULL,NULL,NULL,NULL,NULL,NULL,NULL,NULL,NULL,NULL,'default',NULL,NULL,0,0),(139,'139',NULL,1,'2015-02-17 16:27:29','2015-02-17 16:27:29',40,NULL,'Proposition PR1302-0010 validée','2015-02-17 16:27:29','2021-04-15 10:22:55',1,NULL,NULL,18,NULL,0,1,NULL,1,0,0,-1,'',NULL,NULL,'Proposition PR1302-0010 validée\nAuteur: admin',11,'propal',NULL,NULL,NULL,NULL,NULL,NULL,NULL,NULL,NULL,NULL,NULL,NULL,NULL,NULL,'default',NULL,NULL,0,0),(140,'140',NULL,1,'2015-02-17 18:27:56','2015-02-17 18:27:56',40,NULL,'Commande CO1107-0004 validée','2015-02-17 18:27:56','2021-04-15 10:22:55',1,NULL,NULL,1,NULL,0,1,NULL,1,0,0,-1,'',NULL,NULL,'Commande CO1107-0004 validée\nAuteur: admin',3,'order',NULL,NULL,NULL,NULL,NULL,NULL,NULL,NULL,NULL,NULL,NULL,NULL,NULL,NULL,'default',NULL,NULL,0,0),(141,'141',NULL,1,'2015-02-17 18:38:14','2015-02-17 18:38:14',40,NULL,'Commande CO1302-0005 validée','2015-02-17 18:38:14','2021-04-15 10:22:55',1,NULL,NULL,18,NULL,0,1,NULL,1,0,0,-1,'',NULL,NULL,'Commande CO1302-0005 validée\nAuteur: admin',7,'order',NULL,NULL,NULL,NULL,NULL,NULL,NULL,NULL,NULL,NULL,NULL,NULL,NULL,NULL,'default',NULL,NULL,0,0),(142,'142',NULL,1,'2015-02-26 22:57:50','2015-02-26 22:57:50',40,NULL,'Company pppp added into Dolibarr','2015-02-26 22:57:50','2021-04-15 10:22:55',1,NULL,NULL,22,NULL,0,1,NULL,1,0,0,-1,'',NULL,NULL,'Company pppp added into Dolibarr\nAuthor: admin',22,'societe',NULL,NULL,NULL,NULL,NULL,NULL,NULL,NULL,NULL,NULL,NULL,NULL,NULL,NULL,'default',NULL,NULL,0,0),(143,'143',NULL,1,'2015-02-26 22:58:13','2015-02-26 22:58:13',40,NULL,'Company ttttt added into Dolibarr','2015-02-26 22:58:13','2021-04-15 10:22:55',1,NULL,NULL,23,NULL,0,1,NULL,1,0,0,-1,'',NULL,NULL,'Company ttttt added into Dolibarr\nAuthor: admin',23,'societe',NULL,NULL,NULL,NULL,NULL,NULL,NULL,NULL,NULL,NULL,NULL,NULL,NULL,NULL,'default',NULL,NULL,0,0),(144,'144',NULL,1,'2015-02-27 10:00:00','2015-02-27 19:20:00',5,NULL,'Rendez-vous','2015-02-27 19:20:53','2021-04-15 10:22:55',1,NULL,NULL,NULL,NULL,0,1,NULL,1,0,0,-1,'',33600,NULL,'',NULL,NULL,NULL,NULL,NULL,NULL,NULL,NULL,NULL,NULL,NULL,NULL,NULL,NULL,NULL,NULL,'default',NULL,NULL,0,0),(145,'145',NULL,1,'2015-02-27 19:28:00',NULL,2,NULL,'fdsfsd','2015-02-27 19:28:48','2021-04-15 10:22:55',1,1,NULL,NULL,NULL,0,1,NULL,1,0,0,-1,NULL,NULL,NULL,NULL,NULL,NULL,NULL,NULL,NULL,NULL,NULL,NULL,NULL,NULL,NULL,NULL,NULL,NULL,NULL,NULL,'default',NULL,NULL,0,0),(146,'146',NULL,1,'2015-03-06 10:05:07','2015-03-06 10:05:07',40,NULL,'Contrat (PROV3) validé dans Dolibarr','2015-03-06 10:05:07','2021-04-15 10:22:55',1,NULL,NULL,19,NULL,0,1,NULL,1,0,0,-1,'',NULL,NULL,'Contrat (PROV3) validé dans Dolibarr\nAuteur: admin',3,'contract',NULL,NULL,NULL,NULL,NULL,NULL,NULL,NULL,NULL,NULL,NULL,NULL,NULL,NULL,'default',NULL,NULL,0,0),(147,'147',NULL,1,'2015-03-06 16:43:37','2015-03-06 16:43:37',40,NULL,'Facture FA1307-0013 validée dans Dolibarr','2015-03-06 16:43:37','2021-04-15 10:22:55',1,NULL,NULL,12,NULL,0,1,NULL,1,0,0,-1,'',NULL,NULL,'Facture FA1307-0013 validée dans Dolibarr\nAuteur: admin',158,'invoice',NULL,NULL,NULL,NULL,NULL,NULL,NULL,NULL,NULL,NULL,NULL,NULL,NULL,NULL,'default',NULL,NULL,0,0),(148,'148',NULL,1,'2015-03-06 16:44:12','2015-03-06 16:44:12',40,NULL,'Facture FA1407-0014 validée dans Dolibarr','2015-03-06 16:44:12','2021-04-15 10:22:55',1,NULL,NULL,12,NULL,0,1,NULL,1,0,0,-1,'',NULL,NULL,'Facture FA1407-0014 validée dans Dolibarr\nAuteur: admin',159,'invoice',NULL,NULL,NULL,NULL,NULL,NULL,NULL,NULL,NULL,NULL,NULL,NULL,NULL,NULL,'default',NULL,NULL,0,0),(149,'149',NULL,1,'2015-03-06 16:47:48','2015-03-06 16:47:48',40,NULL,'Facture FA1507-0015 validée dans Dolibarr','2015-03-06 16:47:48','2021-04-15 10:22:55',1,NULL,NULL,12,NULL,0,1,NULL,1,0,0,-1,'',NULL,NULL,'Facture FA1507-0015 validée dans Dolibarr\nAuteur: admin',160,'invoice',NULL,NULL,NULL,NULL,NULL,NULL,NULL,NULL,NULL,NULL,NULL,NULL,NULL,NULL,'default',NULL,NULL,0,0),(150,'150',NULL,1,'2015-03-06 16:48:16','2015-03-06 16:48:16',40,NULL,'Facture FA1607-0016 validée dans Dolibarr','2015-03-06 16:48:16','2021-04-15 10:22:55',1,NULL,NULL,12,NULL,0,1,NULL,1,0,0,-1,'',NULL,NULL,'Facture FA1607-0016 validée dans Dolibarr\nAuteur: admin',161,'invoice',NULL,NULL,NULL,NULL,NULL,NULL,NULL,NULL,NULL,NULL,NULL,NULL,NULL,NULL,'default',NULL,NULL,0,0),(151,'151',NULL,1,'2015-03-06 17:13:59','2015-03-06 17:13:59',40,NULL,'Société smith smith ajoutée dans Dolibarr','2015-03-06 17:13:59','2021-04-15 10:22:55',1,NULL,NULL,24,NULL,0,1,NULL,1,0,0,-1,'',NULL,NULL,'Société smith smith ajoutée dans Dolibarr\nAuteur: admin',24,'societe',NULL,NULL,NULL,NULL,NULL,NULL,NULL,NULL,NULL,NULL,NULL,NULL,NULL,NULL,'default',NULL,NULL,0,0),(152,'152',NULL,1,'2015-03-08 10:02:22','2015-03-08 10:02:22',40,NULL,'Proposition (PROV12) validée dans Dolibarr','2015-03-08 10:02:22','2021-04-15 10:22:55',1,NULL,NULL,23,NULL,0,1,NULL,1,0,0,-1,'',NULL,NULL,'Proposition (PROV12) validée dans Dolibarr\nAuteur: admin',12,'propal',NULL,NULL,NULL,NULL,NULL,NULL,NULL,NULL,NULL,NULL,NULL,NULL,NULL,NULL,'default',NULL,NULL,0,0),(203,'203',NULL,1,'2015-03-09 19:39:27','2015-03-09 19:39:27',40,'AC_ORDER_SUPPLIER_VALIDATE','Commande CF1303-0004 validée','2015-03-09 19:39:27','2021-04-15 10:22:55',1,NULL,NULL,1,NULL,0,1,NULL,1,0,0,-1,'',NULL,NULL,'Commande CF1303-0004 validée\nAuteur: admin',13,'order_supplier',NULL,NULL,NULL,NULL,NULL,NULL,NULL,NULL,NULL,NULL,NULL,NULL,NULL,NULL,'default',NULL,NULL,0,0),(204,'204',NULL,1,'2015-03-10 15:47:37','2015-03-10 15:47:37',40,'AC_COMPANY_CREATE','Patient créé','2015-03-10 15:47:37','2021-04-15 10:22:55',1,NULL,NULL,25,NULL,0,1,NULL,1,0,0,-1,'',NULL,NULL,'Patient créé\nAuteur: admin',25,'societe',NULL,NULL,NULL,NULL,NULL,NULL,NULL,NULL,NULL,NULL,NULL,NULL,NULL,NULL,'default',NULL,NULL,0,0),(205,'205',NULL,1,'2015-03-10 15:57:32','2015-03-10 15:57:32',40,'AC_COMPANY_CREATE','Tiers créé','2015-03-10 15:57:32','2021-04-15 10:22:55',1,NULL,NULL,26,NULL,0,1,NULL,1,0,0,-1,'',NULL,NULL,'Tiers créé\nAuteur: admin',26,'societe',NULL,NULL,NULL,NULL,NULL,NULL,NULL,NULL,NULL,NULL,NULL,NULL,NULL,NULL,'default',NULL,NULL,0,0),(206,'206',NULL,1,'2015-03-10 15:58:28','2015-03-10 15:58:28',40,'AC_BILL_VALIDATE','Facture FA1303-0017 validée','2015-03-10 15:58:28','2021-04-15 10:22:55',1,NULL,NULL,26,NULL,0,1,NULL,1,0,0,-1,'',NULL,NULL,'Facture FA1303-0017 validée\nAuteur: admin',208,'invoice',NULL,NULL,NULL,NULL,NULL,NULL,NULL,NULL,NULL,NULL,NULL,NULL,NULL,NULL,'default',NULL,NULL,0,0),(207,'207',NULL,1,'2015-03-19 09:38:10','2015-03-19 09:38:10',40,'AC_BILL_VALIDATE','Facture FA1303-0018 validée','2015-03-19 09:38:10','2021-04-15 10:22:55',1,NULL,NULL,19,NULL,0,1,NULL,1,0,0,-1,'',NULL,NULL,'Facture FA1303-0018 validée\nAuteur: admin',209,'invoice',NULL,NULL,NULL,NULL,NULL,NULL,NULL,NULL,NULL,NULL,NULL,NULL,NULL,NULL,'default',NULL,NULL,0,0),(208,'208',NULL,1,'2015-03-20 14:30:11','2015-03-20 14:30:11',40,'AC_BILL_VALIDATE','Facture FA1107-0019 validée','2015-03-20 14:30:11','2021-04-15 10:22:55',1,NULL,NULL,10,NULL,0,1,NULL,1,0,0,-1,'',NULL,NULL,'Facture FA1107-0019 validée\nAuteur: admin',210,'invoice',NULL,NULL,NULL,NULL,NULL,NULL,NULL,NULL,NULL,NULL,NULL,NULL,NULL,NULL,'default',NULL,NULL,0,0),(209,'209',NULL,1,'2015-03-22 09:40:25','2015-03-22 09:40:25',40,'AC_BILL_VALIDATE','Facture FA1303-0020 validée','2015-03-22 09:40:25','2021-04-15 10:22:55',1,NULL,NULL,19,NULL,0,1,NULL,1,0,0,-1,'',NULL,NULL,'Facture FA1303-0020 validée\nAuteur: admin',211,'invoice',NULL,NULL,NULL,NULL,NULL,NULL,NULL,NULL,NULL,NULL,NULL,NULL,NULL,NULL,'default',NULL,NULL,0,0),(210,'210',NULL,1,'2015-03-23 17:16:25','2015-03-23 17:16:25',40,'AC_BILL_VALIDATE','Facture FA1303-0020 validée','2015-03-23 17:16:25','2021-04-15 10:22:55',1,NULL,NULL,19,NULL,0,1,NULL,1,0,0,-1,'',NULL,NULL,'Facture FA1303-0020 validée\nAuteur: admin',211,'invoice',NULL,NULL,NULL,NULL,NULL,NULL,NULL,NULL,NULL,NULL,NULL,NULL,NULL,NULL,'default',NULL,NULL,0,0),(211,'211',NULL,1,'2015-03-23 18:08:27','2015-03-23 18:08:27',40,'AC_BILL_VALIDATE','Facture FA1307-0013 validée','2015-03-23 18:08:27','2021-04-15 10:22:55',1,NULL,NULL,12,NULL,0,1,NULL,1,0,0,-1,'',NULL,NULL,'Facture FA1307-0013 validée\nAuteur: admin',158,'invoice',NULL,NULL,NULL,NULL,NULL,NULL,NULL,NULL,NULL,NULL,NULL,NULL,NULL,NULL,'default',NULL,NULL,0,0),(212,'212',NULL,1,'2015-03-24 15:54:00','2015-03-24 15:54:00',40,'AC_BILL_VALIDATE','Facture FA1212-0021 validée','2015-03-24 15:54:00','2021-04-15 10:22:55',1,NULL,NULL,1,NULL,0,1,NULL,1,0,0,-1,'',NULL,NULL,'Facture FA1212-0021 validée\nAuteur: admin',32,'invoice',NULL,NULL,NULL,NULL,NULL,NULL,NULL,NULL,NULL,NULL,NULL,NULL,NULL,NULL,'default',NULL,NULL,0,0),(213,'213',NULL,1,'2015-11-07 01:02:39','2015-11-07 01:02:39',40,'AC_COMPANY_CREATE','Third party created','2015-11-07 01:02:39','2021-04-15 10:22:55',1,NULL,NULL,27,NULL,0,1,0,1,0,0,-1,'',NULL,NULL,'Third party created\nAuthor: admin',27,'societe',NULL,NULL,NULL,NULL,NULL,NULL,NULL,NULL,NULL,NULL,NULL,NULL,NULL,NULL,'default',NULL,NULL,0,0),(214,'214',NULL,1,'2015-11-07 01:05:22','2015-11-07 01:05:22',40,'AC_COMPANY_CREATE','Third party created','2015-11-07 01:05:22','2021-04-15 10:22:55',1,NULL,NULL,28,NULL,0,1,0,1,0,0,-1,'',NULL,NULL,'Third party created\nAuthor: admin',28,'societe',NULL,NULL,NULL,NULL,NULL,NULL,NULL,NULL,NULL,NULL,NULL,NULL,NULL,NULL,'default',NULL,NULL,0,0),(215,'215',NULL,1,'2015-11-07 01:07:07','2015-11-07 01:07:07',40,'AC_COMPANY_CREATE','Third party created','2015-11-07 01:07:07','2021-04-15 10:22:55',1,NULL,NULL,29,NULL,0,1,0,1,0,0,-1,'',NULL,NULL,'Third party created\nAuthor: admin',29,'societe',NULL,NULL,NULL,NULL,NULL,NULL,NULL,NULL,NULL,NULL,NULL,NULL,NULL,NULL,'default',NULL,NULL,0,0),(216,'216',NULL,1,'2015-11-07 01:07:58','2015-11-07 01:07:58',40,'AC_COMPANY_CREATE','Third party created','2015-11-07 01:07:58','2021-04-15 10:22:55',1,NULL,NULL,30,NULL,0,1,0,1,0,0,-1,'',NULL,NULL,'Third party created\nAuthor: admin',30,'societe',NULL,NULL,NULL,NULL,NULL,NULL,NULL,NULL,NULL,NULL,NULL,NULL,NULL,NULL,'default',NULL,NULL,0,0),(217,'217',NULL,1,'2015-11-07 01:10:09','2015-11-07 01:10:09',40,'AC_COMPANY_CREATE','Third party created','2015-11-07 01:10:09','2021-04-15 10:22:55',1,NULL,NULL,31,NULL,0,1,0,1,0,0,-1,'',NULL,NULL,'Third party created\nAuthor: admin',31,'societe',NULL,NULL,NULL,NULL,NULL,NULL,NULL,NULL,NULL,NULL,NULL,NULL,NULL,NULL,'default',NULL,NULL,0,0),(218,'218',NULL,1,'2015-11-07 01:15:57','2015-11-07 01:15:57',40,'AC_COMPANY_CREATE','Third party created','2015-11-07 01:15:57','2021-04-15 10:22:55',1,NULL,NULL,32,NULL,0,1,0,1,0,0,-1,'',NULL,NULL,'Third party created\nAuthor: admin',32,'societe',NULL,NULL,NULL,NULL,NULL,NULL,NULL,NULL,NULL,NULL,NULL,NULL,NULL,NULL,'default',NULL,NULL,0,0),(219,'219',NULL,1,'2015-11-07 01:16:51','2015-11-07 01:16:51',40,'AC_COMPANY_CREATE','Third party created','2015-11-07 01:16:51','2021-04-15 10:22:55',1,NULL,NULL,33,NULL,0,1,0,1,0,0,-1,'',NULL,NULL,'Third party created\nAuthor: admin',33,'societe',NULL,NULL,NULL,NULL,NULL,NULL,NULL,NULL,NULL,NULL,NULL,NULL,NULL,NULL,'default',NULL,NULL,0,0),(220,'220',NULL,1,'2016-03-02 17:24:04','2016-03-02 17:24:04',40,'AC_BILL_VALIDATE','Invoice FA1302-0022 validated','2016-03-02 17:24:04','2021-04-15 10:22:55',1,NULL,NULL,18,NULL,0,1,0,1,0,0,-1,'',NULL,NULL,'Invoice FA1302-0022 validated\nAuthor: admin',157,'invoice',NULL,NULL,NULL,NULL,NULL,NULL,NULL,NULL,NULL,NULL,NULL,NULL,NULL,NULL,'default',NULL,NULL,0,0),(221,'221',NULL,1,'2016-03-02 17:24:28','2016-03-02 17:24:28',40,'AC_BILL_VALIDATE','Invoice FA1303-0020 validated','2016-03-02 17:24:28','2021-04-15 10:22:55',1,NULL,NULL,19,NULL,0,1,0,1,0,0,-1,'',NULL,NULL,'Invoice FA1303-0020 validated\nAuthor: admin',211,'invoice',NULL,NULL,NULL,NULL,NULL,NULL,NULL,NULL,NULL,NULL,NULL,NULL,NULL,NULL,'default',NULL,NULL,0,0),(222,'222',NULL,1,'2016-03-05 10:00:00','2016-03-05 10:00:00',5,NULL,'RDV John','2016-03-02 19:54:48','2021-04-15 10:22:55',1,1,NULL,NULL,NULL,0,1,0,NULL,0,0,-1,NULL,NULL,NULL,'gfdgdfgdf',NULL,NULL,NULL,NULL,NULL,NULL,NULL,NULL,NULL,NULL,NULL,NULL,NULL,NULL,NULL,NULL,'default',NULL,NULL,0,0),(223,'223',NULL,1,'2016-03-13 10:00:00','2016-03-17 00:00:00',50,NULL,'Congress','2016-03-02 19:55:11','2021-04-15 10:22:55',1,NULL,NULL,NULL,NULL,0,1,0,NULL,0,0,-1,'',309600,NULL,'',NULL,NULL,NULL,NULL,NULL,NULL,NULL,NULL,NULL,NULL,NULL,NULL,NULL,NULL,NULL,NULL,'default',NULL,NULL,0,0),(224,'224',NULL,1,'2016-03-14 10:00:00',NULL,1,NULL,'Call john','2016-03-02 19:55:56','2021-04-15 10:22:55',1,NULL,NULL,NULL,NULL,0,1,0,NULL,0,0,0,'',NULL,NULL,'tttt',NULL,NULL,NULL,NULL,NULL,NULL,NULL,NULL,NULL,NULL,NULL,NULL,NULL,NULL,NULL,NULL,'default',NULL,NULL,0,0),(225,'225',NULL,1,'2016-03-02 20:11:31','2016-03-02 20:11:31',40,'AC_BILL_UNVALIDATE','Invoice FA1303-0020 go back to draft status','2016-03-02 20:11:31','2021-04-15 10:22:55',1,NULL,NULL,19,NULL,0,1,0,1,0,0,-1,'',NULL,NULL,'Invoice FA1303-0020 go back to draft status\nAuthor: admin',211,'invoice',NULL,NULL,NULL,NULL,NULL,NULL,NULL,NULL,NULL,NULL,NULL,NULL,NULL,NULL,'default',NULL,NULL,0,0),(226,'226',NULL,1,'2016-03-02 20:13:39','2016-03-02 20:13:39',40,'AC_BILL_VALIDATE','Invoice FA1303-0020 validated','2016-03-02 20:13:39','2021-04-15 10:22:55',1,NULL,NULL,19,NULL,0,1,0,1,0,0,-1,'',NULL,NULL,'Invoice FA1303-0020 validated\nAuthor: admin',211,'invoice',NULL,NULL,NULL,NULL,NULL,NULL,NULL,NULL,NULL,NULL,NULL,NULL,NULL,NULL,'default',NULL,NULL,0,0),(227,'227',NULL,1,'2016-03-03 19:20:10','2016-03-03 19:20:10',40,'AC_BILL_VALIDATE','Invoice FA1212-0023 validated','2016-03-03 19:20:10','2021-04-15 10:22:55',1,NULL,NULL,1,NULL,0,1,0,1,0,0,-1,'',NULL,NULL,'Invoice FA1212-0023 validated\nAuthor: admin',33,'invoice',NULL,NULL,NULL,NULL,NULL,NULL,NULL,NULL,NULL,NULL,NULL,NULL,NULL,NULL,'default',NULL,NULL,0,0),(228,'228',NULL,1,'2016-03-03 19:20:25','2016-03-03 19:20:25',40,'AC_BILL_CANCEL','Invoice FA1212-0023 canceled in Dolibarr','2016-03-03 19:20:25','2021-04-15 10:22:55',1,NULL,NULL,1,NULL,0,1,0,1,0,0,-1,'',NULL,NULL,'Invoice FA1212-0023 canceled in Dolibarr\nAuthor: admin',33,'invoice',NULL,NULL,NULL,NULL,NULL,NULL,NULL,NULL,NULL,NULL,NULL,NULL,NULL,NULL,'default',NULL,NULL,0,0),(229,'229',NULL,1,'2016-03-03 19:20:56','2016-03-03 19:20:56',40,'AC_BILL_VALIDATE','Invoice AV1403-0003 validated','2016-03-03 19:20:56','2021-04-15 10:22:55',1,NULL,NULL,1,NULL,0,1,0,1,0,0,-1,'',NULL,NULL,'Invoice AV1403-0003 validated\nAuthor: admin',212,'invoice',NULL,NULL,NULL,NULL,NULL,NULL,NULL,NULL,NULL,NULL,NULL,NULL,NULL,NULL,'default',NULL,NULL,0,0),(230,'230',NULL,1,'2016-03-03 19:21:29','2016-03-03 19:21:29',40,'AC_BILL_UNVALIDATE','Invoice AV1403-0003 go back to draft status','2016-03-03 19:21:29','2021-04-15 10:22:55',1,NULL,NULL,1,NULL,0,1,0,1,0,0,-1,'',NULL,NULL,'Invoice AV1403-0003 go back to draft status\nAuthor: admin',212,'invoice',NULL,NULL,NULL,NULL,NULL,NULL,NULL,NULL,NULL,NULL,NULL,NULL,NULL,NULL,'default',NULL,NULL,0,0),(231,'231',NULL,1,'2016-03-03 19:22:16','2016-03-03 19:22:16',40,'AC_BILL_VALIDATE','Invoice AV1303-0003 validated','2016-03-03 19:22:16','2021-04-15 10:22:55',1,NULL,NULL,1,NULL,0,1,0,1,0,0,-1,'',NULL,NULL,'Invoice AV1303-0003 validated\nAuthor: admin',213,'invoice',NULL,NULL,NULL,NULL,NULL,NULL,NULL,NULL,NULL,NULL,NULL,NULL,NULL,NULL,'default',NULL,NULL,0,0),(232,'232',NULL,1,'2018-01-22 18:54:39','2018-01-22 18:54:39',40,'AC_OTH_AUTO','Invoice 16 validated','2018-01-22 18:54:39','2021-04-15 10:22:55',12,NULL,NULL,1,NULL,0,12,0,NULL,0,0,-1,'',NULL,NULL,'Invoice 16 validated\nAuthor: admin',16,'invoice_supplier',NULL,NULL,NULL,NULL,NULL,NULL,NULL,NULL,NULL,NULL,NULL,NULL,NULL,NULL,'default',NULL,NULL,0,0),(233,'233',NULL,1,'2018-01-22 18:54:46','2018-01-22 18:54:46',40,'AC_OTH_AUTO','Invoice 16 validated','2018-01-22 18:54:46','2021-04-15 10:22:55',12,NULL,NULL,1,NULL,0,12,0,NULL,0,0,-1,'',NULL,NULL,'Invoice 16 validated\nAuthor: admin',16,'invoice_supplier',NULL,NULL,NULL,NULL,NULL,NULL,NULL,NULL,NULL,NULL,NULL,NULL,NULL,NULL,'default',NULL,NULL,0,0),(234,'234',NULL,1,'2018-07-05 10:00:00','2018-07-05 11:19:00',5,'AC_RDV','Meeting with my boss','2018-07-31 18:19:48','2021-04-15 10:22:55',12,NULL,NULL,NULL,NULL,0,12,1,NULL,0,0,-1,'',4740,NULL,'',NULL,NULL,NULL,NULL,NULL,NULL,NULL,NULL,NULL,NULL,NULL,NULL,NULL,NULL,NULL,NULL,'default',NULL,NULL,0,0),(235,'235',NULL,1,'2018-07-13 00:00:00','2018-07-14 23:59:59',50,'AC_OTH','Trip at Las Vegas','2018-07-31 18:20:36','2021-04-15 10:22:55',12,NULL,4,NULL,2,0,12,1,NULL,0,1,-1,'',172799,NULL,'',NULL,NULL,NULL,NULL,NULL,NULL,NULL,NULL,NULL,NULL,NULL,NULL,NULL,NULL,NULL,NULL,'default',NULL,NULL,0,0),(236,'236',NULL,1,'2018-07-29 10:00:00',NULL,4,'AC_EMAIL','Remind to send an email','2018-07-31 18:21:04','2021-04-15 10:22:55',12,NULL,NULL,NULL,NULL,0,4,0,NULL,0,0,-1,'',NULL,NULL,'',NULL,NULL,NULL,NULL,NULL,NULL,NULL,NULL,NULL,NULL,NULL,NULL,NULL,NULL,NULL,NULL,'default',NULL,NULL,0,0),(237,'237',NULL,1,'2018-07-01 10:00:00',NULL,1,'AC_TEL','Phone call with Mr Vaalen','2018-07-31 18:22:04','2021-04-15 10:22:55',12,NULL,6,4,NULL,0,13,0,NULL,0,0,-1,'',NULL,NULL,'',NULL,NULL,NULL,NULL,NULL,NULL,NULL,NULL,NULL,NULL,NULL,NULL,NULL,NULL,NULL,NULL,'default',NULL,NULL,0,0),(238,'238',NULL,1,'2018-08-02 10:00:00','2018-08-02 12:00:00',5,'AC_RDV','Meeting on radium','2018-08-01 01:15:50','2021-04-15 10:22:55',12,NULL,8,10,10,0,12,1,NULL,0,0,-1,'',7200,NULL,'',NULL,NULL,NULL,NULL,NULL,NULL,NULL,NULL,NULL,NULL,NULL,NULL,NULL,NULL,NULL,NULL,'default',NULL,NULL,0,0),(239,'239',NULL,1,'2017-01-29 21:49:33','2017-01-29 21:49:33',40,'AC_OTH_AUTO','Proposal PR1302-0007 validated','2017-01-29 21:49:33','2021-04-15 10:22:55',12,NULL,NULL,19,NULL,0,12,0,NULL,0,0,-1,'',NULL,NULL,'Proposal PR1302-0007 validated\nAuthor: admin',7,'propal',NULL,NULL,NULL,NULL,NULL,NULL,NULL,NULL,NULL,NULL,NULL,NULL,NULL,NULL,'default',NULL,NULL,0,0),(240,'240',NULL,1,'2017-01-31 20:52:00',NULL,1,'AC_TEL','Call the boss','2017-01-31 20:52:10','2021-04-15 10:22:55',12,12,6,NULL,NULL,0,12,1,NULL,0,0,-1,NULL,NULL,NULL,NULL,NULL,NULL,NULL,NULL,NULL,NULL,NULL,NULL,NULL,NULL,NULL,NULL,NULL,NULL,NULL,NULL,'default',NULL,NULL,0,0),(242,'242',NULL,1,'2017-02-01 18:52:04','2017-02-01 18:52:04',40,'AC_OTH_AUTO','Order CF1007-0001 validated','2017-02-01 18:52:04','2021-04-15 10:22:55',12,NULL,NULL,13,NULL,0,12,0,NULL,0,0,-1,'',NULL,NULL,'Order CF1007-0001 validated\nAuthor: admin',1,'order_supplier',NULL,NULL,NULL,NULL,NULL,NULL,NULL,NULL,NULL,NULL,NULL,NULL,NULL,NULL,'default',NULL,NULL,0,0),(243,'243',NULL,1,'2017-02-01 18:52:04','2017-02-01 18:52:04',40,'AC_OTH_AUTO','Order CF1007-0001 approved','2017-02-01 18:52:04','2021-04-15 10:22:55',12,NULL,NULL,13,NULL,0,12,0,NULL,0,0,-1,'',NULL,NULL,'Order CF1007-0001 approved\nAuthor: admin',1,'order_supplier',NULL,NULL,NULL,NULL,NULL,NULL,NULL,NULL,NULL,NULL,NULL,NULL,NULL,NULL,'default',NULL,NULL,0,0),(245,'245',NULL,1,'2017-02-01 18:52:32','2017-02-01 18:52:32',40,'AC_OTH_AUTO','Supplier order CF1007-0001 submited','2017-02-01 18:52:32','2021-04-15 10:22:55',12,NULL,NULL,13,NULL,0,12,0,NULL,0,0,-1,'',NULL,NULL,'Supplier order CF1007-0001 submited\nAuthor: admin',1,'order_supplier',NULL,NULL,NULL,NULL,NULL,NULL,NULL,NULL,NULL,NULL,NULL,NULL,NULL,NULL,'default',NULL,NULL,0,0),(249,'249',NULL,1,'2017-02-01 18:54:01','2017-02-01 18:54:01',40,'AC_OTH_AUTO','Supplier order CF1007-0001 received','2017-02-01 18:54:01','2021-04-15 10:22:55',12,NULL,NULL,13,NULL,0,12,0,NULL,0,0,-1,'',NULL,NULL,'Supplier order CF1007-0001 received \nAuthor: admin',1,'order_supplier',NULL,NULL,NULL,NULL,NULL,NULL,NULL,NULL,NULL,NULL,NULL,NULL,NULL,NULL,'default',NULL,NULL,0,0),(250,'250',NULL,1,'2017-02-01 18:54:42','2017-02-01 18:54:42',40,'AC_OTH_AUTO','Email sent by MyBigCompany To mycustomer@example.com','2017-02-01 18:54:42','2021-04-15 10:22:55',12,NULL,NULL,13,NULL,0,12,0,NULL,0,0,-1,'',NULL,NULL,'Sender: MyBigCompany &lt;myemail@mybigcompany.com&gt;<br>\nReceiver(s): mycustomer@example.com<br>\nEMail topic: Submission of order CF1007-0001<br>\nEmail body:<br>\nYou will find here our order CF1007-0001<br />\r\n<br />\r\nSincerely<br>\n<br>\nAttached files and documents: CF1007-0001.pdf',1,'order_supplier',NULL,NULL,NULL,NULL,NULL,NULL,NULL,NULL,NULL,NULL,NULL,NULL,NULL,NULL,'default',NULL,NULL,0,0),(251,'251',NULL,1,'2017-02-01 19:02:21','2017-02-01 19:02:21',40,'AC_OTH_AUTO','Invoice SI1702-0001 validated','2017-02-01 19:02:21','2021-04-15 10:22:55',12,NULL,5,13,NULL,0,12,0,NULL,0,0,-1,'',NULL,NULL,'Invoice SI1702-0001 validated\nAuthor: admin',20,'invoice_supplier',NULL,NULL,NULL,NULL,NULL,NULL,NULL,NULL,NULL,NULL,NULL,NULL,NULL,NULL,'default',NULL,NULL,0,0),(252,'252',NULL,1,'2017-02-12 23:17:04','2017-02-12 23:17:04',40,'AC_OTH_AUTO','Patient créé','2017-02-12 23:17:04','2021-04-15 10:22:55',12,NULL,NULL,26,NULL,0,12,0,NULL,0,0,-1,'',NULL,NULL,'Patient créé\nAuthor: admin',26,'societe',NULL,NULL,NULL,NULL,NULL,NULL,NULL,NULL,NULL,NULL,NULL,NULL,NULL,NULL,'default',NULL,NULL,0,0),(253,'253',NULL,1,'2017-02-12 23:18:33','2017-02-12 23:18:33',40,'AC_OTH_AUTO','Consultation 2 recorded (aaa)','2017-02-12 23:18:33','2021-04-15 10:22:55',12,NULL,NULL,NULL,NULL,0,12,0,NULL,0,0,-1,'',NULL,NULL,'Consultation 2 recorded (aaa)\nAuthor: admin',2,'cabinetmed_cons',NULL,NULL,NULL,NULL,NULL,NULL,NULL,NULL,NULL,NULL,NULL,NULL,NULL,NULL,'default',NULL,NULL,0,0),(254,'254',NULL,1,'2017-02-15 23:28:41','2017-02-15 23:28:41',40,'AC_OTH_AUTO','Order CO7001-0005 validated','2017-02-15 23:28:41','2021-04-15 10:22:55',12,NULL,NULL,4,NULL,0,12,0,NULL,0,0,-1,'',NULL,NULL,'Order CO7001-0005 validated\nAuthor: admin',7,'order',NULL,NULL,NULL,NULL,NULL,NULL,NULL,NULL,NULL,NULL,NULL,NULL,NULL,NULL,'default',NULL,NULL,0,0),(255,'255',NULL,1,'2017-02-15 23:28:56','2017-02-15 23:28:56',40,'AC_OTH_AUTO','Order CO7001-0006 validated','2017-02-15 23:28:56','2021-04-15 10:22:55',12,NULL,NULL,4,NULL,0,12,0,NULL,0,0,-1,'',NULL,NULL,'Order CO7001-0006 validated\nAuthor: admin',8,'order',NULL,NULL,NULL,NULL,NULL,NULL,NULL,NULL,NULL,NULL,NULL,NULL,NULL,NULL,'default',NULL,NULL,0,0),(256,'256',NULL,1,'2017-02-15 23:34:33','2017-02-15 23:34:33',40,'AC_OTH_AUTO','Order CO7001-0007 validated','2017-02-15 23:34:33','2021-04-15 10:22:55',12,NULL,NULL,3,NULL,0,12,0,NULL,0,0,-1,'',NULL,NULL,'Order CO7001-0007 validated\nAuthor: admin',9,'order',NULL,NULL,NULL,NULL,NULL,NULL,NULL,NULL,NULL,NULL,NULL,NULL,NULL,NULL,'default',NULL,NULL,0,0),(257,'257',NULL,1,'2017-02-15 23:35:03','2017-02-15 23:35:03',40,'AC_OTH_AUTO','Order CO7001-0008 validated','2017-02-15 23:35:03','2021-04-15 10:22:55',12,NULL,NULL,3,NULL,0,12,0,NULL,0,0,-1,'',NULL,NULL,'Order CO7001-0008 validated\nAuthor: admin',10,'order',NULL,NULL,NULL,NULL,NULL,NULL,NULL,NULL,NULL,NULL,NULL,NULL,NULL,NULL,'default',NULL,NULL,0,0),(263,'263',NULL,1,'2017-02-15 23:50:34','2017-02-15 23:50:34',40,'AC_OTH_AUTO','Order CO7001-0005 validated','2017-02-15 23:50:34','2021-04-15 10:22:55',12,NULL,NULL,4,NULL,0,12,0,NULL,0,0,-1,'',NULL,NULL,'Order CO7001-0005 validated\nAuthor: admin',17,'order',NULL,NULL,NULL,NULL,NULL,NULL,NULL,NULL,NULL,NULL,NULL,NULL,NULL,NULL,'default',NULL,NULL,0,0),(264,'264',NULL,1,'2017-02-15 23:51:23','2017-02-15 23:51:23',40,'AC_OTH_AUTO','Order CO7001-0006 validated','2017-02-15 23:51:23','2021-04-15 10:22:55',12,NULL,NULL,7,NULL,0,12,0,NULL,0,0,-1,'',NULL,NULL,'Order CO7001-0006 validated\nAuthor: admin',18,'order',NULL,NULL,NULL,NULL,NULL,NULL,NULL,NULL,NULL,NULL,NULL,NULL,NULL,NULL,'default',NULL,NULL,0,0),(265,'265',NULL,1,'2017-02-15 23:54:51','2017-02-15 23:54:51',40,'AC_OTH_AUTO','Order CO7001-0007 validated','2017-02-15 23:54:51','2021-04-15 10:22:55',12,NULL,NULL,17,NULL,0,12,0,NULL,0,0,-1,'',NULL,NULL,'Order CO7001-0007 validated\nAuthor: admin',19,'order',NULL,NULL,NULL,NULL,NULL,NULL,NULL,NULL,NULL,NULL,NULL,NULL,NULL,NULL,'default',NULL,NULL,0,0),(266,'266',NULL,1,'2017-02-15 23:55:52','2017-02-15 23:55:52',40,'AC_OTH_AUTO','Order CO7001-0007 validated','2017-02-15 23:55:52','2021-04-15 10:22:55',12,NULL,NULL,4,NULL,0,12,0,NULL,0,0,-1,'',NULL,NULL,'Order CO7001-0007 validated\nAuthor: admin',20,'order',NULL,NULL,NULL,NULL,NULL,NULL,NULL,NULL,NULL,NULL,NULL,NULL,NULL,NULL,'default',NULL,NULL,0,0),(267,'267',NULL,1,'2017-02-16 00:03:44','2017-02-16 00:03:44',40,'AC_OTH_AUTO','Order CO7001-0008 validated','2017-02-16 00:03:44','2021-04-15 10:22:55',12,NULL,NULL,4,NULL,0,12,0,NULL,0,0,-1,'',NULL,NULL,'Order CO7001-0008 validated\nAuthor: admin',29,'order',NULL,NULL,NULL,NULL,NULL,NULL,NULL,NULL,NULL,NULL,NULL,NULL,NULL,NULL,'default',NULL,NULL,0,0),(268,'268',NULL,1,'2017-02-16 00:05:01','2017-02-16 00:05:01',40,'AC_OTH_AUTO','Order CO7001-0009 validated','2017-02-16 00:05:01','2021-04-15 10:22:55',12,NULL,NULL,11,NULL,0,12,0,NULL,0,0,-1,'',NULL,NULL,'Order CO7001-0009 validated\nAuthor: admin',34,'order',NULL,NULL,NULL,NULL,NULL,NULL,NULL,NULL,NULL,NULL,NULL,NULL,NULL,NULL,'default',NULL,NULL,0,0),(269,'269',NULL,1,'2017-02-16 00:05:01','2017-02-16 00:05:01',40,'AC_OTH_AUTO','Order CO7001-0010 validated','2017-02-16 00:05:01','2021-04-15 10:22:55',12,NULL,NULL,3,NULL,0,12,0,NULL,0,0,-1,'',NULL,NULL,'Order CO7001-0010 validated\nAuthor: admin',38,'order',NULL,NULL,NULL,NULL,NULL,NULL,NULL,NULL,NULL,NULL,NULL,NULL,NULL,NULL,'default',NULL,NULL,0,0),(270,'270',NULL,1,'2017-02-16 00:05:11','2017-02-16 00:05:11',40,'AC_OTH_AUTO','Order CO7001-0011 validated','2017-02-16 00:05:11','2021-04-15 10:22:55',12,NULL,NULL,11,NULL,0,12,0,NULL,0,0,-1,'',NULL,NULL,'Order CO7001-0011 validated\nAuthor: admin',40,'order',NULL,NULL,NULL,NULL,NULL,NULL,NULL,NULL,NULL,NULL,NULL,NULL,NULL,NULL,'default',NULL,NULL,0,0),(271,'271',NULL,1,'2017-02-16 00:05:11','2017-02-16 00:05:11',40,'AC_OTH_AUTO','Order CO7001-0012 validated','2017-02-16 00:05:11','2021-04-15 10:22:55',12,NULL,NULL,10,NULL,0,12,0,NULL,0,0,-1,'',NULL,NULL,'Order CO7001-0012 validated\nAuthor: admin',43,'order',NULL,NULL,NULL,NULL,NULL,NULL,NULL,NULL,NULL,NULL,NULL,NULL,NULL,NULL,'default',NULL,NULL,0,0),(272,'272',NULL,1,'2017-02-16 00:05:11','2017-02-16 00:05:11',40,'AC_OTH_AUTO','Order CO7001-0013 validated','2017-02-16 00:05:11','2021-04-15 10:22:55',12,NULL,NULL,1,NULL,0,12,0,NULL,0,0,-1,'',NULL,NULL,'Order CO7001-0013 validated\nAuthor: admin',47,'order',NULL,NULL,NULL,NULL,NULL,NULL,NULL,NULL,NULL,NULL,NULL,NULL,NULL,NULL,'default',NULL,NULL,0,0),(273,'273',NULL,1,'2017-02-16 00:05:11','2017-02-16 00:05:11',40,'AC_OTH_AUTO','Order CO7001-0014 validated','2017-02-16 00:05:11','2021-04-15 10:22:55',12,NULL,NULL,4,NULL,0,12,0,NULL,0,0,-1,'',NULL,NULL,'Order CO7001-0014 validated\nAuthor: admin',48,'order',NULL,NULL,NULL,NULL,NULL,NULL,NULL,NULL,NULL,NULL,NULL,NULL,NULL,NULL,'default',NULL,NULL,0,0),(274,'274',NULL,1,'2017-02-16 00:05:26','2017-02-16 00:05:26',40,'AC_OTH_AUTO','Order CO7001-0015 validated','2017-02-16 00:05:26','2021-04-15 10:22:55',12,NULL,NULL,1,NULL,0,12,0,NULL,0,0,-1,'',NULL,NULL,'Order CO7001-0015 validated\nAuthor: admin',50,'order',NULL,NULL,NULL,NULL,NULL,NULL,NULL,NULL,NULL,NULL,NULL,NULL,NULL,NULL,'default',NULL,NULL,0,0),(275,'275',NULL,1,'2017-02-16 00:05:26','2017-02-16 00:05:26',40,'AC_OTH_AUTO','Order CO7001-0016 validated','2017-02-16 00:05:26','2021-04-15 10:22:55',12,NULL,NULL,12,NULL,0,12,0,NULL,0,0,-1,'',NULL,NULL,'Order CO7001-0016 validated\nAuthor: admin',54,'order',NULL,NULL,NULL,NULL,NULL,NULL,NULL,NULL,NULL,NULL,NULL,NULL,NULL,NULL,'default',NULL,NULL,0,0),(277,'277',NULL,1,'2017-02-16 00:05:35','2017-02-16 00:05:35',40,'AC_OTH_AUTO','Order CO7001-0018 validated','2017-02-16 00:05:35','2021-04-15 10:22:55',12,NULL,NULL,19,NULL,0,12,0,NULL,0,0,-1,'',NULL,NULL,'Order CO7001-0018 validated\nAuthor: admin',62,'order',NULL,NULL,NULL,NULL,NULL,NULL,NULL,NULL,NULL,NULL,NULL,NULL,NULL,NULL,'default',NULL,NULL,0,0),(278,'278',NULL,1,'2017-02-16 00:05:35','2017-02-16 00:05:35',40,'AC_OTH_AUTO','Order CO7001-0019 validated','2017-02-16 00:05:35','2021-04-15 10:22:55',12,NULL,NULL,3,NULL,0,12,0,NULL,0,0,-1,'',NULL,NULL,'Order CO7001-0019 validated\nAuthor: admin',68,'order',NULL,NULL,NULL,NULL,NULL,NULL,NULL,NULL,NULL,NULL,NULL,NULL,NULL,NULL,'default',NULL,NULL,0,0),(279,'279',NULL,1,'2017-02-16 00:05:36','2017-02-16 00:05:36',40,'AC_OTH_AUTO','Order CO7001-0020 validated','2017-02-16 00:05:36','2021-04-15 10:22:55',12,NULL,NULL,6,NULL,0,12,0,NULL,0,0,-1,'',NULL,NULL,'Order CO7001-0020 validated\nAuthor: admin',72,'order',NULL,NULL,NULL,NULL,NULL,NULL,NULL,NULL,NULL,NULL,NULL,NULL,NULL,NULL,'default',NULL,NULL,0,0),(281,'281',NULL,1,'2017-02-16 00:05:37','2017-02-16 00:05:37',40,'AC_OTH_AUTO','Order CO7001-0022 validated','2017-02-16 00:05:37','2021-04-15 10:22:55',12,NULL,NULL,12,NULL,0,12,0,NULL,0,0,-1,'',NULL,NULL,'Order CO7001-0022 validated\nAuthor: admin',78,'order',NULL,NULL,NULL,NULL,NULL,NULL,NULL,NULL,NULL,NULL,NULL,NULL,NULL,NULL,'default',NULL,NULL,0,0),(282,'282',NULL,1,'2017-02-16 00:05:38','2017-02-16 00:05:38',40,'AC_OTH_AUTO','Order CO7001-0023 validated','2017-02-16 00:05:38','2021-04-15 10:22:55',12,NULL,NULL,11,NULL,0,12,0,NULL,0,0,-1,'',NULL,NULL,'Order CO7001-0023 validated\nAuthor: admin',81,'order',NULL,NULL,NULL,NULL,NULL,NULL,NULL,NULL,NULL,NULL,NULL,NULL,NULL,NULL,'default',NULL,NULL,0,0),(283,'283',NULL,1,'2017-02-16 00:05:38','2017-02-16 00:05:38',40,'AC_OTH_AUTO','Order CO7001-0024 validated','2017-02-16 00:05:38','2021-04-15 10:22:55',12,NULL,NULL,26,NULL,0,12,0,NULL,0,0,-1,'',NULL,NULL,'Order CO7001-0024 validated\nAuthor: admin',83,'order',NULL,NULL,NULL,NULL,NULL,NULL,NULL,NULL,NULL,NULL,NULL,NULL,NULL,NULL,'default',NULL,NULL,0,0),(284,'284',NULL,1,'2017-02-16 00:05:38','2017-02-16 00:05:38',40,'AC_OTH_AUTO','Order CO7001-0025 validated','2017-02-16 00:05:38','2021-04-15 10:22:55',12,NULL,NULL,2,NULL,0,12,0,NULL,0,0,-1,'',NULL,NULL,'Order CO7001-0025 validated\nAuthor: admin',84,'order',NULL,NULL,NULL,NULL,NULL,NULL,NULL,NULL,NULL,NULL,NULL,NULL,NULL,NULL,'default',NULL,NULL,0,0),(285,'285',NULL,1,'2017-02-16 00:05:38','2017-02-16 00:05:38',40,'AC_OTH_AUTO','Order CO7001-0026 validated','2017-02-16 00:05:38','2021-04-15 10:22:55',12,NULL,NULL,1,NULL,0,12,0,NULL,0,0,-1,'',NULL,NULL,'Order CO7001-0026 validated\nAuthor: admin',85,'order',NULL,NULL,NULL,NULL,NULL,NULL,NULL,NULL,NULL,NULL,NULL,NULL,NULL,NULL,'default',NULL,NULL,0,0),(286,'286',NULL,1,'2017-02-16 00:05:38','2017-02-16 00:05:38',40,'AC_OTH_AUTO','Order CO7001-0027 validated','2017-02-16 00:05:38','2021-04-15 10:22:55',12,NULL,NULL,10,NULL,0,12,0,NULL,0,0,-1,'',NULL,NULL,'Order CO7001-0027 validated\nAuthor: admin',88,'order',NULL,NULL,NULL,NULL,NULL,NULL,NULL,NULL,NULL,NULL,NULL,NULL,NULL,NULL,'default',NULL,NULL,0,0),(287,'287',NULL,1,'2017-02-16 03:05:56','2017-02-16 03:05:56',40,'AC_OTH_AUTO','Commande CO7001-0016 classée Livrée','2017-02-16 03:05:56','2021-04-15 10:22:55',12,NULL,NULL,12,NULL,0,12,0,NULL,0,0,-1,'',NULL,NULL,'Commande CO7001-0016 classée Livrée\nAuteur: admin',54,'order',NULL,NULL,NULL,NULL,NULL,NULL,NULL,NULL,NULL,NULL,NULL,NULL,NULL,NULL,'default',NULL,NULL,0,0),(288,'288',NULL,1,'2017-02-16 03:06:01','2017-02-16 03:06:01',40,'AC_OTH_AUTO','Commande CO7001-0016 classée Facturée','2017-02-16 03:06:01','2021-04-15 10:22:55',12,NULL,NULL,12,NULL,0,12,0,NULL,0,0,-1,'',NULL,NULL,'Commande CO7001-0016 classée Facturée\nAuteur: admin',54,'order',NULL,NULL,NULL,NULL,NULL,NULL,NULL,NULL,NULL,NULL,NULL,NULL,NULL,NULL,'default',NULL,NULL,0,0),(294,'294',NULL,1,'2017-02-16 03:53:04','2017-02-16 03:53:04',40,'AC_OTH_AUTO','Commande CO7001-0021 validée','2017-02-16 03:53:04','2021-04-15 10:22:55',12,NULL,NULL,4,NULL,0,12,0,NULL,0,0,-1,'',NULL,NULL,'Commande CO7001-0021 validée\nAuteur: admin',75,'order',NULL,NULL,NULL,NULL,NULL,NULL,NULL,NULL,NULL,NULL,NULL,NULL,NULL,NULL,'default',NULL,NULL,0,0),(295,'295',NULL,1,'2017-02-16 03:58:08','2017-02-16 03:58:08',40,'AC_OTH_AUTO','Expédition SH1702-0002 validée','2017-02-16 03:58:08','2021-04-15 10:22:55',12,NULL,NULL,4,NULL,0,12,0,NULL,0,0,-1,'',NULL,NULL,'Expédition SH1702-0002 validée\nAuteur: admin',3,'shipping',NULL,NULL,NULL,NULL,NULL,NULL,NULL,NULL,NULL,NULL,NULL,NULL,NULL,NULL,'default',NULL,NULL,0,0),(296,'296',NULL,1,'2017-02-16 04:12:29','2017-02-16 04:12:29',40,'AC_OTH_AUTO','Commande CO7001-0021 validée','2017-02-16 04:12:29','2021-04-15 10:22:55',12,NULL,NULL,4,NULL,0,12,0,NULL,0,0,-1,'',NULL,NULL,'Commande CO7001-0021 validée\nAuteur: admin',75,'order',NULL,NULL,NULL,NULL,NULL,NULL,NULL,NULL,NULL,NULL,NULL,NULL,NULL,NULL,'default',NULL,NULL,0,0),(297,'297',NULL,1,'2017-02-16 04:14:20','2017-02-16 04:14:20',40,'AC_OTH_AUTO','Commande CO7001-0021 validée','2017-02-16 04:14:20','2021-04-15 10:22:55',12,NULL,NULL,4,NULL,0,12,0,NULL,0,0,-1,'',NULL,NULL,'Commande CO7001-0021 validée\nAuteur: admin',75,'order',NULL,NULL,NULL,NULL,NULL,NULL,NULL,NULL,NULL,NULL,NULL,NULL,NULL,NULL,'default',NULL,NULL,0,0),(298,'298',NULL,1,'2017-02-16 01:44:58','2017-02-16 01:44:58',40,'AC_OTH_AUTO','Proposal PR1702-0009 validated','2017-02-16 01:44:58','2021-04-15 10:22:55',1,NULL,NULL,1,NULL,0,1,0,NULL,0,0,-1,'',NULL,NULL,'Proposal PR1702-0009 validated\nAuthor: aeinstein',11,'propal',NULL,NULL,NULL,NULL,NULL,NULL,NULL,NULL,NULL,NULL,NULL,NULL,NULL,NULL,'default',NULL,NULL,0,0),(299,'299',NULL,1,'2017-02-16 01:45:44','2017-02-16 01:45:44',40,'AC_OTH_AUTO','Proposal PR1702-0010 validated','2017-02-16 01:45:44','2021-04-15 10:22:55',2,NULL,NULL,7,NULL,0,2,0,NULL,0,0,-1,'',NULL,NULL,'Proposal PR1702-0010 validated\nAuthor: demo',12,'propal',NULL,NULL,NULL,NULL,NULL,NULL,NULL,NULL,NULL,NULL,NULL,NULL,NULL,NULL,'default',NULL,NULL,0,0),(300,'300',NULL,1,'2017-02-16 01:46:15','2017-02-16 01:46:15',40,'AC_OTH_AUTO','Proposal PR1702-0011 validated','2017-02-16 01:46:15','2021-04-15 10:22:55',1,NULL,NULL,26,NULL,0,1,0,NULL,0,0,-1,'',NULL,NULL,'Proposal PR1702-0011 validated\nAuthor: aeinstein',13,'propal',NULL,NULL,NULL,NULL,NULL,NULL,NULL,NULL,NULL,NULL,NULL,NULL,NULL,NULL,'default',NULL,NULL,0,0),(301,'301',NULL,1,'2017-02-16 01:46:15','2017-02-16 01:46:15',40,'AC_OTH_AUTO','Proposal PR1702-0012 validated','2017-02-16 01:46:15','2021-04-15 10:22:55',2,NULL,NULL,3,NULL,0,2,0,NULL,0,0,-1,'',NULL,NULL,'Proposal PR1702-0012 validated\nAuthor: demo',14,'propal',NULL,NULL,NULL,NULL,NULL,NULL,NULL,NULL,NULL,NULL,NULL,NULL,NULL,NULL,'default',NULL,NULL,0,0),(302,'302',NULL,1,'2017-02-16 01:46:15','2017-02-16 01:46:15',40,'AC_OTH_AUTO','Proposal PR1702-0013 validated','2017-02-16 01:46:15','2021-04-15 10:22:55',2,NULL,NULL,26,NULL,0,2,0,NULL,0,0,-1,'',NULL,NULL,'Proposal PR1702-0013 validated\nAuthor: demo',15,'propal',NULL,NULL,NULL,NULL,NULL,NULL,NULL,NULL,NULL,NULL,NULL,NULL,NULL,NULL,'default',NULL,NULL,0,0),(303,'303',NULL,1,'2017-02-16 01:46:15','2017-02-16 01:46:15',40,'AC_OTH_AUTO','Proposal PR1702-0014 validated','2017-02-16 01:46:15','2021-04-15 10:22:55',2,NULL,NULL,1,NULL,0,2,0,NULL,0,0,-1,'',NULL,NULL,'Proposal PR1702-0014 validated\nAuthor: demo',16,'propal',NULL,NULL,NULL,NULL,NULL,NULL,NULL,NULL,NULL,NULL,NULL,NULL,NULL,NULL,'default',NULL,NULL,0,0),(304,'304',NULL,1,'2017-02-16 01:46:15','2017-02-16 01:46:15',40,'AC_OTH_AUTO','Proposal PR1702-0015 validated','2017-02-16 01:46:15','2021-04-15 10:22:55',1,NULL,NULL,1,NULL,0,1,0,NULL,0,0,-1,'',NULL,NULL,'Proposal PR1702-0015 validated\nAuthor: aeinstein',17,'propal',NULL,NULL,NULL,NULL,NULL,NULL,NULL,NULL,NULL,NULL,NULL,NULL,NULL,NULL,'default',NULL,NULL,0,0),(305,'305',NULL,1,'2017-02-16 01:46:15','2017-02-16 01:46:15',40,'AC_OTH_AUTO','Proposal PR1702-0016 validated','2017-02-16 01:46:15','2021-04-15 10:22:55',2,NULL,NULL,26,NULL,0,2,0,NULL,0,0,-1,'',NULL,NULL,'Proposal PR1702-0016 validated\nAuthor: demo',18,'propal',NULL,NULL,NULL,NULL,NULL,NULL,NULL,NULL,NULL,NULL,NULL,NULL,NULL,NULL,'default',NULL,NULL,0,0),(306,'306',NULL,1,'2017-02-16 01:46:15','2017-02-16 01:46:15',40,'AC_OTH_AUTO','Proposal PR1702-0017 validated','2017-02-16 01:46:15','2021-04-15 10:22:55',2,NULL,NULL,12,NULL,0,2,0,NULL,0,0,-1,'',NULL,NULL,'Proposal PR1702-0017 validated\nAuthor: demo',19,'propal',NULL,NULL,NULL,NULL,NULL,NULL,NULL,NULL,NULL,NULL,NULL,NULL,NULL,NULL,'default',NULL,NULL,0,0),(307,'307',NULL,1,'2017-02-16 01:46:15','2017-02-16 01:46:15',40,'AC_OTH_AUTO','Proposal PR1702-0018 validated','2017-02-16 01:46:15','2021-04-15 10:22:55',1,NULL,NULL,26,NULL,0,1,0,NULL,0,0,-1,'',NULL,NULL,'Proposal PR1702-0018 validated\nAuthor: aeinstein',20,'propal',NULL,NULL,NULL,NULL,NULL,NULL,NULL,NULL,NULL,NULL,NULL,NULL,NULL,NULL,'default',NULL,NULL,0,0),(308,'308',NULL,1,'2017-02-16 01:46:15','2017-02-16 01:46:15',40,'AC_OTH_AUTO','Proposal PR1702-0019 validated','2017-02-16 01:46:15','2021-04-15 10:22:55',1,NULL,NULL,1,NULL,0,1,0,NULL,0,0,-1,'',NULL,NULL,'Proposal PR1702-0019 validated\nAuthor: aeinstein',21,'propal',NULL,NULL,NULL,NULL,NULL,NULL,NULL,NULL,NULL,NULL,NULL,NULL,NULL,NULL,'default',NULL,NULL,0,0),(309,'309',NULL,1,'2017-02-16 01:46:15','2017-02-16 01:46:15',40,'AC_OTH_AUTO','Proposal PR1702-0020 validated','2017-02-16 01:46:15','2021-04-15 10:22:55',1,NULL,NULL,26,NULL,0,1,0,NULL,0,0,-1,'',NULL,NULL,'Proposal PR1702-0020 validated\nAuthor: aeinstein',22,'propal',NULL,NULL,NULL,NULL,NULL,NULL,NULL,NULL,NULL,NULL,NULL,NULL,NULL,NULL,'default',NULL,NULL,0,0),(310,'310',NULL,1,'2017-02-16 01:46:17','2017-02-16 01:46:17',40,'AC_OTH_AUTO','Proposal PR1702-0021 validated','2017-02-16 01:46:17','2021-04-15 10:22:55',2,NULL,NULL,12,NULL,0,2,0,NULL,0,0,-1,'',NULL,NULL,'Proposal PR1702-0021 validated\nAuthor: demo',23,'propal',NULL,NULL,NULL,NULL,NULL,NULL,NULL,NULL,NULL,NULL,NULL,NULL,NULL,NULL,'default',NULL,NULL,0,0),(311,'311',NULL,1,'2017-02-16 01:46:17','2017-02-16 01:46:17',40,'AC_OTH_AUTO','Proposal PR1702-0022 validated','2017-02-16 01:46:17','2021-04-15 10:22:55',2,NULL,NULL,7,NULL,0,2,0,NULL,0,0,-1,'',NULL,NULL,'Proposal PR1702-0022 validated\nAuthor: demo',24,'propal',NULL,NULL,NULL,NULL,NULL,NULL,NULL,NULL,NULL,NULL,NULL,NULL,NULL,NULL,'default',NULL,NULL,0,0),(312,'312',NULL,1,'2017-02-16 01:46:17','2017-02-16 01:46:17',40,'AC_OTH_AUTO','Proposal PR1702-0023 validated','2017-02-16 01:46:17','2021-04-15 10:22:55',1,NULL,NULL,3,NULL,0,1,0,NULL,0,0,-1,'',NULL,NULL,'Proposal PR1702-0023 validated\nAuthor: aeinstein',25,'propal',NULL,NULL,NULL,NULL,NULL,NULL,NULL,NULL,NULL,NULL,NULL,NULL,NULL,NULL,'default',NULL,NULL,0,0),(313,'313',NULL,1,'2017-02-16 01:46:18','2017-02-16 01:46:18',40,'AC_OTH_AUTO','Proposal PR1702-0024 validated','2017-02-16 01:46:18','2021-04-15 10:22:55',2,NULL,NULL,1,NULL,0,2,0,NULL,0,0,-1,'',NULL,NULL,'Proposal PR1702-0024 validated\nAuthor: demo',26,'propal',NULL,NULL,NULL,NULL,NULL,NULL,NULL,NULL,NULL,NULL,NULL,NULL,NULL,NULL,'default',NULL,NULL,0,0),(314,'314',NULL,1,'2017-02-16 01:46:18','2017-02-16 01:46:18',40,'AC_OTH_AUTO','Proposal PR1702-0025 validated','2017-02-16 01:46:18','2021-04-15 10:22:55',1,NULL,NULL,6,NULL,0,1,0,NULL,0,0,-1,'',NULL,NULL,'Proposal PR1702-0025 validated\nAuthor: aeinstein',27,'propal',NULL,NULL,NULL,NULL,NULL,NULL,NULL,NULL,NULL,NULL,NULL,NULL,NULL,NULL,'default',NULL,NULL,0,0),(315,'315',NULL,1,'2017-02-16 01:46:18','2017-02-16 01:46:18',40,'AC_OTH_AUTO','Proposal PR1702-0026 validated','2017-02-16 01:46:18','2021-04-15 10:22:55',2,NULL,NULL,19,NULL,0,2,0,NULL,0,0,-1,'',NULL,NULL,'Proposal PR1702-0026 validated\nAuthor: demo',28,'propal',NULL,NULL,NULL,NULL,NULL,NULL,NULL,NULL,NULL,NULL,NULL,NULL,NULL,NULL,'default',NULL,NULL,0,0),(316,'316',NULL,1,'2017-02-16 01:46:18','2017-02-16 01:46:18',40,'AC_OTH_AUTO','Proposal PR1702-0027 validated','2017-02-16 01:46:18','2021-04-15 10:22:55',2,NULL,NULL,1,NULL,0,2,0,NULL,0,0,-1,'',NULL,NULL,'Proposal PR1702-0027 validated\nAuthor: demo',29,'propal',NULL,NULL,NULL,NULL,NULL,NULL,NULL,NULL,NULL,NULL,NULL,NULL,NULL,NULL,'default',NULL,NULL,0,0),(317,'317',NULL,1,'2017-02-16 01:46:18','2017-02-16 01:46:18',40,'AC_OTH_AUTO','Proposal PR1702-0028 validated','2017-02-16 01:46:18','2021-04-15 10:22:55',2,NULL,NULL,1,NULL,0,2,0,NULL,0,0,-1,'',NULL,NULL,'Proposal PR1702-0028 validated\nAuthor: demo',30,'propal',NULL,NULL,NULL,NULL,NULL,NULL,NULL,NULL,NULL,NULL,NULL,NULL,NULL,NULL,'default',NULL,NULL,0,0),(318,'318',NULL,1,'2017-02-16 01:46:18','2017-02-16 01:46:18',40,'AC_OTH_AUTO','Proposal PR1702-0029 validated','2017-02-16 01:46:18','2021-04-15 10:22:55',1,NULL,NULL,11,NULL,0,1,0,NULL,0,0,-1,'',NULL,NULL,'Proposal PR1702-0029 validated\nAuthor: aeinstein',31,'propal',NULL,NULL,NULL,NULL,NULL,NULL,NULL,NULL,NULL,NULL,NULL,NULL,NULL,NULL,'default',NULL,NULL,0,0),(319,'319',NULL,1,'2017-02-16 01:46:18','2017-02-16 01:46:18',40,'AC_OTH_AUTO','Proposal PR1702-0030 validated','2017-02-16 01:46:18','2021-04-15 10:22:55',2,NULL,NULL,19,NULL,0,2,0,NULL,0,0,-1,'',NULL,NULL,'Proposal PR1702-0030 validated\nAuthor: demo',32,'propal',NULL,NULL,NULL,NULL,NULL,NULL,NULL,NULL,NULL,NULL,NULL,NULL,NULL,NULL,'default',NULL,NULL,0,0),(320,'320',NULL,1,'2017-02-16 04:46:31','2017-02-16 04:46:31',40,'AC_OTH_AUTO','Proposition PR1702-0026 signée','2017-02-16 04:46:31','2021-04-15 10:22:55',12,NULL,NULL,19,NULL,0,12,0,NULL,0,0,-1,'',NULL,NULL,'Proposition PR1702-0026 signée\nAuteur: admin',28,'propal',NULL,NULL,NULL,NULL,NULL,NULL,NULL,NULL,NULL,NULL,NULL,NULL,NULL,NULL,'default',NULL,NULL,0,0),(321,'321',NULL,1,'2017-02-16 04:46:37','2017-02-16 04:46:37',40,'AC_OTH_AUTO','Proposition PR1702-0027 signée','2017-02-16 04:46:37','2021-04-15 10:22:55',12,NULL,NULL,1,NULL,0,12,0,NULL,0,0,-1,'',NULL,NULL,'Proposition PR1702-0027 signée\nAuteur: admin',29,'propal',NULL,NULL,NULL,NULL,NULL,NULL,NULL,NULL,NULL,NULL,NULL,NULL,NULL,NULL,'default',NULL,NULL,0,0),(322,'322',NULL,1,'2017-02-16 04:46:42','2017-02-16 04:46:42',40,'AC_OTH_AUTO','Proposition PR1702-0028 refusée','2017-02-16 04:46:42','2021-04-15 10:22:55',12,NULL,NULL,1,NULL,0,12,0,NULL,0,0,-1,'',NULL,NULL,'Proposition PR1702-0028 refusée\nAuteur: admin',30,'propal',NULL,NULL,NULL,NULL,NULL,NULL,NULL,NULL,NULL,NULL,NULL,NULL,NULL,NULL,'default',NULL,NULL,0,0),(323,'323',NULL,1,'2017-02-16 04:47:09','2017-02-16 04:47:09',40,'AC_OTH_AUTO','Proposition PR1702-0019 validée','2017-02-16 04:47:09','2021-04-15 10:22:55',12,NULL,NULL,1,NULL,0,12,0,NULL,0,0,-1,'',NULL,NULL,'Proposition PR1702-0019 validée\nAuteur: admin',21,'propal',NULL,NULL,NULL,NULL,NULL,NULL,NULL,NULL,NULL,NULL,NULL,NULL,NULL,NULL,'default',NULL,NULL,0,0),(324,'324',NULL,1,'2017-02-16 04:47:25','2017-02-16 04:47:25',40,'AC_OTH_AUTO','Proposition PR1702-0023 signée','2017-02-16 04:47:25','2021-04-15 10:22:55',12,NULL,NULL,3,NULL,0,12,0,NULL,0,0,-1,'',NULL,NULL,'Proposition PR1702-0023 signée\nAuteur: admin',25,'propal',NULL,NULL,NULL,NULL,NULL,NULL,NULL,NULL,NULL,NULL,NULL,NULL,NULL,NULL,'default',NULL,NULL,0,0),(325,'325',NULL,1,'2017-02-16 04:47:29','2017-02-16 04:47:29',40,'AC_OTH_AUTO','Proposition PR1702-0023 classée payée','2017-02-16 04:47:29','2021-04-15 10:22:55',12,NULL,NULL,3,NULL,0,12,0,NULL,0,0,-1,'',NULL,NULL,'Proposition PR1702-0023 classée payée\nAuteur: admin',25,'propal',NULL,NULL,NULL,NULL,NULL,NULL,NULL,NULL,NULL,NULL,NULL,NULL,NULL,NULL,'default',NULL,NULL,0,0),(326,'326',NULL,1,'2017-02-17 16:07:18','2017-02-17 16:07:18',40,'AC_OTH_AUTO','Proposition PR1702-0021 validée','2017-02-17 16:07:18','2021-04-15 10:22:55',12,NULL,NULL,12,NULL,0,12,0,NULL,0,0,-1,'',NULL,NULL,'Proposition PR1702-0021 validée\nAuteur: admin',23,'propal',NULL,NULL,NULL,NULL,NULL,NULL,NULL,NULL,NULL,NULL,NULL,NULL,NULL,NULL,'default',NULL,NULL,0,0),(327,'327',NULL,1,'2017-05-12 13:53:44','2017-05-12 13:53:44',40,'AC_OTH_AUTO','Email sent by MyBigCompany To Einstein','2017-05-12 13:53:44','2021-04-15 10:22:55',12,NULL,NULL,11,12,0,12,0,NULL,0,0,-1,'',NULL,NULL,'Sender: MyBigCompany &lt;myemail@mybigcompany.com&gt;<br>\nReceiver(s): Einstein &lt;genius@example.com&gt;<br>\nBcc: Einstein &lt;genius@example.com&gt;<br>\nEMail topic: Test<br>\nEmail body:<br>\nTest\nAuthor: admin',11,'societe',NULL,NULL,NULL,NULL,NULL,NULL,NULL,NULL,NULL,NULL,NULL,NULL,NULL,NULL,'default',NULL,NULL,0,0),(328,'328',NULL,1,'2017-08-29 22:39:09','2017-08-29 22:39:09',40,'AC_OTH_AUTO','Invoice FA1601-0024 validated','2017-08-29 22:39:09','2021-04-15 10:22:55',12,NULL,NULL,1,NULL,0,12,0,NULL,0,0,-1,'',NULL,NULL,'Invoice FA1601-0024 validated\nAuthor: admin',149,'invoice',NULL,NULL,NULL,NULL,NULL,NULL,NULL,NULL,NULL,NULL,NULL,NULL,NULL,NULL,'default',NULL,NULL,0,0),(329,'329',NULL,1,'2019-09-26 13:38:11','2019-09-26 13:38:11',40,'AC_MEMBER_MODIFY','Member Pierre Curie modified','2019-09-26 13:38:11','2021-04-15 10:22:55',12,NULL,NULL,12,NULL,0,12,0,NULL,0,0,-1,'',NULL,NULL,'Author: admin\nMember Pierre Curie modified\nMember: Pierre Curie\nType: Standard members',2,'member',NULL,NULL,NULL,NULL,NULL,NULL,NULL,NULL,NULL,NULL,NULL,NULL,NULL,NULL,'default',NULL,NULL,0,0),(330,'330',NULL,1,'2019-09-26 13:49:21','2019-09-26 13:49:21',40,'AC_MEMBER_MODIFY','Member Pierre Curie modified','2019-09-26 13:49:21','2021-04-15 10:22:55',12,NULL,NULL,12,NULL,0,12,0,NULL,0,0,-1,'',NULL,NULL,'Author: admin\nMember Pierre Curie modified\nMember: Pierre Curie\nType: Standard members',2,'member',NULL,NULL,NULL,NULL,NULL,NULL,NULL,NULL,NULL,NULL,NULL,NULL,NULL,NULL,'default',NULL,NULL,0,0),(331,'331',NULL,1,'2019-09-26 17:33:37','2019-09-26 17:33:37',40,'AC_BILL_VALIDATE','Invoice FA1909-0025 validated','2019-09-26 17:33:37','2021-04-15 10:22:55',12,NULL,NULL,12,NULL,0,12,0,NULL,0,0,-1,'',NULL,NULL,'Author: admin\nInvoice FA1909-0025 validated',218,'invoice',NULL,NULL,NULL,NULL,NULL,NULL,NULL,NULL,NULL,NULL,NULL,NULL,NULL,NULL,'default',NULL,NULL,0,0),(333,'333',NULL,1,'2019-09-27 16:54:30','2019-09-27 16:54:30',40,'AC_PROPAL_VALIDATE','Proposal PR1909-0031 validated','2019-09-27 16:54:30','2021-04-15 10:22:55',12,NULL,4,7,NULL,0,12,0,NULL,0,0,-1,'',NULL,NULL,'Author: admin\nProposal PR1909-0031 validated',10,'propal',NULL,NULL,NULL,NULL,NULL,NULL,NULL,NULL,NULL,NULL,NULL,NULL,NULL,NULL,'default',NULL,NULL,0,0),(335,'335',NULL,1,'2019-09-27 17:08:59','2019-09-27 17:08:59',40,'AC_PROPAL_VALIDATE','Proposal PR1909-0032 validated','2019-09-27 17:08:59','2021-04-15 10:22:55',12,NULL,6,10,NULL,0,12,0,NULL,0,0,-1,'',NULL,NULL,'Author: admin\nProposal PR1909-0032 validated',33,'propal',NULL,NULL,NULL,NULL,NULL,NULL,NULL,NULL,NULL,NULL,NULL,NULL,NULL,NULL,'default',NULL,NULL,0,0),(337,'337',NULL,1,'2019-09-27 17:13:13','2019-09-27 17:13:13',40,'AC_PROPAL_VALIDATE','Proposal PR1909-0033 validated','2019-09-27 17:13:13','2021-04-15 10:22:55',12,NULL,6,10,NULL,0,12,0,NULL,0,0,-1,'',NULL,NULL,'Author: admin\nProposal PR1909-0033 validated',34,'propal',NULL,NULL,NULL,NULL,NULL,NULL,NULL,NULL,NULL,NULL,NULL,NULL,NULL,NULL,'default',NULL,NULL,0,0),(338,'338',NULL,1,'2019-09-27 17:53:31','2019-09-27 17:53:31',40,'AC_PRODUCT_MODIFY','Product ROLLUPABC modified','2019-09-27 17:53:31','2021-04-15 10:22:55',12,NULL,NULL,NULL,NULL,0,12,0,NULL,0,0,-1,'',NULL,NULL,'Author: admin\nProduct ROLLUPABC modified',11,'product',NULL,NULL,NULL,NULL,NULL,NULL,NULL,NULL,NULL,NULL,NULL,NULL,NULL,NULL,'default',NULL,NULL,0,0),(339,'339',NULL,1,'2019-09-27 18:15:00','2019-09-27 18:15:00',40,'AC_PRODUCT_MODIFY','Product ROLLUPABC modified','2019-09-27 18:15:00','2021-04-15 10:22:55',12,NULL,NULL,NULL,NULL,0,12,0,NULL,0,0,-1,'',NULL,NULL,'Author: admin\nProduct ROLLUPABC modified',11,'product',NULL,NULL,NULL,NULL,NULL,NULL,NULL,NULL,NULL,NULL,NULL,NULL,NULL,NULL,'default',NULL,NULL,0,0),(340,'340',NULL,1,'2019-09-27 18:40:32','2019-09-27 18:40:32',40,'AC_PRODUCT_MODIFY','Product ROLLUPABC modified','2019-09-27 18:40:32','2021-04-15 10:22:55',12,NULL,NULL,NULL,NULL,0,12,0,NULL,0,0,-1,'',NULL,NULL,'Author: admin\nProduct ROLLUPABC modified',11,'product',NULL,NULL,NULL,NULL,NULL,NULL,NULL,NULL,NULL,NULL,NULL,NULL,NULL,NULL,'default',NULL,NULL,0,0),(341,'341',NULL,1,'2019-09-27 19:16:07','2019-09-27 19:16:07',40,'AC_PRODUCT_CREATE','Product ppp created','2019-09-27 19:16:07','2021-04-15 10:22:55',12,NULL,NULL,NULL,NULL,0,12,0,NULL,0,0,-1,'',NULL,NULL,'Author: admin\nProduct ppp created',14,'product',NULL,NULL,NULL,NULL,NULL,NULL,NULL,NULL,NULL,NULL,NULL,NULL,NULL,NULL,'default',NULL,NULL,0,0),(342,'342',NULL,1,'2019-09-27 19:18:01','2019-09-27 19:18:01',40,'AC_PRODUCT_MODIFY','Product ppp modified','2019-09-27 19:18:01','2021-04-15 10:22:55',12,NULL,NULL,NULL,NULL,0,12,0,NULL,0,0,-1,'',NULL,NULL,'Author: admin\nProduct ppp modified',14,'product',NULL,NULL,NULL,NULL,NULL,NULL,NULL,NULL,NULL,NULL,NULL,NULL,NULL,NULL,'default',NULL,NULL,0,0),(343,'343',NULL,1,'2019-09-27 19:31:45','2019-09-27 19:31:45',40,'AC_PRODUCT_MODIFY','Product ROLLUPABC modified','2019-09-27 19:31:45','2021-04-15 10:22:55',12,NULL,NULL,NULL,NULL,0,12,0,NULL,0,0,-1,'',NULL,NULL,'Author: admin\nProduct ROLLUPABC modified',11,'product',NULL,NULL,NULL,NULL,NULL,NULL,NULL,NULL,NULL,NULL,NULL,NULL,NULL,NULL,'default',NULL,NULL,0,0),(344,'344',NULL,1,'2019-09-27 19:32:12','2019-09-27 19:32:12',40,'AC_PRODUCT_MODIFY','Product ROLLUPABC modified','2019-09-27 19:32:12','2021-04-15 10:22:55',12,NULL,NULL,NULL,NULL,0,12,0,NULL,0,0,-1,'',NULL,NULL,'Author: admin\nProduct ROLLUPABC modified',11,'product',NULL,NULL,NULL,NULL,NULL,NULL,NULL,NULL,NULL,NULL,NULL,NULL,NULL,NULL,'default',NULL,NULL,0,0),(345,'345',NULL,1,'2019-09-27 19:38:30','2019-09-27 19:38:30',40,'AC_PRODUCT_MODIFY','Product ROLLUPABC modified','2019-09-27 19:38:30','2021-04-15 10:22:55',12,NULL,NULL,NULL,NULL,0,12,0,NULL,0,0,-1,'',NULL,NULL,'Author: admin\nProduct ROLLUPABC modified',11,'product',NULL,NULL,NULL,NULL,NULL,NULL,NULL,NULL,NULL,NULL,NULL,NULL,NULL,NULL,'default',NULL,NULL,0,0),(346,'346',NULL,1,'2019-09-27 19:38:37','2019-09-27 19:38:37',40,'AC_PRODUCT_MODIFY','Product ROLLUPABC modified','2019-09-27 19:38:37','2021-04-15 10:22:55',12,NULL,NULL,NULL,NULL,0,12,0,NULL,0,0,-1,'',NULL,NULL,'Author: admin\nProduct ROLLUPABC modified',11,'product',NULL,NULL,NULL,NULL,NULL,NULL,NULL,NULL,NULL,NULL,NULL,NULL,NULL,NULL,'default',NULL,NULL,0,0),(347,'347',NULL,1,'2019-09-30 15:49:52',NULL,50,'TICKET_MSG','[MyBigCompany - ticket #15ff11cay39skiaa] New message','2019-09-30 15:49:52','2021-04-15 10:22:55',12,NULL,NULL,NULL,NULL,0,12,0,NULL,0,0,100,'',NULL,NULL,'dfsdfds',2,'ticket',NULL,NULL,NULL,NULL,NULL,NULL,NULL,NULL,NULL,NULL,NULL,NULL,NULL,NULL,'default',NULL,NULL,0,0),(348,'348',NULL,1,'2019-10-01 13:48:36','2019-10-01 13:48:36',40,'AC_PROJECT_MODIFY','Project PJ1607-0001 modified','2019-10-01 13:48:36','2021-04-15 10:22:55',12,NULL,6,10,NULL,0,12,0,NULL,0,0,-1,'',NULL,NULL,'Author: admin\nProject PJ1607-0001 modified\nTask: PJ1607-0001',NULL,NULL,NULL,NULL,NULL,NULL,NULL,NULL,NULL,NULL,NULL,NULL,NULL,NULL,NULL,NULL,'default',NULL,NULL,0,0),(349,'349',NULL,1,'2019-10-04 10:10:25','2019-10-04 10:10:25',40,'AC_BILL_SUPPLIER_VALIDATE','Invoice SI1601-0002 validated','2019-10-04 10:10:25','2021-04-15 10:22:55',12,NULL,NULL,1,NULL,0,12,0,NULL,0,0,-1,'',NULL,NULL,'Author: admin\nInvoice SI1601-0002 validated',17,'invoice_supplier',NULL,NULL,NULL,NULL,NULL,NULL,NULL,NULL,NULL,NULL,NULL,NULL,NULL,NULL,'default',NULL,NULL,0,0),(350,'350',NULL,1,'2019-10-04 10:10:47','2019-10-04 10:10:47',40,'AC_BILL_SUPPLIER_PAYED','Invoice SI1601-0002 changed to paid','2019-10-04 10:10:47','2021-04-15 10:22:55',12,NULL,NULL,1,NULL,0,12,0,NULL,0,0,-1,'',NULL,NULL,'Author: admin\nInvoice SI1601-0002 changed to paid',17,'invoice_supplier',NULL,NULL,NULL,NULL,NULL,NULL,NULL,NULL,NULL,NULL,NULL,NULL,NULL,NULL,'default',NULL,NULL,0,0),(351,'351',NULL,1,'2019-10-04 10:26:49','2019-10-04 10:26:49',40,'AC_BILL_UNVALIDATE','Invoice FA6801-0010 go back to draft status','2019-10-04 10:26:49','2021-04-15 10:22:55',12,NULL,NULL,1,NULL,0,12,0,NULL,0,0,-1,'',NULL,NULL,'Author: admin\nInvoice FA6801-0010 go back to draft status',150,'invoice',NULL,NULL,NULL,NULL,NULL,NULL,NULL,NULL,NULL,NULL,NULL,NULL,NULL,NULL,'default',NULL,NULL,0,0),(352,'352',NULL,1,'2019-10-04 10:27:00','2019-10-04 10:27:00',40,'AC_BILL_VALIDATE','Invoice FA6801-0010 validated','2019-10-04 10:27:00','2021-04-15 10:22:55',12,NULL,NULL,1,NULL,0,12,0,NULL,0,0,-1,'',NULL,NULL,'Author: admin\nInvoice FA6801-0010 validated',150,'invoice',NULL,NULL,NULL,NULL,NULL,NULL,NULL,NULL,NULL,NULL,NULL,NULL,NULL,NULL,'default',NULL,NULL,0,0),(353,'353',NULL,1,'2019-10-04 10:28:14','2019-10-04 10:28:14',40,'AC_BILL_PAYED','Invoice FA6801-0010 changed to paid','2019-10-04 10:28:14','2021-04-15 10:22:55',12,NULL,NULL,1,NULL,0,12,0,NULL,0,0,-1,'',NULL,NULL,'Author: admin\nInvoice FA6801-0010 changed to paid',150,'invoice',NULL,NULL,NULL,NULL,NULL,NULL,NULL,NULL,NULL,NULL,NULL,NULL,NULL,NULL,'default',NULL,NULL,0,0),(354,'354',NULL,1,'2019-10-04 10:29:22','2019-10-04 10:29:22',40,'AC_BILL_SUPPLIER_PAYED','Invoice SI1601-0002 changed to paid','2019-10-04 10:29:22','2021-04-15 10:22:55',12,NULL,NULL,1,NULL,0,12,0,NULL,0,0,-1,'',NULL,NULL,'Author: admin\nInvoice SI1601-0002 changed to paid',17,'invoice_supplier',NULL,NULL,NULL,NULL,NULL,NULL,NULL,NULL,NULL,NULL,NULL,NULL,NULL,NULL,'default',NULL,NULL,0,0),(355,'355',NULL,1,'2019-10-04 10:29:41','2019-10-04 10:29:41',40,'AC_BILL_SUPPLIER_UNVALIDATE','Invoice SI1601-0002 go back to draft status','2019-10-04 10:29:41','2021-04-15 10:22:55',12,NULL,NULL,1,NULL,0,12,0,NULL,0,0,-1,'',NULL,NULL,'Author: admin\nInvoice SI1601-0002 go back to draft status',17,'invoice_supplier',NULL,NULL,NULL,NULL,NULL,NULL,NULL,NULL,NULL,NULL,NULL,NULL,NULL,NULL,'default',NULL,NULL,0,0),(356,'356',NULL,1,'2019-10-04 10:31:30','2019-10-04 10:31:30',40,'AC_BILL_SUPPLIER_VALIDATE','Invoice SI1601-0002 validated','2019-10-04 10:31:30','2021-04-15 10:22:55',12,NULL,NULL,1,NULL,0,12,0,NULL,0,0,-1,'',NULL,NULL,'Author: admin\nInvoice SI1601-0002 validated',17,'invoice_supplier',NULL,NULL,NULL,NULL,NULL,NULL,NULL,NULL,NULL,NULL,NULL,NULL,NULL,NULL,'default',NULL,NULL,0,0),(357,'357',NULL,1,'2019-10-04 16:56:21',NULL,50,'TICKET_MSG','[MyBigCompany - ticket #9d85cko5qmmo7qxs] New message','2019-10-04 16:56:21','2021-04-15 10:22:55',12,NULL,NULL,NULL,NULL,0,12,0,NULL,0,0,100,'',NULL,NULL,'aaaa',5,'ticket',NULL,NULL,NULL,NULL,NULL,NULL,NULL,NULL,NULL,NULL,NULL,NULL,NULL,NULL,'default',NULL,NULL,0,0),(358,'358',NULL,1,'2019-10-04 17:08:04',NULL,50,'TICKET_MSG','[MyBigCompany - ticket #9d85cko5qmmo7qxs] New message','2019-10-04 17:08:04','2021-04-15 10:22:55',12,NULL,NULL,NULL,NULL,0,12,0,NULL,0,0,100,'',NULL,NULL,'ddddd',5,'ticket',NULL,NULL,NULL,NULL,NULL,NULL,NULL,NULL,NULL,NULL,NULL,NULL,NULL,NULL,'default',NULL,NULL,0,0),(359,'359',NULL,1,'2019-10-04 17:25:05',NULL,50,'TICKET_MSG','[MyBigCompany - ticket #9d85cko5qmmo7qxs] New message','2019-10-04 17:25:05','2021-04-15 10:22:55',12,NULL,NULL,NULL,NULL,0,12,0,NULL,0,0,100,'',NULL,NULL,'aaa',5,'ticket',NULL,NULL,NULL,NULL,NULL,NULL,NULL,NULL,NULL,NULL,NULL,NULL,NULL,NULL,'default',NULL,NULL,0,0),(360,'360',NULL,1,'2019-10-04 17:26:14',NULL,50,'TICKET_MSG','[MyBigCompany - ticket #9d85cko5qmmo7qxs] New message','2019-10-04 17:26:14','2021-04-15 10:22:55',12,NULL,NULL,NULL,NULL,0,12,0,NULL,0,0,100,'',NULL,NULL,'aaa',5,'ticket',NULL,NULL,NULL,NULL,NULL,NULL,NULL,NULL,NULL,NULL,NULL,NULL,NULL,NULL,'default',NULL,NULL,0,0),(361,'361',NULL,1,'2019-10-04 17:30:10',NULL,50,'TICKET_MSG','[MyBigCompany - ticket #9d85cko5qmmo7qxs] New message','2019-10-04 17:30:10','2021-04-15 10:22:55',12,NULL,NULL,NULL,NULL,0,12,0,NULL,0,0,100,'',NULL,NULL,'fdsfs',5,'ticket',NULL,NULL,NULL,NULL,NULL,NULL,NULL,NULL,NULL,NULL,NULL,NULL,NULL,NULL,'default',NULL,NULL,0,0),(362,'362',NULL,1,'2019-10-04 17:51:43',NULL,50,'TICKET_MSG','[MyBigCompany - ticket #9d85cko5qmmo7qxs] New message','2019-10-04 17:51:43','2021-04-15 10:22:55',12,NULL,NULL,NULL,NULL,0,12,0,NULL,0,0,100,'',NULL,NULL,'fdsfs',5,'ticket',NULL,NULL,NULL,NULL,NULL,NULL,NULL,NULL,NULL,NULL,NULL,NULL,NULL,NULL,'default',NULL,NULL,0,0),(363,'363',NULL,1,'2019-10-04 17:52:02',NULL,50,'TICKET_MSG','[MyBigCompany - ticket #9d85cko5qmmo7qxs] New message','2019-10-04 17:52:02','2021-04-15 10:22:55',12,NULL,NULL,NULL,NULL,0,12,0,NULL,0,0,100,'',NULL,NULL,'fdsfs',5,'ticket',NULL,NULL,NULL,NULL,NULL,NULL,NULL,NULL,NULL,NULL,NULL,NULL,NULL,NULL,'default',NULL,NULL,0,0),(364,'364',NULL,1,'2019-10-04 17:52:17',NULL,50,'TICKET_MSG','[MyBigCompany - ticket #9d85cko5qmmo7qxs] New message','2019-10-04 17:52:17','2021-04-15 10:22:55',12,NULL,NULL,NULL,NULL,0,12,0,NULL,0,0,100,'',NULL,NULL,'fdsfs',5,'ticket',NULL,NULL,NULL,NULL,NULL,NULL,NULL,NULL,NULL,NULL,NULL,NULL,NULL,NULL,'default',NULL,NULL,0,0),(365,'365',NULL,1,'2019-10-04 17:52:39',NULL,50,'TICKET_MSG','[MyBigCompany - ticket #9d85cko5qmmo7qxs] New message','2019-10-04 17:52:39','2021-04-15 10:22:55',12,NULL,NULL,NULL,NULL,0,12,0,NULL,0,0,100,'',NULL,NULL,'fdsfs',5,'ticket',NULL,NULL,NULL,NULL,NULL,NULL,NULL,NULL,NULL,NULL,NULL,NULL,NULL,NULL,'default',NULL,NULL,0,0),(366,'366',NULL,1,'2019-10-04 17:52:53',NULL,50,'TICKET_MSG','[MyBigCompany - ticket #9d85cko5qmmo7qxs] New message','2019-10-04 17:52:53','2021-04-15 10:22:55',12,NULL,NULL,NULL,NULL,0,12,0,NULL,0,0,100,'',NULL,NULL,'fdsfs',5,'ticket',NULL,NULL,NULL,NULL,NULL,NULL,NULL,NULL,NULL,NULL,NULL,NULL,NULL,NULL,'default',NULL,NULL,0,0),(367,'367',NULL,1,'2019-10-04 17:53:13',NULL,50,'TICKET_MSG','[MyBigCompany - ticket #9d85cko5qmmo7qxs] New message','2019-10-04 17:53:13','2021-04-15 10:22:55',12,NULL,NULL,NULL,NULL,0,12,0,NULL,0,0,100,'',NULL,NULL,'fdsfs',5,'ticket',NULL,NULL,NULL,NULL,NULL,NULL,NULL,NULL,NULL,NULL,NULL,NULL,NULL,NULL,'default',NULL,NULL,0,0),(368,'368',NULL,1,'2019-10-04 17:53:26',NULL,50,'TICKET_MSG','[MyBigCompany - ticket #9d85cko5qmmo7qxs] New message','2019-10-04 17:53:26','2021-04-15 10:22:55',12,NULL,NULL,NULL,NULL,0,12,0,NULL,0,0,100,'',NULL,NULL,'fdsfs',5,'ticket',NULL,NULL,NULL,NULL,NULL,NULL,NULL,NULL,NULL,NULL,NULL,NULL,NULL,NULL,'default',NULL,NULL,0,0),(369,'369',NULL,1,'2019-10-04 17:53:48',NULL,50,'TICKET_MSG','[MyBigCompany - ticket #9d85cko5qmmo7qxs] New message','2019-10-04 17:53:48','2021-04-15 10:22:55',12,NULL,NULL,NULL,NULL,0,12,0,NULL,0,0,100,'',NULL,NULL,'fdsfs',5,'ticket',NULL,NULL,NULL,NULL,NULL,NULL,NULL,NULL,NULL,NULL,NULL,NULL,NULL,NULL,'default',NULL,NULL,0,0),(370,'370',NULL,1,'2019-10-04 17:54:09',NULL,50,'TICKET_MSG','[MyBigCompany - ticket #9d85cko5qmmo7qxs] New message','2019-10-04 17:54:09','2021-04-15 10:22:55',12,NULL,NULL,NULL,NULL,0,12,0,NULL,0,0,100,'',NULL,NULL,'fdsfs',5,'ticket',NULL,NULL,NULL,NULL,NULL,NULL,NULL,NULL,NULL,NULL,NULL,NULL,NULL,NULL,'default',NULL,NULL,0,0),(371,'371',NULL,1,'2019-10-04 17:54:28',NULL,50,'TICKET_MSG','[MyBigCompany - ticket #9d85cko5qmmo7qxs] New message','2019-10-04 17:54:28','2021-04-15 10:22:55',12,NULL,NULL,NULL,NULL,0,12,0,NULL,0,0,100,'',NULL,NULL,'fdsfs',5,'ticket',NULL,NULL,NULL,NULL,NULL,NULL,NULL,NULL,NULL,NULL,NULL,NULL,NULL,NULL,'default',NULL,NULL,0,0),(372,'372',NULL,1,'2019-10-04 17:55:43',NULL,50,'TICKET_MSG','[MyBigCompany - ticket #9d85cko5qmmo7qxs] New message','2019-10-04 17:55:43','2021-04-15 10:22:55',12,NULL,NULL,NULL,NULL,0,12,0,NULL,0,0,100,'',NULL,NULL,'fdsfs',5,'ticket',NULL,NULL,NULL,NULL,NULL,NULL,NULL,NULL,NULL,NULL,NULL,NULL,NULL,NULL,'default',NULL,NULL,0,0),(373,'373',NULL,1,'2019-10-04 17:56:01',NULL,50,'TICKET_MSG','[MyBigCompany - ticket #9d85cko5qmmo7qxs] New message','2019-10-04 17:56:01','2021-04-15 10:22:55',12,NULL,NULL,NULL,NULL,0,12,0,NULL,0,0,100,'',NULL,NULL,'fdsfs',5,'ticket',NULL,NULL,NULL,NULL,NULL,NULL,NULL,NULL,NULL,NULL,NULL,NULL,NULL,NULL,'default',NULL,NULL,0,0),(374,'374',NULL,1,'2019-10-04 18:00:32',NULL,50,'TICKET_MSG','[MyBigCompany - ticket #9d85cko5qmmo7qxs] New message','2019-10-04 18:00:32','2021-04-15 10:22:55',12,NULL,NULL,NULL,NULL,0,12,0,NULL,0,0,100,'',NULL,NULL,'fdsfs',5,'ticket',NULL,NULL,NULL,NULL,NULL,NULL,NULL,NULL,NULL,NULL,NULL,NULL,NULL,NULL,'default',NULL,NULL,0,0),(375,'375',NULL,1,'2019-10-04 18:00:58',NULL,50,'TICKET_MSG','[MyBigCompany - ticket #9d85cko5qmmo7qxs] New message','2019-10-04 18:00:58','2021-04-15 10:22:55',12,NULL,NULL,NULL,NULL,0,12,0,NULL,0,0,100,'',NULL,NULL,'fdsfs',5,'ticket',NULL,NULL,NULL,NULL,NULL,NULL,NULL,NULL,NULL,NULL,NULL,NULL,NULL,NULL,'default',NULL,NULL,0,0),(376,'376',NULL,1,'2019-10-04 18:11:30',NULL,50,'TICKET_MSG','[MyBigCompany - ticket #9d85cko5qmmo7qxs] New message','2019-10-04 18:11:30','2021-04-15 10:22:55',12,NULL,NULL,NULL,NULL,0,12,0,NULL,0,0,100,'',NULL,NULL,'fdsfs',5,'ticket',NULL,NULL,NULL,NULL,NULL,NULL,NULL,NULL,NULL,NULL,NULL,NULL,NULL,NULL,'default',NULL,NULL,0,0),(377,'377',NULL,1,'2019-10-04 18:12:02',NULL,50,'TICKET_MSG','[MyBigCompany - ticket #9d85cko5qmmo7qxs] New message','2019-10-04 18:12:02','2021-04-15 10:22:55',12,NULL,NULL,NULL,NULL,0,12,0,NULL,0,0,100,'',NULL,NULL,'fffffff',5,'ticket',NULL,NULL,NULL,NULL,NULL,NULL,NULL,NULL,NULL,NULL,NULL,NULL,NULL,NULL,'default',NULL,NULL,0,0),(378,'378',NULL,1,'2019-10-04 18:49:30',NULL,50,'TICKET_MSG','[MyBigCompany - ticket #9d85cko5qmmo7qxs] New message','2019-10-04 18:49:30','2021-04-15 10:22:55',12,NULL,NULL,NULL,NULL,0,12,0,NULL,0,0,100,'',NULL,NULL,'aaa',5,'ticket',NULL,NULL,NULL,NULL,NULL,NULL,NULL,NULL,NULL,NULL,NULL,NULL,NULL,NULL,'default',NULL,NULL,0,0),(379,'379',NULL,1,'2019-10-04 19:00:22',NULL,50,'TICKET_MSG','[MyBigCompany - ticket #9d85cko5qmmo7qxs] New message','2019-10-04 19:00:22','2021-04-15 10:22:55',12,NULL,NULL,NULL,NULL,0,12,0,NULL,0,0,100,'',NULL,NULL,'fff',5,'ticket',NULL,NULL,NULL,NULL,NULL,NULL,NULL,NULL,NULL,NULL,NULL,NULL,NULL,NULL,'default',NULL,NULL,0,0),(380,'380',NULL,1,'2019-10-04 19:24:20','2019-10-04 19:24:20',40,'AC_PROPAL_SENTBYMAIL','Email sent by Alice Adminson To NLTechno','2019-10-04 19:24:20','2021-04-15 10:22:55',12,NULL,6,10,NULL,0,12,0,NULL,0,0,-1,'',NULL,NULL,'Author: admin\nSender: Alice Adminson &lt;aadminson@example.com&gt;<br>\nReceiver(s): NLTechno &lt;notanemail@nltechno.com&gt;<br>\nEmail topic: Envoi de la proposition commerciale PR1909-0032<br>\nEmail body:<br>\nHello<br />\r\n<br />\r\nVeuillez trouver, ci-joint, la proposition commerciale PR1909-0032<br />\r\n<br />\r\n<br />\r\nSincerely<br />\r\n<br />\r\nAlice - 123<br>\n<br>\nAttached files and documents: PR1909-0032.pdf',33,'propal',NULL,'Envoi de la proposition commerciale PR1909-0032','Alice Adminson <aadminson@example.com>',NULL,'NLTechno <notanemail@nltechno.com>',NULL,NULL,NULL,NULL,NULL,NULL,NULL,NULL,NULL,'default',NULL,NULL,0,0),(381,'381',NULL,1,'2019-10-04 19:30:13',NULL,50,'TICKET_MSG','[MyBigCompany - ticket #9d85cko5qmmo7qxs] New message','2019-10-04 19:30:13','2021-04-15 10:22:55',12,NULL,NULL,NULL,NULL,0,12,0,NULL,0,0,100,'',NULL,NULL,'',5,'ticket',NULL,NULL,NULL,NULL,NULL,NULL,NULL,NULL,NULL,NULL,NULL,NULL,NULL,NULL,'default',NULL,NULL,0,0),(382,'382',NULL,1,'2019-10-04 19:32:55',NULL,50,'TICKET_MSG','[MyBigCompany - ticket #9d85cko5qmmo7qxs] New message','2019-10-04 19:32:55','2021-04-15 10:22:55',12,NULL,NULL,NULL,NULL,0,12,0,NULL,0,0,100,'',NULL,NULL,'uuuuuu\n\nAttached files and documents: Array',5,'ticket',NULL,NULL,NULL,NULL,NULL,NULL,NULL,NULL,NULL,NULL,NULL,NULL,NULL,NULL,'default',NULL,NULL,0,0),(383,'383',NULL,1,'2019-10-04 19:37:16',NULL,50,'TICKET_MSG','','2019-10-04 19:37:16','2021-04-15 10:22:55',NULL,NULL,NULL,NULL,NULL,0,NULL,0,NULL,0,0,100,'',NULL,NULL,'f\n\nFichiers et documents joints: dolihelp.ico',5,'ticket',NULL,NULL,NULL,NULL,NULL,NULL,NULL,NULL,NULL,NULL,NULL,NULL,NULL,NULL,'default',NULL,NULL,0,0),(384,'384',NULL,1,'2019-10-04 19:39:07',NULL,50,'TICKET_MSG','[MyBigCompany - ticket #9d85cko5qmmo7qxs] New message','2019-10-04 19:39:07','2021-04-15 10:22:55',12,NULL,NULL,NULL,NULL,0,12,0,NULL,0,0,100,'',NULL,NULL,'aaafff\n\nAttached files and documents: dolibarr.gif;doliadmin.ico',5,'ticket',NULL,NULL,NULL,NULL,NULL,NULL,NULL,NULL,NULL,NULL,NULL,NULL,NULL,NULL,'default',NULL,NULL,0,0),(385,'385',NULL,1,'2019-10-07 12:17:07','2019-10-07 12:17:07',40,'AC_PRODUCT_DELETE','Product PREF123456 deleted','2019-10-07 12:17:07','2021-04-15 10:22:55',12,NULL,NULL,NULL,NULL,0,12,0,NULL,0,0,-1,'',NULL,NULL,'Author: admin\nProduct PREF123456 deleted',17,'product',NULL,NULL,NULL,NULL,NULL,NULL,NULL,NULL,NULL,NULL,NULL,NULL,NULL,NULL,'default',NULL,NULL,0,0),(386,'386',NULL,1,'2019-10-07 12:17:32','2019-10-07 12:17:32',40,'AC_PRODUCT_DELETE','Product PREF123456 deleted','2019-10-07 12:17:32','2021-04-15 10:22:55',12,NULL,NULL,NULL,NULL,0,12,0,NULL,0,0,-1,'',NULL,NULL,'Author: admin\nProduct PREF123456 deleted',18,'product',NULL,NULL,NULL,NULL,NULL,NULL,NULL,NULL,NULL,NULL,NULL,NULL,NULL,NULL,'default',NULL,NULL,0,0),(387,'387',NULL,1,'2019-10-08 19:21:07','2019-10-08 19:21:07',40,'AC_PRODUCT_MODIFY','Product ROLLUPABC modified','2019-10-08 19:21:07','2021-04-15 10:22:55',12,NULL,NULL,NULL,NULL,0,12,0,NULL,0,0,-1,'',NULL,NULL,'Author: admin\nProduct ROLLUPABC modified',11,'product',NULL,NULL,NULL,NULL,NULL,NULL,NULL,NULL,NULL,NULL,NULL,NULL,NULL,NULL,'default',NULL,NULL,0,0),(388,'388',NULL,1,'2019-10-08 21:01:07','2019-10-08 21:01:07',40,'AC_MEMBER_MODIFY','Member Pierre Curie modified','2019-10-08 21:01:07','2021-04-15 10:22:55',12,NULL,NULL,12,NULL,0,12,0,NULL,0,0,-1,'',NULL,NULL,'Author: admin\nMember Pierre Curie modified\nMember: Pierre Curie\nType: Standard members',2,'member',NULL,NULL,NULL,NULL,NULL,NULL,NULL,NULL,NULL,NULL,NULL,NULL,NULL,NULL,'default',NULL,NULL,0,0),(389,'389',NULL,1,'2019-10-08 21:01:22','2019-10-08 21:01:22',40,'AC_MEMBER_MODIFY','Member doe john modified','2019-10-08 21:01:22','2021-04-15 10:22:55',12,NULL,NULL,NULL,NULL,0,12,0,NULL,0,0,-1,'',NULL,NULL,'Author: admin\nMember doe john modified\nMember: doe john\nType: Standard members',3,'member',NULL,NULL,NULL,NULL,NULL,NULL,NULL,NULL,NULL,NULL,NULL,NULL,NULL,NULL,'default',NULL,NULL,0,0),(390,'390',NULL,1,'2019-10-08 21:01:45','2019-10-08 21:01:45',40,'AC_MEMBER_MODIFY','Member smith smith modified','2019-10-08 21:01:45','2021-04-15 10:22:55',12,NULL,NULL,NULL,NULL,0,12,0,NULL,0,0,-1,'',NULL,NULL,'Author: admin\nMember smith smith modified\nMember: smith smith\nType: Standard members',4,'member',NULL,NULL,NULL,NULL,NULL,NULL,NULL,NULL,NULL,NULL,NULL,NULL,NULL,NULL,'default',NULL,NULL,0,0),(391,'391',NULL,1,'2019-10-08 21:02:18','2019-10-08 21:02:18',40,'AC_MEMBER_MODIFY','Member Vick Smith modified','2019-10-08 21:02:18','2021-04-15 10:22:55',12,NULL,NULL,10,NULL,0,12,0,NULL,0,0,-1,'',NULL,NULL,'Author: admin\nMember Vick Smith modified\nMember: Vick Smith\nType: Standard members',1,'member',NULL,NULL,NULL,NULL,NULL,NULL,NULL,NULL,NULL,NULL,NULL,NULL,NULL,NULL,'default',NULL,NULL,0,0),(392,'392',NULL,1,'2019-11-28 15:54:46','2019-11-28 15:54:46',40,'AC_BILL_SUPPLIER_VALIDATE','Invoice SI1911-0005 validated','2019-11-28 15:54:47','2021-04-15 10:22:55',12,NULL,NULL,10,NULL,0,12,0,NULL,0,0,-1,'',NULL,NULL,'Author: admin\nInvoice SI1911-0005 validated',21,'invoice_supplier',NULL,NULL,NULL,NULL,NULL,NULL,NULL,NULL,NULL,NULL,NULL,NULL,NULL,NULL,'default',NULL,NULL,0,0),(393,'393',NULL,1,'2019-11-28 16:33:35','2019-11-28 16:33:35',40,'AC_PRODUCT_CREATE','Product FR-CAR created','2019-11-28 16:33:35','2021-04-15 10:22:55',12,NULL,NULL,NULL,NULL,0,12,0,NULL,0,0,-1,'',NULL,NULL,'Author: admin\nProduct FR-CAR created',24,'product',NULL,NULL,NULL,NULL,NULL,NULL,NULL,NULL,NULL,NULL,NULL,NULL,NULL,NULL,'default',NULL,NULL,0,0),(394,'394',NULL,1,'2019-11-28 16:34:08','2019-11-28 16:34:08',40,'AC_PRODUCT_DELETE','Product ppp deleted','2019-11-28 16:34:08','2021-04-15 10:22:55',12,NULL,NULL,NULL,NULL,0,12,0,NULL,0,0,-1,'',NULL,NULL,'Author: admin\nProduct ppp deleted',14,'product',NULL,NULL,NULL,NULL,NULL,NULL,NULL,NULL,NULL,NULL,NULL,NULL,NULL,NULL,'default',NULL,NULL,0,0),(395,'395',NULL,1,'2019-11-28 16:34:33','2019-11-28 16:34:33',40,'AC_PRODUCT_MODIFY','Product FR-CAR modified','2019-11-28 16:34:33','2021-04-15 10:22:55',12,NULL,NULL,NULL,NULL,0,12,0,NULL,0,0,-1,'',NULL,NULL,'Author: admin\nProduct FR-CAR modified',24,'product',NULL,NULL,NULL,NULL,NULL,NULL,NULL,NULL,NULL,NULL,NULL,NULL,NULL,NULL,'default',NULL,NULL,0,0),(396,'396',NULL,1,'2019-11-28 16:34:46','2019-11-28 16:34:46',40,'AC_PRODUCT_MODIFY','Product FR-CAR modified','2019-11-28 16:34:46','2021-04-15 10:22:55',12,NULL,NULL,NULL,NULL,0,12,0,NULL,0,0,-1,'',NULL,NULL,'Author: admin\nProduct FR-CAR modified',24,'product',NULL,NULL,NULL,NULL,NULL,NULL,NULL,NULL,NULL,NULL,NULL,NULL,NULL,NULL,'default',NULL,NULL,0,0),(397,'397',NULL,1,'2019-11-28 16:36:56','2019-11-28 16:36:56',40,'AC_PRODUCT_MODIFY','Product POS-CAR modified','2019-11-28 16:36:56','2021-04-15 10:22:55',12,NULL,NULL,NULL,NULL,0,12,0,NULL,0,0,-1,'',NULL,NULL,'Author: admin\nProduct POS-CAR modified',24,'product',NULL,NULL,NULL,NULL,NULL,NULL,NULL,NULL,NULL,NULL,NULL,NULL,NULL,NULL,'default',NULL,NULL,0,0),(398,'398',NULL,1,'2019-11-28 16:37:36','2019-11-28 16:37:36',40,'AC_PRODUCT_CREATE','Product POS-APPLE created','2019-11-28 16:37:36','2021-04-15 10:22:55',12,NULL,NULL,NULL,NULL,0,12,0,NULL,0,0,-1,'',NULL,NULL,'Author: admin\nProduct POS-APPLE created',25,'product',NULL,NULL,NULL,NULL,NULL,NULL,NULL,NULL,NULL,NULL,NULL,NULL,NULL,NULL,'default',NULL,NULL,0,0),(399,'399',NULL,1,'2019-11-28 16:37:58','2019-11-28 16:37:58',40,'AC_PRODUCT_MODIFY','Product POS-APPLE modified','2019-11-28 16:37:58','2021-04-15 10:22:55',12,NULL,NULL,NULL,NULL,0,12,0,NULL,0,0,-1,'',NULL,NULL,'Author: admin\nProduct POS-APPLE modified',25,'product',NULL,NULL,NULL,NULL,NULL,NULL,NULL,NULL,NULL,NULL,NULL,NULL,NULL,NULL,'default',NULL,NULL,0,0),(400,'400',NULL,1,'2019-11-28 16:38:44','2019-11-28 16:38:44',40,'AC_PRODUCT_CREATE','Product POS-KIWI created','2019-11-28 16:38:44','2021-04-15 10:22:55',12,NULL,NULL,NULL,NULL,0,12,0,NULL,0,0,-1,'',NULL,NULL,'Author: admin\nProduct POS-KIWI created',26,'product',NULL,NULL,NULL,NULL,NULL,NULL,NULL,NULL,NULL,NULL,NULL,NULL,NULL,NULL,'default',NULL,NULL,0,0),(401,'401',NULL,1,'2019-11-28 16:39:21','2019-11-28 16:39:21',40,'AC_PRODUCT_CREATE','Product POS-PEACH created','2019-11-28 16:39:21','2021-04-15 10:22:55',12,NULL,NULL,NULL,NULL,0,12,0,NULL,0,0,-1,'',NULL,NULL,'Author: admin\nProduct POS-PEACH created',27,'product',NULL,NULL,NULL,NULL,NULL,NULL,NULL,NULL,NULL,NULL,NULL,NULL,NULL,NULL,'default',NULL,NULL,0,0),(402,'402',NULL,1,'2019-11-28 16:39:58','2019-11-28 16:39:58',40,'AC_PRODUCT_CREATE','Product POS-ORANGE created','2019-11-28 16:39:58','2021-04-15 10:22:55',12,NULL,NULL,NULL,NULL,0,12,0,NULL,0,0,-1,'',NULL,NULL,'Author: admin\nProduct POS-ORANGE created',28,'product',NULL,NULL,NULL,NULL,NULL,NULL,NULL,NULL,NULL,NULL,NULL,NULL,NULL,NULL,'default',NULL,NULL,0,0),(403,'403',NULL,1,'2019-11-28 17:00:28','2019-11-28 17:00:28',40,'AC_PRODUCT_MODIFY','Product APPLEPIE modified','2019-11-28 17:00:28','2021-04-15 10:22:55',12,NULL,NULL,NULL,NULL,0,12,0,NULL,0,0,-1,'',NULL,NULL,'Author: admin\nProduct APPLEPIE modified',4,'product',NULL,NULL,NULL,NULL,NULL,NULL,NULL,NULL,NULL,NULL,NULL,NULL,NULL,NULL,'default',NULL,NULL,0,0),(404,'404',NULL,1,'2019-11-28 17:00:46','2019-11-28 17:00:46',40,'AC_PRODUCT_MODIFY','Product PEARPIE modified','2019-11-28 17:00:46','2021-04-15 10:22:55',12,NULL,NULL,NULL,NULL,0,12,0,NULL,0,0,-1,'',NULL,NULL,'Author: admin\nProduct PEARPIE modified',2,'product',NULL,NULL,NULL,NULL,NULL,NULL,NULL,NULL,NULL,NULL,NULL,NULL,NULL,NULL,'default',NULL,NULL,0,0),(405,'405',NULL,1,'2019-11-28 17:01:57','2019-11-28 17:01:57',40,'AC_PRODUCT_MODIFY','Product POS-APPLE modified','2019-11-28 17:01:57','2021-04-15 10:22:55',12,NULL,NULL,NULL,NULL,0,12,0,NULL,0,0,-1,'',NULL,NULL,'Author: admin\nProduct POS-APPLE modified',25,'product',NULL,NULL,NULL,NULL,NULL,NULL,NULL,NULL,NULL,NULL,NULL,NULL,NULL,NULL,'default',NULL,NULL,0,0),(406,'406',NULL,1,'2019-11-28 17:03:14','2019-11-28 17:03:14',40,'AC_PRODUCT_CREATE','Product POS-Eggs created','2019-11-28 17:03:14','2021-04-15 10:22:55',12,NULL,NULL,NULL,NULL,0,12,0,NULL,0,0,-1,'',NULL,NULL,'Author: admin\nProduct POS-Eggs created',29,'product',NULL,NULL,NULL,NULL,NULL,NULL,NULL,NULL,NULL,NULL,NULL,NULL,NULL,NULL,'default',NULL,NULL,0,0),(407,'407',NULL,1,'2019-11-28 17:04:17','2019-11-28 17:04:17',40,'AC_PRODUCT_MODIFY','Product POS-Eggs modified','2019-11-28 17:04:17','2021-04-15 10:22:55',12,NULL,NULL,NULL,NULL,0,12,0,NULL,0,0,-1,'',NULL,NULL,'Author: admin\nProduct POS-Eggs modified',29,'product',NULL,NULL,NULL,NULL,NULL,NULL,NULL,NULL,NULL,NULL,NULL,NULL,NULL,NULL,'default',NULL,NULL,0,0),(408,'408',NULL,1,'2019-11-28 17:09:14','2019-11-28 17:09:14',40,'AC_PRODUCT_CREATE','Product POS-Chips created','2019-11-28 17:09:14','2021-04-15 10:22:55',12,NULL,NULL,NULL,NULL,0,12,0,NULL,0,0,-1,'',NULL,NULL,'Author: admin\nProduct POS-Chips created',30,'product',NULL,NULL,NULL,NULL,NULL,NULL,NULL,NULL,NULL,NULL,NULL,NULL,NULL,NULL,'default',NULL,NULL,0,0),(409,'409',NULL,1,'2019-11-28 17:09:54','2019-11-28 17:09:54',40,'AC_PRODUCT_MODIFY','Product POS-Chips modified','2019-11-28 17:09:54','2021-04-15 10:22:55',12,NULL,NULL,NULL,NULL,0,12,0,NULL,0,0,-1,'',NULL,NULL,'Author: admin\nProduct POS-Chips modified',30,'product',NULL,NULL,NULL,NULL,NULL,NULL,NULL,NULL,NULL,NULL,NULL,NULL,NULL,NULL,'default',NULL,NULL,0,0),(410,'410',NULL,1,'2019-11-28 18:46:20','2019-11-28 18:46:20',40,'AC_PRODUCT_MODIFY','Product POS-APPLE modified','2019-11-28 18:46:20','2021-04-15 10:22:55',12,NULL,NULL,NULL,NULL,0,12,0,NULL,0,0,-1,'',NULL,NULL,'Author: admin\nProduct POS-APPLE modified',25,'product',NULL,NULL,NULL,NULL,NULL,NULL,NULL,NULL,NULL,NULL,NULL,NULL,NULL,NULL,'default',NULL,NULL,0,0),(411,'411',NULL,1,'2019-11-28 18:59:29','2019-11-28 18:59:29',40,'AC_PRODUCT_MODIFY','Product PEARPIE modified','2019-11-28 18:59:29','2021-04-15 10:22:55',12,NULL,NULL,NULL,NULL,0,12,0,NULL,0,0,-1,'',NULL,NULL,'Author: admin\nProduct PEARPIE modified',2,'product',NULL,NULL,NULL,NULL,NULL,NULL,NULL,NULL,NULL,NULL,NULL,NULL,NULL,NULL,'default',NULL,NULL,0,0),(412,'412',NULL,1,'2019-11-28 19:02:01','2019-11-28 19:02:01',40,'AC_PRODUCT_MODIFY','Product POS-CARROT modified','2019-11-28 19:02:01','2021-04-15 10:22:55',12,NULL,NULL,NULL,NULL,0,12,0,NULL,0,0,-1,'',NULL,NULL,'Author: admin\nProduct POS-CARROT modified',24,'product',NULL,NULL,NULL,NULL,NULL,NULL,NULL,NULL,NULL,NULL,NULL,NULL,NULL,NULL,'default',NULL,NULL,0,0),(413,'413',NULL,1,'2019-11-28 19:09:50','2019-11-28 19:09:50',40,'AC_PRODUCT_MODIFY','Product PEARPIE modified','2019-11-28 19:09:50','2021-04-15 10:22:55',12,NULL,NULL,NULL,NULL,0,12,0,NULL,0,0,-1,'',NULL,NULL,'Author: admin\nProduct PEARPIE modified',2,'product',NULL,NULL,NULL,NULL,NULL,NULL,NULL,NULL,NULL,NULL,NULL,NULL,NULL,NULL,'default',NULL,NULL,0,0),(414,'414',NULL,1,'2019-11-28 19:12:50','2019-11-28 19:12:50',40,'AC_PRODUCT_MODIFY','Product PEARPIE modified','2019-11-28 19:12:50','2021-04-15 10:22:55',12,NULL,NULL,NULL,NULL,0,12,0,NULL,0,0,-1,'',NULL,NULL,'Author: admin\nProduct PEARPIE modified',2,'product',NULL,NULL,NULL,NULL,NULL,NULL,NULL,NULL,NULL,NULL,NULL,NULL,NULL,NULL,'default',NULL,NULL,0,0),(415,'415',NULL,1,'2019-11-29 12:46:29','2019-11-29 12:46:29',40,'AC_TICKET_CREATE','Ticket TS1911-0004 created','2019-11-29 12:46:29','2021-04-15 10:22:55',12,NULL,4,NULL,NULL,0,12,0,NULL,0,0,-1,'',NULL,NULL,'Author: admin\nTicket TS1911-0004 created',6,'ticket',NULL,NULL,NULL,NULL,NULL,NULL,NULL,NULL,NULL,NULL,NULL,NULL,NULL,NULL,'default',NULL,NULL,0,0),(416,'416',NULL,1,'2019-11-29 12:46:34','2019-11-29 12:46:34',40,'AC_TICKET_MODIFY','Ticket TS1911-0004 read by Alice Adminson','2019-11-29 12:46:34','2021-04-15 10:22:55',12,NULL,4,NULL,NULL,0,12,0,NULL,0,0,-1,'',NULL,NULL,'Author: admin\nTicket TS1911-0004 read by Alice Adminson',6,'ticket',NULL,NULL,NULL,NULL,NULL,NULL,NULL,NULL,NULL,NULL,NULL,NULL,NULL,NULL,'default',NULL,NULL,0,0),(417,'417',NULL,1,'2019-11-29 12:46:47','2019-11-29 12:46:47',40,'AC_TICKET_ASSIGNED','Ticket TS1911-0004 assigned','2019-11-29 12:46:47','2021-04-15 10:22:55',12,NULL,4,NULL,NULL,0,12,0,NULL,0,0,-1,'',NULL,NULL,'Author: admin\nTicket TS1911-0004 assigned\nOld user: None\nNew user: Commerson Charle1',6,'ticket',NULL,NULL,NULL,NULL,NULL,NULL,NULL,NULL,NULL,NULL,NULL,NULL,NULL,NULL,'default',NULL,NULL,0,0),(418,'418',NULL,1,'2019-11-29 12:47:13',NULL,50,'TICKET_MSG','[MyBigCompany - ticket #5gvo9bsjri55zef9] New message','2019-11-29 12:47:13','2021-04-15 10:22:55',12,NULL,NULL,NULL,NULL,0,12,0,NULL,0,0,100,'',NULL,NULL,'Where do you want to install Dolibarr ?<br />\r\nOn-Premise or on the Cloud ?',6,'ticket',NULL,NULL,NULL,NULL,NULL,NULL,NULL,NULL,NULL,NULL,NULL,NULL,NULL,NULL,'default',NULL,NULL,0,0),(419,'419',NULL,1,'2019-11-29 12:50:45','2019-11-29 12:50:45',40,'AC_TICKET_CREATE','Ticket TS1911-0005 créé','2019-11-29 12:50:45','2021-04-15 10:22:55',NULL,NULL,NULL,NULL,NULL,0,NULL,0,NULL,0,0,-1,'',NULL,NULL,'Auteur: \nTicket TS1911-0005 créé',7,'ticket',NULL,NULL,NULL,NULL,NULL,NULL,NULL,NULL,NULL,NULL,NULL,NULL,NULL,NULL,'default',NULL,NULL,0,0),(420,'420',NULL,1,'2019-11-29 12:52:32','2019-11-29 12:52:32',40,'AC_TICKET_MODIFY','Ticket TS1911-0005 read by Alice Adminson','2019-11-29 12:52:32','2021-04-15 10:22:55',12,NULL,NULL,NULL,NULL,0,12,0,NULL,0,0,-1,'',NULL,NULL,'Author: admin\nTicket TS1911-0005 read by Alice Adminson',7,'ticket',NULL,NULL,NULL,NULL,NULL,NULL,NULL,NULL,NULL,NULL,NULL,NULL,NULL,NULL,'default',NULL,NULL,0,0),(421,'421',NULL,1,'2019-11-29 12:52:53','2019-11-29 12:52:53',40,'AC_TICKET_ASSIGNED','Ticket TS1911-0005 assigned','2019-11-29 12:52:53','2021-04-15 10:22:55',12,NULL,NULL,NULL,NULL,0,12,0,NULL,0,0,-1,'',NULL,NULL,'Author: admin\nTicket TS1911-0005 assigned\nOld user: None\nNew user: Commerson Charle1',7,'ticket',NULL,NULL,NULL,NULL,NULL,NULL,NULL,NULL,NULL,NULL,NULL,NULL,NULL,NULL,'default',NULL,NULL,0,0),(422,'422',NULL,1,'2019-11-29 12:54:04',NULL,50,'TICKET_MSG','[MyBigCompany - ticket #d51wjy4nym7wltg7] New message','2019-11-29 12:54:04','2021-04-15 10:22:55',12,NULL,NULL,NULL,NULL,0,12,0,NULL,0,0,100,'',NULL,NULL,'Hi.<br />\r\nThanks for your interest in using Dolibarr ERP CRM.<br />\r\nI need more information to give you the correct answer :&nbsp;Where do you want to install Dolibarr. On premise or on Cloud',7,'ticket',NULL,NULL,NULL,NULL,NULL,NULL,NULL,NULL,NULL,NULL,NULL,NULL,NULL,NULL,'default',NULL,NULL,0,0),(423,'423',NULL,1,'2019-11-29 12:54:46',NULL,50,'TICKET_MSG','','2019-11-29 12:54:46','2021-04-15 10:22:55',NULL,NULL,NULL,NULL,NULL,0,NULL,0,NULL,0,0,100,'',NULL,NULL,'I need it On-Premise.',7,'ticket',NULL,NULL,NULL,NULL,NULL,NULL,NULL,NULL,NULL,NULL,NULL,NULL,NULL,NULL,'default',NULL,NULL,0,0),(424,'424',NULL,1,'2019-11-29 12:55:42',NULL,50,'TICKET_MSG','[MyBigCompany - ticket #d51wjy4nym7wltg7] New message','2019-11-29 12:55:42','2021-04-15 10:22:55',12,NULL,NULL,NULL,NULL,0,12,0,NULL,0,0,100,'',NULL,NULL,'When used on-premise, you can download and install Dolibarr yourself from ou web portal: https://www.dolibarr.org<br />\r\nIt is completely free.',7,'ticket',NULL,NULL,NULL,NULL,NULL,NULL,NULL,NULL,NULL,NULL,NULL,NULL,NULL,NULL,'default',NULL,NULL,0,0),(425,'425',NULL,1,'2019-11-29 12:55:48','2019-11-29 12:55:48',40,'AC_TICKET_CLOSE','Ticket TS1911-0005 closed','2019-11-29 12:55:48','2021-04-15 10:22:55',12,NULL,NULL,NULL,NULL,0,12,0,NULL,0,0,-1,'',NULL,NULL,'Author: admin\nTicket TS1911-0005 closed',7,'ticket',NULL,NULL,NULL,NULL,NULL,NULL,NULL,NULL,NULL,NULL,NULL,NULL,NULL,NULL,'default',NULL,NULL,0,0),(426,'426',NULL,1,'2019-11-29 12:56:47','2019-11-29 12:56:47',40,'AC_BOM_UNVALIDATE','BOM unvalidated','2019-11-29 12:56:47','2021-04-15 10:22:55',12,NULL,NULL,NULL,NULL,0,12,0,NULL,0,0,-1,'',NULL,NULL,'Author: admin\nBOM unvalidated',6,'bom',NULL,NULL,NULL,NULL,NULL,NULL,NULL,NULL,NULL,NULL,NULL,NULL,NULL,NULL,'default',NULL,NULL,0,0),(427,'427',NULL,1,'2019-11-29 12:57:14','2019-11-29 12:57:14',40,'AC_BOM_VALIDATE','BOM validated','2019-11-29 12:57:14','2021-04-15 10:22:55',12,NULL,NULL,NULL,NULL,0,12,0,NULL,0,0,-1,'',NULL,NULL,'Author: admin\nBOM validated',6,'bom',NULL,NULL,NULL,NULL,NULL,NULL,NULL,NULL,NULL,NULL,NULL,NULL,NULL,NULL,'default',NULL,NULL,0,0),(428,'428',NULL,1,'2019-12-20 16:40:14','2019-12-20 16:40:14',40,'AC_MO_DELETE','MO deleted','2019-12-20 16:40:14','2021-04-15 10:22:55',12,NULL,NULL,NULL,NULL,0,12,0,NULL,0,0,-1,'',NULL,NULL,'Author: admin\nMO deleted',3,'mo',NULL,NULL,NULL,NULL,NULL,NULL,NULL,NULL,NULL,NULL,NULL,NULL,NULL,NULL,'default',NULL,NULL,0,0),(429,'429',NULL,1,'2019-12-20 17:00:43','2019-12-20 17:00:43',40,'AC_MO_DELETE','MO deleted','2019-12-20 17:00:43','2021-04-15 10:22:55',12,NULL,NULL,NULL,NULL,0,12,0,NULL,0,0,-1,'',NULL,NULL,'Author: admin\nMO deleted',7,'mo',NULL,NULL,NULL,NULL,NULL,NULL,NULL,NULL,NULL,NULL,NULL,NULL,NULL,NULL,'default',NULL,NULL,0,0),(430,'430',NULL,1,'2019-12-20 17:00:56','2019-12-20 17:00:56',40,'AC_MO_DELETE','MO deleted','2019-12-20 17:00:56','2021-04-15 10:22:55',12,NULL,NULL,NULL,NULL,0,12,0,NULL,0,0,-1,'',NULL,NULL,'Author: admin\nMO deleted',6,'mo',NULL,NULL,NULL,NULL,NULL,NULL,NULL,NULL,NULL,NULL,NULL,NULL,NULL,NULL,'default',NULL,NULL,0,0),(431,'431',NULL,1,'2019-12-20 20:00:03','2019-12-20 20:00:03',40,'AC_MO_DELETE','MO deleted','2019-12-20 20:00:03','2021-04-15 10:22:55',12,NULL,6,NULL,NULL,0,12,0,NULL,0,0,-1,'',NULL,NULL,'Author: admin\nMO deleted',1,'mo',NULL,NULL,NULL,NULL,NULL,NULL,NULL,NULL,NULL,NULL,NULL,NULL,NULL,NULL,'default',NULL,NULL,0,0),(432,'432',NULL,1,'2019-12-20 20:22:11','2019-12-20 20:22:11',40,'AC_MO_DELETE','MO deleted','2019-12-20 20:22:11','2021-04-15 10:22:55',12,NULL,NULL,NULL,NULL,0,12,0,NULL,0,0,-1,'',NULL,NULL,'Author: admin\nMO deleted',10,'mo',NULL,NULL,NULL,NULL,NULL,NULL,NULL,NULL,NULL,NULL,NULL,NULL,NULL,NULL,'default',NULL,NULL,0,0),(433,'433',NULL,1,'2019-12-20 20:22:11','2019-12-20 20:22:11',40,'AC_MO_DELETE','MO deleted','2019-12-20 20:22:11','2021-04-15 10:22:55',12,NULL,NULL,NULL,NULL,0,12,0,NULL,0,0,-1,'',NULL,NULL,'Author: admin\nMO deleted',12,'mo',NULL,NULL,NULL,NULL,NULL,NULL,NULL,NULL,NULL,NULL,NULL,NULL,NULL,NULL,'default',NULL,NULL,0,0),(434,'434',NULL,1,'2019-12-20 20:22:20','2019-12-20 20:22:20',40,'AC_MO_DELETE','MO deleted','2019-12-20 20:22:20','2021-04-15 10:22:55',12,NULL,NULL,NULL,NULL,0,12,0,NULL,0,0,-1,'',NULL,NULL,'Author: admin\nMO deleted',9,'mo',NULL,NULL,NULL,NULL,NULL,NULL,NULL,NULL,NULL,NULL,NULL,NULL,NULL,NULL,'default',NULL,NULL,0,0),(435,'435',NULL,1,'2019-12-20 20:27:07','2019-12-20 20:27:07',40,'AC_MO_DELETE','MO deleted','2019-12-20 20:27:07','2021-04-15 10:22:55',12,NULL,NULL,NULL,NULL,0,12,0,NULL,0,0,-1,'',NULL,NULL,'Author: admin\nMO deleted',13,'mo',NULL,NULL,NULL,NULL,NULL,NULL,NULL,NULL,NULL,NULL,NULL,NULL,NULL,NULL,'default',NULL,NULL,0,0),(436,'436',NULL,1,'2019-12-20 20:42:42','2019-12-20 20:42:42',40,'AC_ORDER_VALIDATE','Order CO7001-0027 validated','2019-12-20 20:42:42','2021-04-15 10:22:55',12,NULL,NULL,10,NULL,0,12,0,NULL,0,0,-1,'',NULL,NULL,'Author: admin\nOrder CO7001-0027 validated',88,'order',NULL,NULL,NULL,NULL,NULL,NULL,NULL,NULL,NULL,NULL,NULL,NULL,NULL,NULL,'default',NULL,NULL,0,0),(437,'437',NULL,1,'2019-12-20 20:46:25','2019-12-20 20:46:25',40,'AC_ORDER_SUPPLIER_RECEIVE','Purchase Order CF1007-0001 received','2019-12-20 20:46:25','2021-04-15 10:22:55',12,NULL,NULL,13,NULL,0,12,0,NULL,0,0,-1,'',NULL,NULL,'Author: admin\nPurchase Order CF1007-0001 received ',1,'order_supplier',NULL,NULL,NULL,NULL,NULL,NULL,NULL,NULL,NULL,NULL,NULL,NULL,NULL,NULL,'default',NULL,NULL,0,0),(438,'438',NULL,1,'2019-12-20 20:46:45','2019-12-20 20:46:45',40,'AC_ORDER_SUPPLIER_CLASSIFY_BILLED','Purchase Order CF1007-0001 set billed','2019-12-20 20:46:45','2021-04-15 10:22:55',12,NULL,NULL,13,NULL,0,12,0,NULL,0,0,-1,'',NULL,NULL,'Author: admin\nPurchase Order CF1007-0001 set billed',1,'order_supplier',NULL,NULL,NULL,NULL,NULL,NULL,NULL,NULL,NULL,NULL,NULL,NULL,NULL,NULL,'default',NULL,NULL,0,0),(439,'439',NULL,1,'2019-12-20 20:47:02','2019-12-20 20:47:02',40,'AC_ORDER_SUPPLIER_RECEIVE','Purchase Order CF1007-0001 received','2019-12-20 20:47:02','2021-04-15 10:22:55',12,NULL,NULL,13,NULL,0,12,0,NULL,0,0,-1,'',NULL,NULL,'Author: admin\nPurchase Order CF1007-0001 received ',1,'order_supplier',NULL,NULL,NULL,NULL,NULL,NULL,NULL,NULL,NULL,NULL,NULL,NULL,NULL,NULL,'default',NULL,NULL,0,0),(440,'440',NULL,1,'2019-12-20 20:47:44','2019-12-20 20:47:44',40,'AC_ORDER_SUPPLIER_RECEIVE','Purchase Order CF1007-0001 received','2019-12-20 20:47:44','2021-04-15 10:22:55',12,NULL,NULL,13,NULL,0,12,0,NULL,0,0,-1,'',NULL,NULL,'Author: admin\nPurchase Order CF1007-0001 received ',1,'order_supplier',NULL,NULL,NULL,NULL,NULL,NULL,NULL,NULL,NULL,NULL,NULL,NULL,NULL,NULL,'default',NULL,NULL,0,0),(441,'441',NULL,1,'2019-12-20 20:47:53','2019-12-20 20:47:53',40,'AC_ORDER_SUPPLIER_RECEIVE','Purchase Order CF1007-0001 received','2019-12-20 20:47:53','2021-04-15 10:22:55',12,NULL,NULL,13,NULL,0,12,0,NULL,0,0,-1,'',NULL,NULL,'Author: admin\nPurchase Order CF1007-0001 received ',1,'order_supplier',NULL,NULL,NULL,NULL,NULL,NULL,NULL,NULL,NULL,NULL,NULL,NULL,NULL,NULL,'default',NULL,NULL,0,0),(442,'442',NULL,1,'2019-12-20 20:48:05','2019-12-20 20:48:05',40,'AC_ORDER_SUPPLIER_RECEIVE','Purchase Order CF1007-0001 received','2019-12-20 20:48:05','2021-04-15 10:22:55',12,NULL,NULL,13,NULL,0,12,0,NULL,0,0,-1,'',NULL,NULL,'Author: admin\nPurchase Order CF1007-0001 received ',1,'order_supplier',NULL,NULL,NULL,NULL,NULL,NULL,NULL,NULL,NULL,NULL,NULL,NULL,NULL,NULL,'default',NULL,NULL,0,0),(443,'443',NULL,1,'2019-12-20 20:48:45','2019-12-20 20:48:45',40,'AC_ORDER_CLASSIFY_BILLED','Order CO7001-0016 classified billed','2019-12-20 20:48:45','2021-04-15 10:22:55',12,NULL,NULL,12,NULL,0,12,0,NULL,0,0,-1,'',NULL,NULL,'Author: admin\nOrder CO7001-0016 classified billed',54,'order',NULL,NULL,NULL,NULL,NULL,NULL,NULL,NULL,NULL,NULL,NULL,NULL,NULL,NULL,'default',NULL,NULL,0,0),(444,'444',NULL,1,'2019-12-20 20:48:55','2019-12-20 20:48:55',40,'AC_ORDER_CLOSE','Order CO7001-0018 classified delivered','2019-12-20 20:48:55','2021-04-15 10:22:55',12,NULL,NULL,19,NULL,0,12,0,NULL,0,0,-1,'',NULL,NULL,'Author: admin\nOrder CO7001-0018 classified delivered',62,'order',NULL,NULL,NULL,NULL,NULL,NULL,NULL,NULL,NULL,NULL,NULL,NULL,NULL,NULL,'default',NULL,NULL,0,0),(445,'445',NULL,1,'2019-12-20 20:49:43','2019-12-20 20:49:43',40,'AC_PROPAL_CLASSIFY_BILLED','Proposal PR1702-0027 classified billed','2019-12-20 20:49:43','2021-04-15 10:22:55',12,NULL,NULL,1,NULL,0,12,0,NULL,0,0,-1,'',NULL,NULL,'Author: admin\nProposal PR1702-0027 classified billed',29,'propal',NULL,NULL,NULL,NULL,NULL,NULL,NULL,NULL,NULL,NULL,NULL,NULL,NULL,NULL,'default',NULL,NULL,0,0),(446,'446',NULL,1,'2019-12-20 20:49:54','2019-12-20 20:49:54',40,'AC_PROPAL_CLOSE_SIGNED','Proposal PR1702-0027 signed','2019-12-20 20:49:54','2021-04-15 10:22:55',12,NULL,NULL,1,NULL,0,12,0,NULL,0,0,-1,'',NULL,NULL,'Author: admin\nProposal PR1702-0027 signed',29,'propal',NULL,NULL,NULL,NULL,NULL,NULL,NULL,NULL,NULL,NULL,NULL,NULL,NULL,NULL,'default',NULL,NULL,0,0),(447,'447',NULL,1,'2019-12-20 20:50:14','2019-12-20 20:50:14',40,'AC_PROPAL_CLOSE_REFUSED','Proposal PR1702-0027 refused','2019-12-20 20:50:14','2021-04-15 10:22:55',12,NULL,NULL,1,NULL,0,12,0,NULL,0,0,-1,'',NULL,NULL,'Author: admin\nProposal PR1702-0027 refused',29,'propal',NULL,NULL,NULL,NULL,NULL,NULL,NULL,NULL,NULL,NULL,NULL,NULL,NULL,NULL,'default',NULL,NULL,0,0),(448,'448',NULL,1,'2019-12-20 20:50:23','2019-12-20 20:50:23',40,'AC_PROPAL_CLOSE_SIGNED','Proposal PR1702-0027 signed','2019-12-20 20:50:23','2021-04-15 10:22:55',12,NULL,NULL,1,NULL,0,12,0,NULL,0,0,-1,'',NULL,NULL,'Author: admin\nProposal PR1702-0027 signed',29,'propal',NULL,NULL,NULL,NULL,NULL,NULL,NULL,NULL,NULL,NULL,NULL,NULL,NULL,NULL,'default',NULL,NULL,0,0),(449,'449',NULL,1,'2019-12-21 17:18:22','2019-12-21 17:18:22',40,'AC_BOM_CLOSE','BOM disabled','2019-12-21 17:18:22','2021-04-15 10:22:55',12,NULL,NULL,NULL,NULL,0,12,0,NULL,0,0,-1,'',NULL,NULL,'Author: admin\nBOM disabled',6,'bom',NULL,NULL,NULL,NULL,NULL,NULL,NULL,NULL,NULL,NULL,NULL,NULL,NULL,NULL,'default',NULL,NULL,0,0),(450,'450',NULL,1,'2019-12-21 17:18:38','2019-12-21 17:18:38',40,'AC_MEMBER_RESILIATE','Member Vick Smith terminated','2019-12-21 17:18:38','2021-04-15 10:22:55',12,NULL,NULL,10,NULL,0,12,0,NULL,0,0,-1,'',NULL,NULL,'Author: admin\nMember Vick Smith terminated\nMember: Vick Smith\nType: Standard members',1,'member',NULL,NULL,NULL,NULL,NULL,NULL,NULL,NULL,NULL,NULL,NULL,NULL,NULL,NULL,'default',NULL,NULL,0,0),(451,'451',NULL,1,'2019-12-21 19:46:33','2019-12-21 19:46:33',40,'AC_PROJECT_CREATE','Project PJ1912-0005 created','2019-12-21 19:46:33','2021-04-15 10:22:55',12,NULL,10,NULL,NULL,0,12,0,NULL,0,0,-1,'',NULL,NULL,'Author: admin\nProject PJ1912-0005 created\nProject: PJ1912-0005',NULL,NULL,NULL,NULL,NULL,NULL,NULL,NULL,NULL,NULL,NULL,NULL,NULL,NULL,NULL,NULL,'default',NULL,NULL,0,0),(452,'452',NULL,1,'2019-12-21 19:47:03','2019-12-21 19:47:03',40,'AC_PROJECT_MODIFY','Project PJ1912-0005 modified','2019-12-21 19:47:03','2021-04-15 10:22:55',12,NULL,10,NULL,NULL,0,12,0,NULL,0,0,-1,'',NULL,NULL,'Author: admin\nProject PJ1912-0005 modified\nTask: PJ1912-0005',NULL,NULL,NULL,NULL,NULL,NULL,NULL,NULL,NULL,NULL,NULL,NULL,NULL,NULL,NULL,NULL,'default',NULL,NULL,0,0),(453,'453',NULL,1,'2019-12-21 19:47:24','2019-12-21 19:47:24',40,'AC_PROJECT_MODIFY','Project PJ1912-0005 modified','2019-12-21 19:47:24','2021-04-15 10:22:55',12,NULL,10,NULL,NULL,0,12,0,NULL,0,0,-1,'',NULL,NULL,'Author: admin\nProject PJ1912-0005 modified\nTask: PJ1912-0005',NULL,NULL,NULL,NULL,NULL,NULL,NULL,NULL,NULL,NULL,NULL,NULL,NULL,NULL,NULL,NULL,'default',NULL,NULL,0,0),(454,'454',NULL,1,'2019-12-21 19:47:52','2019-12-21 19:47:52',40,'AC_PROJECT_MODIFY','Project PJ1912-0005 modified','2019-12-21 19:47:52','2021-04-15 10:22:55',12,NULL,10,NULL,NULL,0,12,0,NULL,0,0,-1,'',NULL,NULL,'Author: admin\nProject PJ1912-0005 modified\nTask: PJ1912-0005',NULL,NULL,NULL,NULL,NULL,NULL,NULL,NULL,NULL,NULL,NULL,NULL,NULL,NULL,NULL,NULL,'default',NULL,NULL,0,0),(455,'455',NULL,1,'2019-12-21 19:48:06','2019-12-21 19:48:06',40,'AC_PROJECT_MODIFY','Project PJ1912-0005 modified','2019-12-21 19:48:06','2021-04-15 10:22:55',12,NULL,10,1,NULL,0,12,0,NULL,0,0,-1,'',NULL,NULL,'Author: admin\nProject PJ1912-0005 modified\nTask: PJ1912-0005',NULL,NULL,NULL,NULL,NULL,NULL,NULL,NULL,NULL,NULL,NULL,NULL,NULL,NULL,NULL,NULL,'default',NULL,NULL,0,0),(456,'456',NULL,1,'2019-12-21 19:49:28','2019-12-21 19:49:28',40,'AC_PROJECT_CREATE','Project PJ1912-0006 created','2019-12-21 19:49:28','2021-04-15 10:22:55',12,NULL,11,10,NULL,0,12,0,NULL,0,0,-1,'',NULL,NULL,'Author: admin\nProject PJ1912-0006 created\nProject: PJ1912-0006',NULL,NULL,NULL,NULL,NULL,NULL,NULL,NULL,NULL,NULL,NULL,NULL,NULL,NULL,NULL,NULL,'default',NULL,NULL,0,0),(457,'457',NULL,1,'2019-12-21 19:52:12','2019-12-21 19:52:12',40,'AC_PROJECT_CREATE','Project PJ1912-0007 created','2019-12-21 19:52:12','2021-04-15 10:22:55',12,NULL,12,4,NULL,0,12,0,NULL,0,0,-1,'',NULL,NULL,'Author: admin\nProject PJ1912-0007 created\nProject: PJ1912-0007',NULL,NULL,NULL,NULL,NULL,NULL,NULL,NULL,NULL,NULL,NULL,NULL,NULL,NULL,NULL,NULL,'default',NULL,NULL,0,0),(458,'458',NULL,1,'2019-12-21 19:53:21','2019-12-21 19:53:21',40,'AC_PROJECT_CREATE','Project PJ1912-0008 created','2019-12-21 19:53:21','2021-04-15 10:22:55',12,NULL,13,NULL,NULL,0,12,0,NULL,0,0,-1,'',NULL,NULL,'Author: admin\nProject PJ1912-0008 created\nProject: PJ1912-0008',NULL,NULL,NULL,NULL,NULL,NULL,NULL,NULL,NULL,NULL,NULL,NULL,NULL,NULL,NULL,NULL,'default',NULL,NULL,0,0),(459,'459',NULL,1,'2019-12-21 19:53:42','2019-12-21 19:53:42',40,'AC_PROJECT_MODIFY','Project PJ1912-0008 modified','2019-12-21 19:53:42','2021-04-15 10:22:55',12,NULL,13,26,NULL,0,12,0,NULL,0,0,-1,'',NULL,NULL,'Author: admin\nProject PJ1912-0008 modified\nTask: PJ1912-0008',NULL,NULL,NULL,NULL,NULL,NULL,NULL,NULL,NULL,NULL,NULL,NULL,NULL,NULL,NULL,NULL,'default',NULL,NULL,0,0),(460,'460',NULL,1,'2019-12-21 19:55:23','2019-12-21 19:55:23',40,'AC_PROJECT_MODIFY','Project PJ1912-0006 modified','2019-12-21 19:55:23','2021-04-15 10:22:55',12,NULL,11,10,NULL,0,12,0,NULL,0,0,-1,'',NULL,NULL,'Author: admin\nProject PJ1912-0006 modified\nTask: PJ1912-0006',NULL,NULL,NULL,NULL,NULL,NULL,NULL,NULL,NULL,NULL,NULL,NULL,NULL,NULL,NULL,NULL,'default',NULL,NULL,0,0),(461,'461',NULL,1,'2019-12-21 20:10:21','2019-12-21 20:10:21',40,'AC_PROJECT_MODIFY','Project PJ1912-0006 modified','2019-12-21 20:10:21','2021-04-15 10:22:55',12,NULL,11,10,NULL,0,12,0,NULL,0,0,-1,'',NULL,NULL,'Author: admin\nProject PJ1912-0006 modified\nTask: PJ1912-0006',NULL,NULL,NULL,NULL,NULL,NULL,NULL,NULL,NULL,NULL,NULL,NULL,NULL,NULL,NULL,NULL,'default',NULL,NULL,0,0),(462,'462',NULL,1,'2019-12-11 10:00:00','2019-12-11 10:00:00',5,'AC_RDV','Meeting with all employees','2019-12-21 20:29:32','2021-04-15 10:22:55',12,NULL,NULL,NULL,NULL,0,12,1,NULL,0,0,-1,'',NULL,NULL,'',NULL,NULL,NULL,NULL,NULL,NULL,NULL,NULL,NULL,NULL,NULL,NULL,NULL,NULL,NULL,NULL,'default',NULL,NULL,0,0),(463,'463',NULL,1,'2019-12-06 00:00:00',NULL,11,'AC_INT','Intervention on customer site','2019-12-21 20:30:11','2021-04-15 10:22:55',12,NULL,NULL,NULL,NULL,0,12,1,NULL,0,1,-1,'',NULL,NULL,'',NULL,NULL,NULL,NULL,NULL,NULL,NULL,NULL,NULL,NULL,NULL,NULL,NULL,NULL,NULL,NULL,'default',NULL,NULL,0,0),(464,'464',NULL,1,'2019-12-23 14:16:59','2019-12-23 14:16:59',40,'AC_BILL_PAYED','Invoice FA1601-0024 changed to paid','2019-12-23 14:16:59','2021-04-15 10:22:55',12,NULL,NULL,1,NULL,0,12,0,NULL,0,0,-1,'',NULL,NULL,'Author: admin\nInvoice FA1601-0024 changed to paid',149,'invoice',NULL,NULL,NULL,NULL,NULL,NULL,NULL,NULL,NULL,NULL,NULL,NULL,NULL,NULL,'default',NULL,NULL,0,0),(465,'465',NULL,1,'2019-12-23 14:17:18','2019-12-23 14:17:18',40,'AC_BILL_PAYED','Invoice FA1601-0024 changed to paid','2019-12-23 14:17:18','2021-04-15 10:22:55',12,NULL,NULL,1,NULL,0,12,0,NULL,0,0,-1,'',NULL,NULL,'Author: admin\nInvoice FA1601-0024 changed to paid',149,'invoice',NULL,NULL,NULL,NULL,NULL,NULL,NULL,NULL,NULL,NULL,NULL,NULL,NULL,NULL,'default',NULL,NULL,0,0),(466,'466',NULL,1,'2019-11-23 14:25:00',NULL,50,'AC_OTH','Test','2019-12-23 17:25:14','2021-04-15 10:22:55',12,NULL,NULL,NULL,NULL,0,12,1,NULL,0,0,-1,'',NULL,NULL,'18/11 17h06 : Message laiss&eacute;. Me rappeler pour m&#39;en dire plus.&nbsp;<br />\r\n<br />\r\n20/11 10h17 &quot;A rappeler suite au msg laiss&eacute; le 14/11, dit que c&#39;est urgent&quot;<br />\r\n12h22 : message laiss&eacute;. Je lui envoie un sms<br />\r\n<br />\r\n&quot;D&eacute;claration de sinistre originale&quot; : constat de ce qui s&#39;est pass&eacute;.<br />\r\nElle envoie le ch&egrave;que de solde d&egrave;s demain.<br />\r\n<br />\r\n3/12 : Elle pr&eacute;f&egrave;re avoir plus d&#39;infos sur le sinistre pour l&#39;assurance.<br />\r\nCourrier envoy&eacute; le 4/12/19 par mail et par courrier postal<br />\r\n<br />\r\n6/12 15h02 : ont obtenu le feu vert de l&#39;assurance.<br />\r\nOn bloque 16/12 PM &agrave; partir de 14h30.&nbsp;',NULL,NULL,NULL,NULL,NULL,NULL,NULL,NULL,NULL,NULL,NULL,NULL,NULL,NULL,NULL,NULL,'default',NULL,NULL,0,0),(467,'467',NULL,1,'2020-01-01 14:35:47','2020-01-01 14:35:47',40,'AC_MEMBER_VALIDATE','Adhérent aze aze validé','2020-01-01 14:35:47','2021-04-15 10:22:55',NULL,NULL,NULL,NULL,NULL,0,NULL,0,NULL,0,0,-1,'',NULL,NULL,'Auteur: \nAdhérent aze aze validé\nAdhérent: aze aze\nType: Board members',5,'member',NULL,NULL,NULL,NULL,NULL,NULL,NULL,NULL,NULL,NULL,NULL,NULL,NULL,NULL,'default',NULL,NULL,0,0),(468,'468',NULL,1,'2020-01-01 14:50:59','2020-01-01 14:50:59',40,'AC_MEMBER_VALIDATE','Adhérent azr azr validé','2020-01-01 14:50:59','2021-04-15 10:22:55',NULL,NULL,NULL,NULL,NULL,0,NULL,0,NULL,0,0,-1,'',NULL,NULL,'Auteur: \nAdhérent azr azr validé\nAdhérent: azr azr\nType: Board members',6,'member',NULL,NULL,NULL,NULL,NULL,NULL,NULL,NULL,NULL,NULL,NULL,NULL,NULL,NULL,'default',NULL,NULL,0,0),(469,'469',NULL,1,'2020-01-01 15:00:16','2020-01-01 15:00:16',40,'AC_MEMBER_VALIDATE','Adhérent azt azt validé','2020-01-01 15:00:16','2021-04-15 10:22:55',NULL,NULL,NULL,NULL,NULL,0,NULL,0,NULL,0,0,-1,'',NULL,NULL,'Auteur: \nAdhérent azt azt validé\nAdhérent: azt azt\nType: Board members',7,'member',NULL,NULL,NULL,NULL,NULL,NULL,NULL,NULL,NULL,NULL,NULL,NULL,NULL,NULL,'default',NULL,NULL,0,0),(470,'470',NULL,1,'2020-01-01 15:08:20','2020-01-01 15:08:20',40,'AC_MEMBER_VALIDATE','Adhérent azu azu validé','2020-01-01 15:08:20','2021-04-15 10:22:55',NULL,NULL,NULL,NULL,NULL,0,NULL,0,NULL,0,0,-1,'',NULL,NULL,'Auteur: \nAdhérent azu azu validé\nAdhérent: azu azu\nType: Board members',8,'member',NULL,NULL,NULL,NULL,NULL,NULL,NULL,NULL,NULL,NULL,NULL,NULL,NULL,NULL,'default',NULL,NULL,0,0),(471,'471',NULL,1,'2020-01-01 15:27:24','2020-01-01 15:27:24',40,'AC_MEMBER_VALIDATE','Adhérent azi azi validé','2020-01-01 15:27:24','2021-04-15 10:22:55',NULL,NULL,NULL,NULL,NULL,0,NULL,0,NULL,0,0,-1,'',NULL,NULL,'Auteur: \nAdhérent azi azi validé\nAdhérent: azi azi\nType: Board members',9,'member',NULL,NULL,NULL,NULL,NULL,NULL,NULL,NULL,NULL,NULL,NULL,NULL,NULL,NULL,'default',NULL,NULL,0,0),(472,'472',NULL,1,'2020-01-01 15:36:29','2020-01-01 15:36:29',40,'AC_MEMBER_VALIDATE','Adhérent azo azo validé','2020-01-01 15:36:29','2021-04-15 10:22:55',NULL,NULL,NULL,NULL,NULL,0,NULL,0,NULL,0,0,-1,'',NULL,NULL,'Auteur: \nAdhérent azo azo validé\nAdhérent: azo azo\nType: Board members',10,'member',NULL,NULL,NULL,NULL,NULL,NULL,NULL,NULL,NULL,NULL,NULL,NULL,NULL,NULL,'default',NULL,NULL,0,0),(473,'473',NULL,1,'2020-01-01 15:44:25','2020-01-01 15:44:25',40,'AC_MEMBER_VALIDATE','Adhérent azp azp validé','2020-01-01 15:44:25','2021-04-15 10:22:55',NULL,NULL,NULL,NULL,NULL,0,NULL,0,NULL,0,0,-1,'',NULL,NULL,'Auteur: \nAdhérent azp azp validé\nAdhérent: azp azp\nType: Board members',11,'member',NULL,NULL,NULL,NULL,NULL,NULL,NULL,NULL,NULL,NULL,NULL,NULL,NULL,NULL,'default',NULL,NULL,0,0),(478,'478',NULL,1,'2020-01-01 16:52:32','2020-01-01 16:52:32',40,'AC_MEMBER_VALIDATE','Adhérent azq azq validé','2020-01-01 16:52:32','2021-04-15 10:22:55',NULL,NULL,NULL,NULL,NULL,0,NULL,0,NULL,0,0,-1,'',NULL,NULL,'Auteur: \nAdhérent azq azq validé\nAdhérent: azq azq\nType: Board members',12,'member',NULL,NULL,NULL,NULL,NULL,NULL,NULL,NULL,NULL,NULL,NULL,NULL,NULL,NULL,'default',NULL,NULL,0,0),(483,'483',NULL,1,'2020-01-01 17:49:05','2020-01-01 17:49:05',40,'AC_BILL_SUPPLIER_VALIDATE','Invoice SI2001-0006 validated','2020-01-01 17:49:05','2021-04-15 10:22:55',12,NULL,NULL,17,NULL,0,12,0,NULL,0,0,-1,'',NULL,NULL,'Author: admin\nInvoice SI2001-0006 validated',22,'invoice_supplier',NULL,NULL,NULL,NULL,NULL,NULL,NULL,NULL,NULL,NULL,NULL,NULL,NULL,NULL,'default',NULL,NULL,0,0),(484,'484',NULL,1,'2020-01-01 17:50:41','2020-01-01 17:50:41',40,'AC_BILL_SUPPLIER_VALIDATE','Invoice SA2001-0001 validated','2020-01-01 17:50:41','2021-04-15 10:22:55',12,NULL,NULL,17,NULL,0,12,0,NULL,0,0,-1,'',NULL,NULL,'Author: admin\nInvoice SA2001-0001 validated',23,'invoice_supplier',NULL,NULL,NULL,NULL,NULL,NULL,NULL,NULL,NULL,NULL,NULL,NULL,NULL,NULL,'default',NULL,NULL,0,0),(485,'485',NULL,1,'2020-01-01 17:50:44','2020-01-01 17:50:44',40,'AC_BILL_SUPPLIER_PAYED','Invoice SA2001-0001 changed to paid','2020-01-01 17:50:44','2021-04-15 10:22:55',12,NULL,NULL,17,NULL,0,12,0,NULL,0,0,-1,'',NULL,NULL,'Author: admin\nInvoice SA2001-0001 changed to paid',23,'invoice_supplier',NULL,NULL,NULL,NULL,NULL,NULL,NULL,NULL,NULL,NULL,NULL,NULL,NULL,NULL,'default',NULL,NULL,0,0),(486,'486',NULL,1,'2020-01-01 17:51:22','2020-01-01 17:51:22',40,'AC_BILL_SUPPLIER_UNVALIDATE','Invoice SI2001-0006 go back to draft status','2020-01-01 17:51:22','2021-04-15 10:22:55',12,NULL,NULL,17,NULL,0,12,0,NULL,0,0,-1,'',NULL,NULL,'Author: admin\nInvoice SI2001-0006 go back to draft status',22,'invoice_supplier',NULL,NULL,NULL,NULL,NULL,NULL,NULL,NULL,NULL,NULL,NULL,NULL,NULL,NULL,'default',NULL,NULL,0,0),(487,'487',NULL,1,'2020-01-01 20:17:00','2020-01-01 20:17:00',40,'AC_BILL_SUPPLIER_VALIDATE','Invoice SI2001-0006 validated','2020-01-01 20:17:00','2021-04-15 10:22:55',12,NULL,NULL,17,NULL,0,12,0,NULL,0,0,-1,'',NULL,NULL,'Author: admin\nInvoice SI2001-0006 validated',22,'invoice_supplier',NULL,NULL,NULL,NULL,NULL,NULL,NULL,NULL,NULL,NULL,NULL,NULL,NULL,NULL,'default',NULL,NULL,0,0),(488,'488',NULL,1,'2020-01-01 20:17:46','2020-01-01 20:17:46',40,'AC_BILL_SUPPLIER_VALIDATE','Invoice SA2001-0001 validated','2020-01-01 20:17:46','2021-04-15 10:22:55',12,NULL,NULL,17,NULL,0,12,0,NULL,0,0,-1,'',NULL,NULL,'Author: admin\nInvoice SA2001-0001 validated',24,'invoice_supplier',NULL,NULL,NULL,NULL,NULL,NULL,NULL,NULL,NULL,NULL,NULL,NULL,NULL,NULL,'default',NULL,NULL,0,0),(489,'489',NULL,1,'2020-01-01 20:17:51','2020-01-01 20:17:51',40,'AC_BILL_SUPPLIER_PAYED','Invoice SA2001-0001 changed to paid','2020-01-01 20:17:51','2021-04-15 10:22:55',12,NULL,NULL,17,NULL,0,12,0,NULL,0,0,-1,'',NULL,NULL,'Author: admin\nInvoice SA2001-0001 changed to paid',24,'invoice_supplier',NULL,NULL,NULL,NULL,NULL,NULL,NULL,NULL,NULL,NULL,NULL,NULL,NULL,NULL,'default',NULL,NULL,0,0),(490,'490',NULL,1,'2020-01-01 20:20:22','2020-01-01 20:20:22',40,'AC_BILL_SUPPLIER_VALIDATE','Invoice SA2001-0001 validated','2020-01-01 20:20:22','2021-04-15 10:22:55',12,NULL,NULL,17,NULL,0,12,0,NULL,0,0,-1,'',NULL,NULL,'Author: admin\nInvoice SA2001-0001 validated',26,'invoice_supplier',NULL,NULL,NULL,NULL,NULL,NULL,NULL,NULL,NULL,NULL,NULL,NULL,NULL,NULL,'default',NULL,NULL,0,0),(491,'491',NULL,1,'2020-01-01 20:20:31','2020-01-01 20:20:31',40,'AC_BILL_SUPPLIER_PAYED','Invoice SA2001-0001 changed to paid','2020-01-01 20:20:31','2021-04-15 10:22:55',12,NULL,NULL,17,NULL,0,12,0,NULL,0,0,-1,'',NULL,NULL,'Author: admin\nInvoice SA2001-0001 changed to paid',26,'invoice_supplier',NULL,NULL,NULL,NULL,NULL,NULL,NULL,NULL,NULL,NULL,NULL,NULL,NULL,NULL,'default',NULL,NULL,0,0),(492,'492',NULL,1,'2020-01-01 20:21:35','2020-01-01 20:21:35',40,'AC_BILL_SUPPLIER_UNVALIDATE','Invoice SI2001-0006 go back to draft status','2020-01-01 20:21:35','2021-04-15 10:22:55',12,NULL,NULL,17,NULL,0,12,0,NULL,0,0,-1,'',NULL,NULL,'Author: admin\nInvoice SI2001-0006 go back to draft status',22,'invoice_supplier',NULL,NULL,NULL,NULL,NULL,NULL,NULL,NULL,NULL,NULL,NULL,NULL,NULL,NULL,'default',NULL,NULL,0,0),(493,'493',NULL,1,'2020-01-01 20:21:42','2020-01-01 20:21:42',40,'AC_BILL_SUPPLIER_VALIDATE','Invoice SI2001-0006 validated','2020-01-01 20:21:42','2021-04-15 10:22:55',12,NULL,NULL,17,NULL,0,12,0,NULL,0,0,-1,'',NULL,NULL,'Author: admin\nInvoice SI2001-0006 validated',22,'invoice_supplier',NULL,NULL,NULL,NULL,NULL,NULL,NULL,NULL,NULL,NULL,NULL,NULL,NULL,NULL,'default',NULL,NULL,0,0),(494,'494',NULL,1,'2020-01-01 20:21:55','2020-01-01 20:21:55',40,'AC_BILL_SUPPLIER_VALIDATE','Invoice SA2001-0001 validated','2020-01-01 20:21:55','2021-04-15 10:22:55',12,NULL,NULL,17,NULL,0,12,0,NULL,0,0,-1,'',NULL,NULL,'Author: admin\nInvoice SA2001-0001 validated',27,'invoice_supplier',NULL,NULL,NULL,NULL,NULL,NULL,NULL,NULL,NULL,NULL,NULL,NULL,NULL,NULL,'default',NULL,NULL,0,0),(495,'495',NULL,1,'2020-01-01 20:23:02','2020-01-01 20:23:02',40,'AC_BILL_SUPPLIER_VALIDATE','Invoice SI2001-0007 validated','2020-01-01 20:23:02','2021-04-15 10:22:55',12,NULL,NULL,17,NULL,0,12,0,NULL,0,0,-1,'',NULL,NULL,'Author: admin\nInvoice SI2001-0007 validated',28,'invoice_supplier',NULL,NULL,NULL,NULL,NULL,NULL,NULL,NULL,NULL,NULL,NULL,NULL,NULL,NULL,'default',NULL,NULL,0,0),(496,'496',NULL,1,'2020-01-01 20:23:17','2020-01-01 20:23:17',40,'AC_BILL_SUPPLIER_PAYED','Invoice SA2001-0001 changed to paid','2020-01-01 20:23:17','2021-04-15 10:22:55',12,NULL,NULL,17,NULL,0,12,0,NULL,0,0,-1,'',NULL,NULL,'Author: admin\nInvoice SA2001-0001 changed to paid',27,'invoice_supplier',NULL,NULL,NULL,NULL,NULL,NULL,NULL,NULL,NULL,NULL,NULL,NULL,NULL,NULL,'default',NULL,NULL,0,0),(497,'497',NULL,1,'2020-01-01 20:25:36','2020-01-01 20:25:36',40,'AC_BILL_SUPPLIER_PAYED','Invoice SI2001-0007 changed to paid','2020-01-01 20:25:36','2021-04-15 10:22:55',12,NULL,NULL,17,NULL,0,12,0,NULL,0,0,-1,'',NULL,NULL,'Author: admin\nInvoice SI2001-0007 changed to paid',28,'invoice_supplier',NULL,NULL,NULL,NULL,NULL,NULL,NULL,NULL,NULL,NULL,NULL,NULL,NULL,NULL,'default',NULL,NULL,0,0),(498,'498',NULL,1,'2020-01-01 20:51:37','2020-01-01 20:51:37',40,'AC_BILL_SUPPLIER_VALIDATE','Invoice SA2001-0002 validated','2020-01-01 20:51:37','2021-04-15 10:22:55',12,NULL,NULL,1,NULL,0,12,0,NULL,0,0,-1,'',NULL,NULL,'Author: admin\nInvoice SA2001-0002 validated',30,'invoice_supplier',NULL,NULL,NULL,NULL,NULL,NULL,NULL,NULL,NULL,NULL,NULL,NULL,NULL,NULL,'default',NULL,NULL,0,0),(499,'499',NULL,1,'2020-01-01 20:51:48','2020-01-01 20:51:48',40,'AC_BILL_SUPPLIER_PAYED','Invoice SA2001-0002 changed to paid','2020-01-01 20:51:48','2021-04-15 10:22:55',12,NULL,NULL,1,NULL,0,12,0,NULL,0,0,-1,'',NULL,NULL,'Author: admin\nInvoice SA2001-0002 changed to paid',30,'invoice_supplier',NULL,NULL,NULL,NULL,NULL,NULL,NULL,NULL,NULL,NULL,NULL,NULL,NULL,NULL,'default',NULL,NULL,0,0),(500,'500',NULL,1,'2020-01-01 21:02:39','2020-01-01 21:02:39',40,'AC_BILL_SUPPLIER_PAYED','Invoice SA2001-0001 changed to paid','2020-01-01 21:02:39','2021-04-15 10:22:55',12,NULL,NULL,17,NULL,0,12,0,NULL,0,0,-1,'',NULL,NULL,'Author: admin\nInvoice SA2001-0001 changed to paid',27,'invoice_supplier',NULL,NULL,NULL,NULL,NULL,NULL,NULL,NULL,NULL,NULL,NULL,NULL,NULL,NULL,'default',NULL,NULL,0,0),(501,'501',NULL,1,'2020-01-01 21:03:01','2020-01-01 21:03:01',40,'AC_BILL_SUPPLIER_PAYED','Invoice SA2001-0001 changed to paid','2020-01-01 21:03:01','2021-04-15 10:22:55',12,NULL,NULL,17,NULL,0,12,0,NULL,0,0,-1,'',NULL,NULL,'Author: admin\nInvoice SA2001-0001 changed to paid',27,'invoice_supplier',NULL,NULL,NULL,NULL,NULL,NULL,NULL,NULL,NULL,NULL,NULL,NULL,NULL,NULL,'default',NULL,NULL,0,0),(502,'502',NULL,1,'2020-01-01 21:11:10','2020-01-01 21:11:10',40,'AC_BILL_SUPPLIER_PAYED','Invoice SA2001-0001 changed to paid','2020-01-01 21:11:10','2021-04-15 10:22:55',12,NULL,NULL,17,NULL,0,12,0,NULL,0,0,-1,'',NULL,NULL,'Author: admin\nInvoice SA2001-0001 changed to paid',27,'invoice_supplier',NULL,NULL,NULL,NULL,NULL,NULL,NULL,NULL,NULL,NULL,NULL,NULL,NULL,NULL,'default',NULL,NULL,0,0),(503,'503',NULL,1,'2020-01-01 21:20:07','2020-01-01 21:20:07',40,'AC_BILL_SUPPLIER_PAYED','Invoice SA2001-0001 changed to paid','2020-01-01 21:20:07','2021-04-15 10:22:55',12,NULL,NULL,17,NULL,0,12,0,NULL,0,0,-1,'',NULL,NULL,'Author: admin\nInvoice SA2001-0001 changed to paid',27,'invoice_supplier',NULL,NULL,NULL,NULL,NULL,NULL,NULL,NULL,NULL,NULL,NULL,NULL,NULL,NULL,'default',NULL,NULL,0,0),(504,'504',NULL,1,'2020-01-01 21:21:28','2020-01-01 21:21:28',40,'AC_BILL_SUPPLIER_PAYED','Invoice SI2001-0007 changed to paid','2020-01-01 21:21:28','2021-04-15 10:22:55',12,NULL,NULL,17,NULL,0,12,0,NULL,0,0,-1,'',NULL,NULL,'Author: admin\nInvoice SI2001-0007 changed to paid',28,'invoice_supplier',NULL,NULL,NULL,NULL,NULL,NULL,NULL,NULL,NULL,NULL,NULL,NULL,NULL,NULL,'default',NULL,NULL,0,0),(505,'505',NULL,1,'2020-01-01 22:06:30','2020-01-01 22:06:30',40,'AC_BILL_SUPPLIER_PAYED','Invoice SA2001-0001 changed to paid','2020-01-01 22:06:31','2021-04-15 10:22:55',12,NULL,NULL,17,NULL,0,12,0,NULL,0,0,-1,'',NULL,NULL,'Author: admin\nInvoice SA2001-0001 changed to paid',27,'invoice_supplier',NULL,NULL,NULL,NULL,NULL,NULL,NULL,NULL,NULL,NULL,NULL,NULL,NULL,NULL,'default',NULL,NULL,0,0),(506,'506',NULL,1,'2020-01-01 23:54:16','2020-01-01 23:54:16',40,'AC_PRODUCT_MODIFY','Product APPLEPIE modified','2020-01-01 23:54:16','2021-04-15 10:22:55',12,NULL,NULL,NULL,NULL,0,12,0,NULL,0,0,-1,'',NULL,NULL,'Author: admin\nProduct APPLEPIE modified',4,'product',NULL,NULL,NULL,NULL,NULL,NULL,NULL,NULL,NULL,NULL,NULL,NULL,NULL,NULL,'default',NULL,NULL,0,0),(507,'507',NULL,1,'2020-01-02 20:49:34','2020-01-02 20:49:34',40,'AC_BILL_PAYED','Invoice FA1601-0024 changed to paid','2020-01-02 20:49:34','2021-04-15 10:22:55',12,NULL,NULL,1,NULL,0,12,0,NULL,0,0,-1,'',NULL,NULL,'Author: admin\nInvoice FA1601-0024 changed to paid',149,'invoice',NULL,NULL,NULL,NULL,NULL,NULL,NULL,NULL,NULL,NULL,NULL,NULL,NULL,NULL,'default',NULL,NULL,0,0),(508,'508',NULL,1,'2020-01-02 23:02:35','2020-01-02 23:02:35',40,'AC_PRODUCT_MODIFY','Product APPLEPIE modified','2020-01-02 23:02:35','2021-04-15 10:22:55',12,NULL,NULL,NULL,NULL,0,12,0,NULL,0,0,-1,'',NULL,NULL,'Author: admin\nProduct APPLEPIE modified',4,'product',NULL,NULL,NULL,NULL,NULL,NULL,NULL,NULL,NULL,NULL,NULL,NULL,NULL,NULL,'default',NULL,NULL,0,0),(509,'509',NULL,1,'2020-01-02 23:45:01','2020-01-02 23:45:01',40,'AC_BOM_REOPEN','BOM reopen','2020-01-02 23:45:01','2021-04-15 10:22:55',12,NULL,NULL,NULL,NULL,0,12,0,NULL,0,0,-1,'',NULL,NULL,'Author: admin\nBOM reopen',6,'bom',NULL,NULL,NULL,NULL,NULL,NULL,NULL,NULL,NULL,NULL,NULL,NULL,NULL,NULL,'default',NULL,NULL,0,0),(511,'511',NULL,1,'2020-01-02 23:57:42','2020-01-02 23:57:42',40,'AC_MRP_MO_VALIDATE','MO validated','2020-01-02 23:57:42','2021-04-15 10:22:55',12,NULL,NULL,NULL,NULL,0,12,0,NULL,0,0,-1,'',NULL,NULL,'Author: admin\nMO validated',14,'mo',NULL,NULL,NULL,NULL,NULL,NULL,NULL,NULL,NULL,NULL,NULL,NULL,NULL,NULL,'default',NULL,NULL,0,0),(512,'512',NULL,1,'2020-01-03 13:33:54','2020-01-03 13:33:54',40,'AC_BOM_UNVALIDATE','BOM unvalidated','2020-01-03 13:33:54','2021-04-15 10:22:55',12,NULL,NULL,NULL,NULL,0,12,0,NULL,0,0,-1,'',NULL,NULL,'Author: admin\nBOM unvalidated',6,'bom',NULL,NULL,NULL,NULL,NULL,NULL,NULL,NULL,NULL,NULL,NULL,NULL,NULL,NULL,'default',NULL,NULL,0,0),(513,'513',NULL,1,'2020-01-03 13:34:11','2020-01-03 13:34:11',40,'AC_BOM_VALIDATE','BOM validated','2020-01-03 13:34:11','2021-04-15 10:22:55',12,NULL,NULL,NULL,NULL,0,12,0,NULL,0,0,-1,'',NULL,NULL,'Author: admin\nBOM validated',6,'bom',NULL,NULL,NULL,NULL,NULL,NULL,NULL,NULL,NULL,NULL,NULL,NULL,NULL,NULL,'default',NULL,NULL,0,0),(514,'514',NULL,1,'2020-01-03 13:35:45','2020-01-03 13:35:45',40,'AC_MRP_MO_VALIDATE','MO validated','2020-01-03 13:35:45','2021-04-15 10:22:55',12,NULL,NULL,NULL,NULL,0,12,0,NULL,0,0,-1,'',NULL,NULL,'Author: admin\nMO validated',18,'mo',NULL,NULL,NULL,NULL,NULL,NULL,NULL,NULL,NULL,NULL,NULL,NULL,NULL,NULL,'default',NULL,NULL,0,0),(515,'515',NULL,1,'2020-01-03 14:10:41','2020-01-03 14:10:41',40,'AC_MRP_MO_VALIDATE','MO validated','2020-01-03 14:10:41','2021-04-15 10:22:55',12,NULL,NULL,NULL,NULL,0,12,0,NULL,0,0,-1,'',NULL,NULL,'Author: admin\nMO validated',18,'mo',NULL,NULL,NULL,NULL,NULL,NULL,NULL,NULL,NULL,NULL,NULL,NULL,NULL,NULL,'default',NULL,NULL,0,0),(516,'516',NULL,1,'2020-01-06 00:39:58','2020-01-06 00:39:58',40,'AC_COMPANY_CREATE','Patient créé','2020-01-06 00:39:58','2021-04-15 10:22:55',12,NULL,NULL,29,NULL,0,12,0,NULL,0,0,-1,'',NULL,NULL,'Author: admin\nPatient créé',NULL,NULL,NULL,NULL,NULL,NULL,NULL,NULL,NULL,NULL,NULL,NULL,NULL,NULL,NULL,NULL,'default',NULL,NULL,0,0),(517,'517',NULL,1,'2020-01-06 00:49:06','2020-01-06 00:49:06',40,'AC_BILL_SUPPLIER_UNVALIDATE','Invoice SI2001-0006 go back to draft status','2020-01-06 00:49:06','2021-04-15 10:22:55',12,NULL,NULL,17,NULL,0,12,0,NULL,0,0,-1,'',NULL,NULL,'Author: admin\nInvoice SI2001-0006 go back to draft status',22,'invoice_supplier',NULL,NULL,NULL,NULL,NULL,NULL,NULL,NULL,NULL,NULL,NULL,NULL,NULL,NULL,'default',NULL,NULL,0,0),(518,'518',NULL,1,'2020-01-06 06:50:05','2020-01-06 06:50:05',40,'AC_MRP_MO_PRODUCED','MO produced','2020-01-06 06:50:05','2021-04-15 10:22:55',12,NULL,NULL,NULL,NULL,0,12,0,NULL,0,0,-1,'',NULL,NULL,'Author: admin\nMO produced',14,'mo',NULL,NULL,NULL,NULL,NULL,NULL,NULL,NULL,NULL,NULL,NULL,NULL,NULL,NULL,'default',NULL,NULL,0,0),(519,'519',NULL,1,'2020-01-06 20:52:28','2020-01-06 20:52:28',40,'AC_OTH_AUTO','Consultation 2 recorded (Patient)','2020-01-06 20:52:28','2021-04-15 10:22:55',12,NULL,NULL,29,NULL,0,12,0,NULL,0,0,-1,'',NULL,NULL,'Consultation 2 recorded (Patient)\nAuthor: admin',2,'cabinetmed_cons',NULL,NULL,NULL,NULL,NULL,NULL,NULL,NULL,NULL,NULL,NULL,NULL,NULL,NULL,'default',NULL,NULL,0,0),(520,'520',NULL,1,'2020-01-07 20:25:02','2020-01-07 20:25:02',40,'AC_MRP_MO_PRODUCED','MO produced','2020-01-07 20:25:02','2021-04-15 10:22:55',12,NULL,7,10,NULL,0,12,0,NULL,0,0,-1,'',NULL,NULL,'Author: admin\nMO produced',5,'mo',NULL,NULL,NULL,NULL,NULL,NULL,NULL,NULL,NULL,NULL,NULL,NULL,NULL,NULL,'default',NULL,NULL,0,0),(521,'521',NULL,1,'2020-01-07 21:12:37','2020-01-07 21:12:37',40,'AC_MRP_MO_PRODUCED','MO produced','2020-01-07 21:12:37','2021-04-15 10:22:55',12,NULL,7,10,NULL,0,12,0,NULL,0,0,-1,'',NULL,NULL,'Author: admin\nMO produced',5,'mo',NULL,NULL,NULL,NULL,NULL,NULL,NULL,NULL,NULL,NULL,NULL,NULL,NULL,NULL,'default',NULL,NULL,0,0),(522,'522',NULL,1,'2020-01-07 21:13:00','2020-01-07 21:13:00',40,'AC_MRP_MO_PRODUCED','MO produced','2020-01-07 21:13:00','2021-04-15 10:22:55',12,NULL,7,10,NULL,0,12,0,NULL,0,0,-1,'',NULL,NULL,'Author: admin\nMO produced',5,'mo',NULL,NULL,NULL,NULL,NULL,NULL,NULL,NULL,NULL,NULL,NULL,NULL,NULL,NULL,'default',NULL,NULL,0,0),(523,'523',NULL,1,'2020-01-07 21:13:49','2020-01-07 21:13:49',40,'AC_MRP_MO_PRODUCED','MO produced','2020-01-07 21:13:49','2021-04-15 10:22:55',12,NULL,7,10,NULL,0,12,0,NULL,0,0,-1,'',NULL,NULL,'Author: admin\nMO produced',5,'mo',NULL,NULL,NULL,NULL,NULL,NULL,NULL,NULL,NULL,NULL,NULL,NULL,NULL,NULL,'default',NULL,NULL,0,0),(524,'524',NULL,1,'2020-01-07 21:46:58','2020-01-07 21:46:58',40,'AC_MRP_MO_PRODUCED','MO produced','2020-01-07 21:46:58','2021-04-15 10:22:55',12,NULL,7,10,NULL,0,12,0,NULL,0,0,-1,'',NULL,NULL,'Author: admin\nMO produced',5,'mo',NULL,NULL,NULL,NULL,NULL,NULL,NULL,NULL,NULL,NULL,NULL,NULL,NULL,NULL,'default',NULL,NULL,0,0),(525,'525',NULL,1,'2020-01-07 21:52:34','2020-01-07 21:52:34',40,'AC_MRP_MO_PRODUCED','MO produced','2020-01-07 21:52:34','2021-04-15 10:22:55',12,NULL,7,10,NULL,0,12,0,NULL,0,0,-1,'',NULL,NULL,'Author: admin\nMO produced',5,'mo',NULL,NULL,NULL,NULL,NULL,NULL,NULL,NULL,NULL,NULL,NULL,NULL,NULL,NULL,'default',NULL,NULL,0,0),(526,'526',NULL,1,'2020-01-07 21:53:44','2020-01-07 21:53:44',40,'AC_MRP_MO_PRODUCED','MO produced','2020-01-07 21:53:44','2021-04-15 10:22:55',12,NULL,7,10,NULL,0,12,0,NULL,0,0,-1,'',NULL,NULL,'Author: admin\nMO produced',5,'mo',NULL,NULL,NULL,NULL,NULL,NULL,NULL,NULL,NULL,NULL,NULL,NULL,NULL,NULL,'default',NULL,NULL,0,0),(527,'527',NULL,1,'2020-01-07 21:53:58','2020-01-07 21:53:58',40,'AC_MRP_MO_PRODUCED','MO produced','2020-01-07 21:53:58','2021-04-15 10:22:55',12,NULL,7,10,NULL,0,12,0,NULL,0,0,-1,'',NULL,NULL,'Author: admin\nMO produced',5,'mo',NULL,NULL,NULL,NULL,NULL,NULL,NULL,NULL,NULL,NULL,NULL,NULL,NULL,NULL,'default',NULL,NULL,0,0),(528,'528',NULL,1,'2020-01-07 21:54:12','2020-01-07 21:54:12',40,'AC_MRP_MO_PRODUCED','MO produced','2020-01-07 21:54:12','2021-04-15 10:22:55',12,NULL,7,10,NULL,0,12,0,NULL,0,0,-1,'',NULL,NULL,'Author: admin\nMO produced',5,'mo',NULL,NULL,NULL,NULL,NULL,NULL,NULL,NULL,NULL,NULL,NULL,NULL,NULL,NULL,'default',NULL,NULL,0,0),(529,'529',NULL,1,'2020-01-07 22:00:55','2020-01-07 22:00:55',40,'AC_MRP_MO_PRODUCED','MO produced','2020-01-07 22:00:55','2021-04-15 10:22:55',12,NULL,7,10,NULL,0,12,0,NULL,0,0,-1,'',NULL,NULL,'Author: admin\nMO produced',5,'mo',NULL,NULL,NULL,NULL,NULL,NULL,NULL,NULL,NULL,NULL,NULL,NULL,NULL,NULL,'default',NULL,NULL,0,0),(530,'530',NULL,1,'2020-01-07 22:39:52','2020-01-07 22:39:52',40,'AC_MRP_MO_PRODUCED','MO produced','2020-01-07 22:39:52','2021-04-15 10:22:55',12,NULL,NULL,NULL,NULL,0,12,0,NULL,0,0,-1,'',NULL,NULL,'Author: admin\nMO produced',14,'mo',NULL,NULL,NULL,NULL,NULL,NULL,NULL,NULL,NULL,NULL,NULL,NULL,NULL,NULL,'default',NULL,NULL,0,0),(531,'531',NULL,1,'2020-01-07 23:09:04','2020-01-07 23:09:04',40,'AC_MRP_MO_PRODUCED','MO produced','2020-01-07 23:09:04','2021-04-15 10:22:55',12,NULL,NULL,NULL,NULL,0,12,0,NULL,0,0,-1,'',NULL,NULL,'Author: admin\nMO produced',14,'mo',NULL,NULL,NULL,NULL,NULL,NULL,NULL,NULL,NULL,NULL,NULL,NULL,NULL,NULL,'default',NULL,NULL,0,0),(532,'532',NULL,1,'2020-01-07 23:39:09','2020-01-07 23:39:09',40,'AC_PROPAL_CLOSE_SIGNED','Proposal PR1909-0033 signed','2020-01-07 23:39:09','2021-04-15 10:22:55',12,NULL,6,10,NULL,0,12,0,NULL,0,0,-1,'',NULL,NULL,'Author: admin\nProposal PR1909-0033 signed',34,'propal',NULL,NULL,NULL,NULL,NULL,NULL,NULL,NULL,NULL,NULL,NULL,NULL,NULL,NULL,'default',NULL,NULL,0,0),(533,'533',NULL,1,'2020-01-07 23:43:06','2020-01-07 23:43:06',40,'AC_PROPAL_CLOSE_SIGNED','Proposal PR1909-0033 signed','2020-01-07 23:43:06','2021-04-15 10:22:55',12,NULL,6,10,NULL,0,12,0,NULL,0,0,-1,'',NULL,NULL,'Author: admin\nProposal PR1909-0033 signed',34,'propal',NULL,NULL,NULL,NULL,NULL,NULL,NULL,NULL,NULL,NULL,NULL,NULL,NULL,NULL,'default',NULL,NULL,0,0),(534,'534',NULL,1,'2020-01-07 23:50:40','2020-01-07 23:50:40',40,'AC_MRP_MO_PRODUCED','MO produced','2020-01-07 23:50:40','2021-04-15 10:22:55',12,NULL,7,10,NULL,0,12,0,NULL,0,0,-1,'',NULL,NULL,'Author: admin\nMO produced',5,'mo',NULL,NULL,NULL,NULL,NULL,NULL,NULL,NULL,NULL,NULL,NULL,NULL,NULL,NULL,'default',NULL,NULL,0,0),(535,'535',NULL,1,'2020-01-07 23:51:27','2020-01-07 23:51:27',40,'AC_MRP_MO_PRODUCED','MO produced','2020-01-07 23:51:27','2021-04-15 10:22:55',12,NULL,7,10,NULL,0,12,0,NULL,0,0,-1,'',NULL,NULL,'Author: admin\nMO produced',5,'mo',NULL,NULL,NULL,NULL,NULL,NULL,NULL,NULL,NULL,NULL,NULL,NULL,NULL,NULL,'default',NULL,NULL,0,0),(536,'536',NULL,1,'2020-01-08 00:25:23','2020-01-08 00:25:23',40,'AC_MRP_MO_PRODUCED','MO produced','2020-01-08 00:25:23','2021-04-15 10:22:55',12,NULL,7,10,NULL,0,12,0,NULL,0,0,-1,'',NULL,NULL,'Author: admin\nMO produced',5,'mo',NULL,NULL,NULL,NULL,NULL,NULL,NULL,NULL,NULL,NULL,NULL,NULL,NULL,NULL,'default',NULL,NULL,0,0),(537,'537',NULL,1,'2020-01-08 00:25:43','2020-01-08 00:25:43',40,'AC_MRP_MO_PRODUCED','MO produced','2020-01-08 00:25:43','2021-04-15 10:22:55',12,NULL,7,10,NULL,0,12,0,NULL,0,0,-1,'',NULL,NULL,'Author: admin\nMO produced',5,'mo',NULL,NULL,NULL,NULL,NULL,NULL,NULL,NULL,NULL,NULL,NULL,NULL,NULL,NULL,'default',NULL,NULL,0,0),(538,'538',NULL,1,'2020-01-08 00:29:24','2020-01-08 00:29:24',40,'AC_MRP_MO_PRODUCED','MO produced','2020-01-08 00:29:24','2021-04-15 10:22:55',12,NULL,7,10,NULL,0,12,0,NULL,0,0,-1,'',NULL,NULL,'Author: admin\nMO produced',5,'mo',NULL,NULL,NULL,NULL,NULL,NULL,NULL,NULL,NULL,NULL,NULL,NULL,NULL,NULL,'default',NULL,NULL,0,0),(539,'539',NULL,1,'2020-01-08 00:29:43','2020-01-08 00:29:43',40,'AC_MRP_MO_PRODUCED','MO produced','2020-01-08 00:29:43','2021-04-15 10:22:55',12,NULL,7,10,NULL,0,12,0,NULL,0,0,-1,'',NULL,NULL,'Author: admin\nMO produced',5,'mo',NULL,NULL,NULL,NULL,NULL,NULL,NULL,NULL,NULL,NULL,NULL,NULL,NULL,NULL,'default',NULL,NULL,0,0),(540,'540',NULL,1,'2020-01-08 01:09:15','2020-01-08 01:09:15',40,'AC_MRP_MO_PRODUCED','MO produced','2020-01-08 01:09:15','2021-04-15 10:22:55',12,NULL,7,10,NULL,0,12,0,NULL,0,0,-1,'',NULL,NULL,'Author: admin\nMO produced',5,'mo',NULL,NULL,NULL,NULL,NULL,NULL,NULL,NULL,NULL,NULL,NULL,NULL,NULL,NULL,'default',NULL,NULL,0,0),(541,'541',NULL,1,'2020-01-08 01:15:02','2020-01-08 01:15:02',40,'AC_MRP_MO_PRODUCED','MO produced','2020-01-08 01:15:02','2021-04-15 10:22:55',12,NULL,7,10,NULL,0,12,0,NULL,0,0,-1,'',NULL,NULL,'Author: admin\nMO produced',5,'mo',NULL,NULL,NULL,NULL,NULL,NULL,NULL,NULL,NULL,NULL,NULL,NULL,NULL,NULL,'default',NULL,NULL,0,0),(542,'542',NULL,1,'2020-01-08 01:17:16','2020-01-08 01:17:16',40,'AC_MRP_MO_PRODUCED','MO produced','2020-01-08 01:17:16','2021-04-15 10:22:55',12,NULL,7,10,NULL,0,12,0,NULL,0,0,-1,'',NULL,NULL,'Author: admin\nMO produced',5,'mo',NULL,NULL,NULL,NULL,NULL,NULL,NULL,NULL,NULL,NULL,NULL,NULL,NULL,NULL,'default',NULL,NULL,0,0),(543,'543',NULL,1,'2020-01-08 05:31:44','2020-01-08 05:31:44',40,'AC_MRP_MO_PRODUCED','MO produced','2020-01-08 05:31:44','2021-04-15 10:22:55',12,NULL,7,10,NULL,0,12,0,NULL,0,0,-1,'',NULL,NULL,'Author: admin\nMO produced',5,'mo',NULL,NULL,NULL,NULL,NULL,NULL,NULL,NULL,NULL,NULL,NULL,NULL,NULL,NULL,'default',NULL,NULL,0,0),(544,'544',NULL,1,'2020-01-08 05:39:46','2020-01-08 05:39:46',40,'AC_BOM_CLOSE','BOM disabled','2020-01-08 05:39:46','2021-04-15 10:22:55',12,NULL,NULL,NULL,NULL,0,12,0,NULL,0,0,-1,'',NULL,NULL,'Author: admin\nBOM disabled',6,'bom',NULL,NULL,NULL,NULL,NULL,NULL,NULL,NULL,NULL,NULL,NULL,NULL,NULL,NULL,'default',NULL,NULL,0,0),(545,'545',NULL,1,'2020-01-08 05:39:50','2020-01-08 05:39:50',40,'AC_BOM_REOPEN','BOM reopen','2020-01-08 05:39:50','2021-04-15 10:22:55',12,NULL,NULL,NULL,NULL,0,12,0,NULL,0,0,-1,'',NULL,NULL,'Author: admin\nBOM reopen',6,'bom',NULL,NULL,NULL,NULL,NULL,NULL,NULL,NULL,NULL,NULL,NULL,NULL,NULL,NULL,'default',NULL,NULL,0,0),(546,'546',NULL,1,'2020-01-08 06:06:50','2020-01-08 06:06:50',40,'AC_MRP_MO_PRODUCED','MO produced','2020-01-08 06:06:50','2021-04-15 10:22:55',12,NULL,NULL,NULL,NULL,0,12,0,NULL,0,0,-1,'',NULL,NULL,'Author: admin\nMO produced',14,'mo',NULL,NULL,NULL,NULL,NULL,NULL,NULL,NULL,NULL,NULL,NULL,NULL,NULL,NULL,'default',NULL,NULL,0,0),(547,'547',NULL,1,'2020-01-08 19:34:53','2020-01-08 19:34:53',40,'AC_BOM_UNVALIDATE','BOM unvalidated','2020-01-08 19:34:53','2021-04-15 10:22:55',12,NULL,NULL,NULL,NULL,0,12,0,NULL,0,0,-1,'',NULL,NULL,'Author: admin\nBOM unvalidated',6,'bom',NULL,NULL,NULL,NULL,NULL,NULL,NULL,NULL,NULL,NULL,NULL,NULL,NULL,NULL,'default',NULL,NULL,0,0),(548,'548',NULL,1,'2020-01-08 19:40:27','2020-01-08 19:40:27',40,'AC_PRODUCT_MODIFY','Product APPLEPIE modified','2020-01-08 19:40:27','2021-04-15 10:22:55',12,NULL,NULL,NULL,NULL,0,12,0,NULL,0,0,-1,'',NULL,NULL,'Author: admin\nProduct APPLEPIE modified',4,'product',NULL,NULL,NULL,NULL,NULL,NULL,NULL,NULL,NULL,NULL,NULL,NULL,NULL,NULL,'default',NULL,NULL,0,0),(549,'549',NULL,1,'2020-01-08 19:40:46','2020-01-08 19:40:46',40,'AC_PRODUCT_MODIFY','Product PINKDRESS modified','2020-01-08 19:40:46','2021-04-15 10:22:55',12,NULL,NULL,NULL,NULL,0,12,0,NULL,0,0,-1,'',NULL,NULL,'Author: admin\nProduct PINKDRESS modified',1,'product',NULL,NULL,NULL,NULL,NULL,NULL,NULL,NULL,NULL,NULL,NULL,NULL,NULL,NULL,'default',NULL,NULL,0,0),(550,'550',NULL,1,'2020-01-08 19:40:59','2020-01-08 19:40:59',40,'AC_BOM_VALIDATE','BOM validated','2020-01-08 19:40:59','2021-04-15 10:22:55',12,NULL,NULL,NULL,NULL,0,12,0,NULL,0,0,-1,'',NULL,NULL,'Author: admin\nBOM validated',6,'bom',NULL,NULL,NULL,NULL,NULL,NULL,NULL,NULL,NULL,NULL,NULL,NULL,NULL,NULL,'default',NULL,NULL,0,0),(551,'551',NULL,1,'2020-01-08 19:41:11','2020-01-08 19:41:11',40,'AC_BOM_UNVALIDATE','BOM unvalidated','2020-01-08 19:41:11','2021-04-15 10:22:55',12,NULL,NULL,NULL,NULL,0,12,0,NULL,0,0,-1,'',NULL,NULL,'Author: admin\nBOM unvalidated',6,'bom',NULL,NULL,NULL,NULL,NULL,NULL,NULL,NULL,NULL,NULL,NULL,NULL,NULL,NULL,'default',NULL,NULL,0,0),(552,'552',NULL,1,'2020-01-08 19:41:49','2020-01-08 19:41:49',40,'AC_BOM_VALIDATE','BOM validated','2020-01-08 19:41:49','2021-04-15 10:22:55',12,NULL,NULL,NULL,NULL,0,12,0,NULL,0,0,-1,'',NULL,NULL,'Author: admin\nBOM validated',6,'bom',NULL,NULL,NULL,NULL,NULL,NULL,NULL,NULL,NULL,NULL,NULL,NULL,NULL,NULL,'default',NULL,NULL,0,0),(553,'553',NULL,1,'2020-01-08 20:12:55','2020-01-08 20:12:55',40,'AC_MRP_MO_VALIDATE','MO validated','2020-01-08 20:12:55','2021-04-15 10:22:55',12,NULL,NULL,NULL,NULL,0,12,0,NULL,0,0,-1,'',NULL,NULL,'Author: admin\nMO validated',28,'mo',NULL,NULL,NULL,NULL,NULL,NULL,NULL,NULL,NULL,NULL,NULL,NULL,NULL,NULL,'default',NULL,NULL,0,0),(554,'554',NULL,1,'2020-01-08 20:21:22','2020-01-08 20:21:22',40,'AC_MRP_MO_PRODUCED','MO produced','2020-01-08 20:21:22','2021-04-15 10:22:55',12,NULL,NULL,NULL,NULL,0,12,0,NULL,0,0,-1,'',NULL,NULL,'Author: admin\nMO produced',28,'mo',NULL,NULL,NULL,NULL,NULL,NULL,NULL,NULL,NULL,NULL,NULL,NULL,NULL,NULL,'default',NULL,NULL,0,0),(555,'555',NULL,1,'2020-01-08 20:41:19','2020-01-08 20:41:19',40,'AC_MRP_MO_PRODUCED','MO produced','2020-01-08 20:41:19','2021-04-15 10:22:55',12,NULL,NULL,NULL,NULL,0,12,0,NULL,0,0,-1,'',NULL,NULL,'Author: admin\nMO produced',28,'mo',NULL,NULL,NULL,NULL,NULL,NULL,NULL,NULL,NULL,NULL,NULL,NULL,NULL,NULL,'default',NULL,NULL,0,0),(556,'556',NULL,1,'2020-01-08 22:25:19','2020-01-08 22:25:19',40,'AC_BOM_DELETE','BOM deleted','2020-01-08 22:25:19','2021-04-15 10:22:55',12,NULL,NULL,NULL,NULL,0,12,0,NULL,0,0,-1,'',NULL,NULL,'Author: admin\nBOM deleted',7,'bom',NULL,NULL,NULL,NULL,NULL,NULL,NULL,NULL,NULL,NULL,NULL,NULL,NULL,NULL,'default',NULL,NULL,0,0),(557,'557',NULL,1,'2020-01-13 15:11:07','2020-01-13 15:11:07',40,'AC_MO_DELETE','MO_DELETEInDolibarr','2020-01-13 15:11:07','2021-04-15 10:22:55',12,NULL,6,26,NULL,0,12,0,NULL,0,0,-1,'',NULL,NULL,'Author: admin\nMO_DELETEInDolibarr',25,'mo',NULL,NULL,NULL,NULL,NULL,NULL,NULL,NULL,NULL,NULL,NULL,NULL,NULL,NULL,'default',NULL,NULL,0,0),(558,'558',NULL,1,'2020-01-13 15:11:54','2020-01-13 15:11:54',40,'AC_MRP_MO_VALIDATE','MO validated','2020-01-13 15:11:54','2021-04-15 10:22:55',12,NULL,6,26,NULL,0,12,0,NULL,0,0,-1,'',NULL,NULL,'Author: admin\nMO validated',24,'mo',NULL,NULL,NULL,NULL,NULL,NULL,NULL,NULL,NULL,NULL,NULL,NULL,NULL,NULL,'default',NULL,NULL,0,0),(559,'559',NULL,1,'2020-01-13 15:13:19','2020-01-13 15:13:19',40,'AC_MRP_MO_PRODUCED','MO produced','2020-01-13 15:13:19','2021-04-15 10:22:55',12,NULL,6,26,NULL,0,12,0,NULL,0,0,-1,'',NULL,NULL,'Author: admin\nMO produced',24,'mo',NULL,NULL,NULL,NULL,NULL,NULL,NULL,NULL,NULL,NULL,NULL,NULL,NULL,NULL,'default',NULL,NULL,0,0),(560,'560',NULL,1,'2020-01-13 15:14:15','2020-01-13 15:14:15',40,'AC_MRP_MO_PRODUCED','MO produced','2020-01-13 15:14:15','2021-04-15 10:22:55',12,NULL,6,26,NULL,0,12,0,NULL,0,0,-1,'',NULL,NULL,'Author: admin\nMO produced',24,'mo',NULL,NULL,NULL,NULL,NULL,NULL,NULL,NULL,NULL,NULL,NULL,NULL,NULL,NULL,'default',NULL,NULL,0,0),(561,'561',NULL,1,'2020-01-13 15:29:30','2020-01-13 15:29:30',40,'AC_MRP_MO_PRODUCED','MO produced','2020-01-13 15:29:30','2021-04-15 10:22:55',12,NULL,7,10,NULL,0,12,0,NULL,0,0,-1,'',NULL,NULL,'Author: admin\nMO produced',5,'mo',NULL,NULL,NULL,NULL,NULL,NULL,NULL,NULL,NULL,NULL,NULL,NULL,NULL,NULL,'default',NULL,NULL,0,0),(562,'562',NULL,1,'2020-01-13 17:19:24','2020-01-13 17:19:24',40,'AC_COMPANY_CREATE','Third party Italo created','2020-01-13 17:19:24','2021-04-15 10:22:55',12,NULL,NULL,30,NULL,0,12,0,NULL,0,0,-1,'',NULL,NULL,'Author: admin\nThird party Italo created',NULL,NULL,NULL,NULL,NULL,NULL,NULL,NULL,NULL,NULL,NULL,NULL,NULL,NULL,NULL,NULL,'default',NULL,NULL,0,0),(563,'563',NULL,1,'2020-01-15 16:27:15','2020-01-15 16:27:15',40,'AC_PROJECT_MODIFY','Project RMLL modified','2020-01-15 16:27:15','2021-04-15 10:22:55',12,NULL,5,NULL,NULL,0,12,0,NULL,0,0,-1,'',NULL,NULL,'Author: admin\nProject RMLL modified\nTask: RMLL',NULL,NULL,NULL,NULL,NULL,NULL,NULL,NULL,NULL,NULL,NULL,NULL,NULL,NULL,NULL,NULL,'default',NULL,NULL,0,0),(564,'564',NULL,1,'2020-01-15 16:40:50','2020-01-15 16:40:50',40,'AC_PROJECT_MODIFY','Project PROJINDIAN modified','2020-01-15 16:40:50','2021-04-15 10:22:55',12,NULL,3,1,NULL,0,12,0,NULL,0,0,-1,'',NULL,NULL,'Author: admin\nProject PROJINDIAN modified\nTask: PROJINDIAN',NULL,NULL,NULL,NULL,NULL,NULL,NULL,NULL,NULL,NULL,NULL,NULL,NULL,NULL,NULL,NULL,'default',NULL,NULL,0,0),(565,'565',NULL,1,'2020-01-16 02:22:16','2020-01-16 02:22:16',40,'AC_BILL_VALIDATE','Invoice AC2001-0001 validated','2020-01-16 02:22:16','2021-04-15 10:22:55',12,NULL,NULL,19,NULL,0,12,0,NULL,0,0,-1,'',NULL,NULL,'Author: admin\nInvoice AC2001-0001 validated',221,'invoice',NULL,NULL,NULL,NULL,NULL,NULL,NULL,NULL,NULL,NULL,NULL,NULL,NULL,NULL,'default',NULL,NULL,0,0),(566,'566',NULL,1,'2020-01-16 02:22:24','2020-01-16 02:22:24',40,'AC_BILL_UNVALIDATE','Invoice AC2001-0001 go back to draft status','2020-01-16 02:22:24','2021-04-15 10:22:55',12,NULL,NULL,19,NULL,0,12,0,NULL,0,0,-1,'',NULL,NULL,'Author: admin\nInvoice AC2001-0001 go back to draft status',221,'invoice',NULL,NULL,NULL,NULL,NULL,NULL,NULL,NULL,NULL,NULL,NULL,NULL,NULL,NULL,'default',NULL,NULL,0,0),(567,'567',NULL,1,'2020-01-16 02:33:27','2020-01-16 02:33:27',40,'AC_BILL_VALIDATE','Invoice AC2001-0002 validated','2020-01-16 02:33:27','2021-04-15 10:22:55',12,NULL,NULL,19,NULL,0,12,0,NULL,0,0,-1,'',NULL,NULL,'Author: admin\nInvoice AC2001-0002 validated',224,'invoice',NULL,NULL,NULL,NULL,NULL,NULL,NULL,NULL,NULL,NULL,NULL,NULL,NULL,NULL,'default',NULL,NULL,0,0),(568,'568',NULL,1,'2020-01-16 02:36:48','2020-01-16 02:36:48',40,'AC_BILL_PAYED','Invoice AC2001-0002 changed to paid','2020-01-16 02:36:48','2021-04-15 10:22:55',12,NULL,NULL,19,NULL,0,12,0,NULL,0,0,-1,'',NULL,NULL,'Author: admin\nInvoice AC2001-0002 changed to paid',224,'invoice',NULL,NULL,NULL,NULL,NULL,NULL,NULL,NULL,NULL,NULL,NULL,NULL,NULL,NULL,'default',NULL,NULL,0,0),(569,'569',NULL,1,'2020-01-16 02:42:12','2020-01-16 02:42:12',40,'AC_ORDER_CLASSIFY_BILLED','Order CO7001-0020 classified billed','2020-01-16 02:42:12','2021-04-15 10:22:55',12,NULL,NULL,6,NULL,0,12,0,NULL,0,0,-1,'',NULL,NULL,'Author: admin\nOrder CO7001-0020 classified billed',72,'order',NULL,NULL,NULL,NULL,NULL,NULL,NULL,NULL,NULL,NULL,NULL,NULL,NULL,NULL,'default',NULL,NULL,0,0),(570,'570',NULL,1,'2020-01-16 02:42:17','2020-01-16 02:42:17',40,'AC_ORDER_CLOSE','Order CO7001-0020 classified delivered','2020-01-16 02:42:17','2021-04-15 10:22:55',12,NULL,NULL,6,NULL,0,12,0,NULL,0,0,-1,'',NULL,NULL,'Author: admin\nOrder CO7001-0020 classified delivered',72,'order',NULL,NULL,NULL,NULL,NULL,NULL,NULL,NULL,NULL,NULL,NULL,NULL,NULL,NULL,'default',NULL,NULL,0,0),(571,'571',NULL,1,'2020-01-16 02:42:56','2020-01-16 02:42:56',40,'AC_ORDER_CLOSE','Order CO7001-0020 classified delivered','2020-01-16 02:42:56','2021-04-15 10:22:55',12,NULL,NULL,6,NULL,0,12,0,NULL,0,0,-1,'',NULL,NULL,'Author: admin\nOrder CO7001-0020 classified delivered',72,'order',NULL,NULL,NULL,NULL,NULL,NULL,NULL,NULL,NULL,NULL,NULL,NULL,NULL,NULL,'default',NULL,NULL,0,0),(572,'572',NULL,1,'2020-01-16 18:05:43','2020-01-16 18:05:43',40,'AC_BILL_SUPPLIER_VALIDATE','Invoice SI2001-0006 validated','2020-01-16 18:05:43','2021-04-15 10:22:55',12,NULL,NULL,17,NULL,0,12,0,NULL,0,0,-1,'',NULL,NULL,'Author: admin\nInvoice SI2001-0006 validated',22,'invoice_supplier',NULL,NULL,NULL,NULL,NULL,NULL,NULL,NULL,NULL,NULL,NULL,NULL,NULL,NULL,'default',NULL,NULL,0,0),(573,'573',NULL,1,'2020-01-17 14:54:18','2020-01-17 14:54:18',40,'AC_PRODUCT_MODIFY','Product PINKDRESS modified','2020-01-17 14:54:18','2021-04-15 10:22:55',12,NULL,NULL,NULL,NULL,0,12,0,NULL,0,0,-1,'',NULL,NULL,'Author: admin\nProduct PINKDRESS modified',1,'product',NULL,NULL,NULL,NULL,NULL,NULL,NULL,NULL,NULL,NULL,NULL,NULL,NULL,NULL,'default',NULL,NULL,0,0),(574,'574',NULL,1,'2020-01-17 15:22:28','2020-01-17 15:22:28',40,'AC_PRODUCT_MODIFY','Product PINKDRESS modified','2020-01-17 15:22:28','2021-04-15 10:22:55',12,NULL,NULL,NULL,NULL,0,12,0,NULL,0,0,-1,'',NULL,NULL,'Author: admin\nProduct PINKDRESS modified',1,'product',NULL,NULL,NULL,NULL,NULL,NULL,NULL,NULL,NULL,NULL,NULL,NULL,NULL,NULL,'default',NULL,NULL,0,0),(575,'575',NULL,1,'2020-01-19 14:22:27','2020-01-19 14:22:27',40,'AC_PROPAL_VALIDATE','Proposal PR2001-0034 validated','2020-01-19 14:22:27','2021-04-15 10:22:55',12,NULL,NULL,1,NULL,0,12,0,NULL,0,0,-1,'',NULL,NULL,'Author: admin\nProposal PR2001-0034 validated',36,'propal',NULL,NULL,NULL,NULL,NULL,NULL,NULL,NULL,NULL,NULL,NULL,NULL,NULL,NULL,'default',NULL,NULL,0,0),(576,'576',NULL,1,'2020-01-19 14:22:34','2020-01-19 14:22:34',40,'AC_PROPAL_CLOSE_SIGNED','Proposal PR2001-0034 signed','2020-01-19 14:22:34','2021-04-15 10:22:55',12,NULL,NULL,1,NULL,0,12,0,NULL,0,0,-1,'',NULL,NULL,'Author: admin\nProposal PR2001-0034 signed',36,'propal',NULL,NULL,NULL,NULL,NULL,NULL,NULL,NULL,NULL,NULL,NULL,NULL,NULL,NULL,'default',NULL,NULL,0,0),(577,'577',NULL,1,'2020-01-19 14:24:22','2020-01-19 14:24:22',40,'AC_PROPAL_VALIDATE','Proposal PR2001-0034 validated','2020-01-19 14:24:22','2021-04-15 10:22:55',12,NULL,NULL,1,NULL,0,12,0,NULL,0,0,-1,'',NULL,NULL,'Author: admin\nProposal PR2001-0034 validated',36,'propal',NULL,NULL,NULL,NULL,NULL,NULL,NULL,NULL,NULL,NULL,NULL,NULL,NULL,NULL,'default',NULL,NULL,0,0),(578,'578',NULL,1,'2020-01-19 14:24:27','2020-01-19 14:24:27',40,'AC_PROPAL_CLOSE_SIGNED','Proposal PR2001-0034 signed','2020-01-19 14:24:27','2021-04-15 10:22:55',12,NULL,NULL,1,NULL,0,12,0,NULL,0,0,-1,'',NULL,NULL,'Author: admin\nProposal PR2001-0034 signed',36,'propal',NULL,NULL,NULL,NULL,NULL,NULL,NULL,NULL,NULL,NULL,NULL,NULL,NULL,NULL,'default',NULL,NULL,0,0),(579,'579',NULL,1,'2020-01-19 14:51:43','2020-01-19 14:51:43',40,'AC_BILL_VALIDATE','Invoice AC2001-0003 validated','2020-01-19 14:51:43','2021-04-15 10:22:55',12,NULL,NULL,1,NULL,0,12,0,NULL,0,0,-1,'',NULL,NULL,'Author: admin\nInvoice AC2001-0003 validated',227,'invoice',NULL,NULL,NULL,NULL,NULL,NULL,NULL,NULL,NULL,NULL,NULL,NULL,NULL,NULL,'default',NULL,NULL,0,0),(580,'580',NULL,1,'2020-01-19 14:51:48','2020-01-19 14:51:48',40,'AC_BILL_UNVALIDATE','Invoice AC2001-0003 go back to draft status','2020-01-19 14:51:48','2021-04-15 10:22:55',12,NULL,NULL,1,NULL,0,12,0,NULL,0,0,-1,'',NULL,NULL,'Author: admin\nInvoice AC2001-0003 go back to draft status',227,'invoice',NULL,NULL,NULL,NULL,NULL,NULL,NULL,NULL,NULL,NULL,NULL,NULL,NULL,NULL,'default',NULL,NULL,0,0),(581,'581',NULL,1,'2020-01-19 15:01:26','2020-01-19 15:01:26',40,'AC_BILL_VALIDATE','Invoice AC2001-0004 validated','2020-01-19 15:01:26','2021-04-15 10:22:55',12,NULL,NULL,1,NULL,0,12,0,NULL,0,0,-1,'',NULL,NULL,'Author: admin\nInvoice AC2001-0004 validated',228,'invoice',NULL,NULL,NULL,NULL,NULL,NULL,NULL,NULL,NULL,NULL,NULL,NULL,NULL,NULL,'default',NULL,NULL,0,0),(582,'582',NULL,1,'2020-01-19 15:04:37','2020-01-19 15:04:37',40,'AC_BILL_UNVALIDATE','Invoice AC2001-0004 go back to draft status','2020-01-19 15:04:37','2021-04-15 10:22:55',12,NULL,NULL,1,NULL,0,12,0,NULL,0,0,-1,'',NULL,NULL,'Author: admin\nInvoice AC2001-0004 go back to draft status',228,'invoice',NULL,NULL,NULL,NULL,NULL,NULL,NULL,NULL,NULL,NULL,NULL,NULL,NULL,NULL,'default',NULL,NULL,0,0),(583,'583',NULL,1,'2020-01-19 15:04:53','2020-01-19 15:04:53',40,'AC_BILL_VALIDATE','Invoice AC2001-0004 validated','2020-01-19 15:04:53','2021-04-15 10:22:55',12,NULL,NULL,1,NULL,0,12,0,NULL,0,0,-1,'',NULL,NULL,'Author: admin\nInvoice AC2001-0004 validated',228,'invoice',NULL,NULL,NULL,NULL,NULL,NULL,NULL,NULL,NULL,NULL,NULL,NULL,NULL,NULL,'default',NULL,NULL,0,0),(584,'584',NULL,1,'2020-01-19 15:09:14','2020-01-19 15:09:14',40,'AC_BILL_UNVALIDATE','Invoice AC2001-0004 go back to draft status','2020-01-19 15:09:14','2021-04-15 10:22:55',12,NULL,NULL,1,NULL,0,12,0,NULL,0,0,-1,'',NULL,NULL,'Author: admin\nInvoice AC2001-0004 go back to draft status',228,'invoice',NULL,NULL,NULL,NULL,NULL,NULL,NULL,NULL,NULL,NULL,NULL,NULL,NULL,NULL,'default',NULL,NULL,0,0),(585,'585',NULL,1,'2020-01-19 15:13:07','2020-01-19 15:13:07',40,'AC_BILL_VALIDATE','Invoice AC2001-0004 validated','2020-01-19 15:13:07','2021-04-15 10:22:55',12,NULL,NULL,1,NULL,0,12,0,NULL,0,0,-1,'',NULL,NULL,'Author: admin\nInvoice AC2001-0004 validated',228,'invoice',NULL,NULL,NULL,NULL,NULL,NULL,NULL,NULL,NULL,NULL,NULL,NULL,NULL,NULL,'default',NULL,NULL,0,0),(586,'586',NULL,1,'2020-01-20 12:20:11','2020-01-20 12:20:11',40,'AC_ORDER_SUPPLIER_CREATE','Order (PROV14) created','2020-01-20 12:20:11','2021-04-15 10:22:55',12,NULL,NULL,1,NULL,0,12,0,NULL,0,0,-1,'',NULL,NULL,'Author: admin\nOrder (PROV14) created',14,'order_supplier',NULL,NULL,NULL,NULL,NULL,NULL,NULL,NULL,NULL,NULL,NULL,NULL,NULL,NULL,'default',NULL,NULL,0,0),(588,'588',NULL,1,'2020-01-21 01:02:14','2020-01-21 01:02:14',40,'AC_MEMBER_SUBSCRIPTION_CREATE','Subscription 2 for member Vick Smith added','2020-01-21 01:02:14','2021-04-15 10:22:55',12,NULL,NULL,NULL,NULL,0,12,0,NULL,0,0,-1,'',NULL,NULL,'Author: admin\nSubscription 2 for member Vick Smith added\nMember: Vick Smith\nType: 2\nAmount: 50\nPeriod: 07/18/2013 - 07/17/2014',3,'member',NULL,NULL,NULL,NULL,NULL,NULL,NULL,NULL,NULL,NULL,NULL,NULL,NULL,NULL,'default',NULL,NULL,0,0),(589,'589',NULL,1,'2020-01-21 10:22:37','2020-01-21 10:22:37',40,'AC_MEMBER_SUBSCRIPTION_CREATE','Subscription 3 for member Vick Smith added','2020-01-21 10:22:37','2021-04-15 10:22:55',12,NULL,NULL,NULL,NULL,0,12,0,NULL,0,0,-1,'',NULL,NULL,'Author: admin\nSubscription 3 for member Vick Smith added\nMember: Vick Smith\nType: 2\nAmount: 50\nPeriod: 07/18/2017 - 07/17/2018',4,'member',NULL,NULL,NULL,NULL,NULL,NULL,NULL,NULL,NULL,NULL,NULL,NULL,NULL,NULL,'default',NULL,NULL,0,0),(590,'590',NULL,1,'2020-01-21 10:23:17','2020-01-21 10:23:17',40,'AC_MEMBER_SUBSCRIPTION_CREATE','Subscription 4 for member Vick Smith added','2020-01-21 10:23:17','2021-04-15 10:22:55',12,NULL,NULL,NULL,NULL,0,12,0,NULL,0,0,-1,'',NULL,NULL,'Author: admin\nSubscription 4 for member Vick Smith added\nMember: Vick Smith\nType: 2\nAmount: 50\nPeriod: 07/18/2017 - 07/17/2018',2,'member',NULL,NULL,NULL,NULL,NULL,NULL,NULL,NULL,NULL,NULL,NULL,NULL,NULL,NULL,'default',NULL,NULL,0,0),(591,'591',NULL,1,'2020-01-21 10:23:17','2020-01-21 10:23:17',40,'AC_BILL_VALIDATE','Invoice FA1707-0026 validated','2020-01-21 10:23:17','2021-04-15 10:22:55',12,NULL,NULL,12,NULL,0,12,0,NULL,0,0,-1,'',NULL,NULL,'Author: admin\nInvoice FA1707-0026 validated',229,'invoice',NULL,NULL,NULL,NULL,NULL,NULL,NULL,NULL,NULL,NULL,NULL,NULL,NULL,NULL,'default',NULL,NULL,0,0),(592,'592',NULL,1,'2020-01-21 10:23:17','2020-01-21 10:23:17',40,'AC_BILL_PAYED','Invoice FA1707-0026 changed to paid','2020-01-21 10:23:17','2021-04-15 10:22:55',12,NULL,NULL,12,NULL,0,12,0,NULL,0,0,-1,'',NULL,NULL,'Author: admin\nInvoice FA1707-0026 changed to paid',229,'invoice',NULL,NULL,NULL,NULL,NULL,NULL,NULL,NULL,NULL,NULL,NULL,NULL,NULL,NULL,'default',NULL,NULL,0,0),(593,'593',NULL,1,'2020-01-21 10:23:28','2020-01-21 10:23:28',40,'AC_MEMBER_SUBSCRIPTION_CREATE','Subscription 5 for member Vick Smith added','2020-01-21 10:23:28','2021-04-15 10:22:55',12,NULL,NULL,NULL,NULL,0,12,0,NULL,0,0,-1,'',NULL,NULL,'Author: admin\nSubscription 5 for member Vick Smith added\nMember: Vick Smith\nType: 2\nAmount: 50\nPeriod: 07/18/2018 - 07/17/2019',2,'member',NULL,NULL,NULL,NULL,NULL,NULL,NULL,NULL,NULL,NULL,NULL,NULL,NULL,NULL,'default',NULL,NULL,0,0),(594,'594',NULL,1,'2020-01-21 10:23:28','2020-01-21 10:23:28',40,'AC_BILL_VALIDATE','Invoice FA1807-0027 validated','2020-01-21 10:23:28','2021-04-15 10:22:55',12,NULL,NULL,12,NULL,0,12,0,NULL,0,0,-1,'',NULL,NULL,'Author: admin\nInvoice FA1807-0027 validated',230,'invoice',NULL,NULL,NULL,NULL,NULL,NULL,NULL,NULL,NULL,NULL,NULL,NULL,NULL,NULL,'default',NULL,NULL,0,0),(595,'595',NULL,1,'2020-01-21 10:23:28','2020-01-21 10:23:28',40,'AC_BILL_PAYED','Invoice FA1807-0027 changed to paid','2020-01-21 10:23:28','2021-04-15 10:22:55',12,NULL,NULL,12,NULL,0,12,0,NULL,0,0,-1,'',NULL,NULL,'Author: admin\nInvoice FA1807-0027 changed to paid',230,'invoice',NULL,NULL,NULL,NULL,NULL,NULL,NULL,NULL,NULL,NULL,NULL,NULL,NULL,NULL,'default',NULL,NULL,0,0),(596,'596',NULL,1,'2020-01-21 10:23:49','2020-01-21 10:23:49',40,'AC_MEMBER_SUBSCRIPTION_CREATE','Subscription 6 for member Vick Smith added','2020-01-21 10:23:49','2021-04-15 10:22:55',12,NULL,NULL,NULL,NULL,0,12,0,NULL,0,0,-1,'',NULL,NULL,'Author: admin\nSubscription 6 for member Vick Smith added\nMember: Vick Smith\nType: 2\nAmount: 50\nPeriod: 07/18/2019 - 07/17/2020',2,'member',NULL,NULL,NULL,NULL,NULL,NULL,NULL,NULL,NULL,NULL,NULL,NULL,NULL,NULL,'default',NULL,NULL,0,0),(597,'597',NULL,1,'2020-01-21 10:23:49','2020-01-21 10:23:49',40,'AC_BILL_VALIDATE','Invoice FA1907-0028 validated','2020-01-21 10:23:49','2021-04-15 10:22:55',12,NULL,NULL,12,NULL,0,12,0,NULL,0,0,-1,'',NULL,NULL,'Author: admin\nInvoice FA1907-0028 validated',231,'invoice',NULL,NULL,NULL,NULL,NULL,NULL,NULL,NULL,NULL,NULL,NULL,NULL,NULL,NULL,'default',NULL,NULL,0,0),(598,'598',NULL,1,'2020-01-21 10:23:49','2020-01-21 10:23:49',40,'AC_BILL_PAYED','Invoice FA1907-0028 changed to paid','2020-01-21 10:23:49','2021-04-15 10:22:55',12,NULL,NULL,12,NULL,0,12,0,NULL,0,0,-1,'',NULL,NULL,'Author: admin\nInvoice FA1907-0028 changed to paid',231,'invoice',NULL,NULL,NULL,NULL,NULL,NULL,NULL,NULL,NULL,NULL,NULL,NULL,NULL,NULL,'default',NULL,NULL,0,0),(599,'599',NULL,1,'2020-01-21 10:30:27','2020-01-21 10:30:27',40,'AC_MEMBER_MODIFY','Member Pierre Curie modified','2020-01-21 10:30:27','2021-04-15 10:22:55',12,NULL,NULL,12,NULL,0,12,0,NULL,0,0,-1,'',NULL,NULL,'Author: admin\nMember Pierre Curie modified\nMember: Pierre Curie\nType: Standard members',2,'member',NULL,NULL,NULL,NULL,NULL,NULL,NULL,NULL,NULL,NULL,NULL,NULL,NULL,NULL,'default',NULL,NULL,0,0),(600,'600',NULL,1,'2020-01-21 10:30:36','2020-01-21 10:30:36',40,'AC_MEMBER_MODIFY','Member doe john modified','2020-01-21 10:30:36','2021-04-15 10:22:55',12,NULL,NULL,NULL,NULL,0,12,0,NULL,0,0,-1,'',NULL,NULL,'Author: admin\nMember doe john modified\nMember: doe john\nType: Standard members',3,'member',NULL,NULL,NULL,NULL,NULL,NULL,NULL,NULL,NULL,NULL,NULL,NULL,NULL,NULL,'default',NULL,NULL,0,0),(601,'601',NULL,1,'2020-01-21 10:30:42','2020-01-21 10:30:42',40,'AC_MEMBER_MODIFY','Member smith smith modified','2020-01-21 10:30:42','2021-04-15 10:22:55',12,NULL,NULL,NULL,NULL,0,12,0,NULL,0,0,-1,'',NULL,NULL,'Author: admin\nMember smith smith modified\nMember: smith smith\nType: Standard members',4,'member',NULL,NULL,NULL,NULL,NULL,NULL,NULL,NULL,NULL,NULL,NULL,NULL,NULL,NULL,'default',NULL,NULL,0,0),(602,'602',NULL,1,'2020-01-21 10:30:57','2020-01-21 10:30:57',40,'AC_MEMBER_MODIFY','Member Vick Smith modified','2020-01-21 10:30:57','2021-04-15 10:22:55',12,NULL,NULL,10,NULL,0,12,0,NULL,0,0,-1,'',NULL,NULL,'Author: admin\nMember Vick Smith modified\nMember: Vick Smith\nType: Standard members',1,'member',NULL,NULL,NULL,NULL,NULL,NULL,NULL,NULL,NULL,NULL,NULL,NULL,NULL,NULL,'default',NULL,NULL,0,0),(603,'603',NULL,1,'2020-06-12 10:00:00','2020-06-12 11:30:00',5,'AC_RDV','Meetings','2020-06-12 19:26:44','2021-04-15 10:22:55',12,NULL,3,NULL,NULL,0,12,1,NULL,0,0,-1,'Room 24',5400,NULL,'',NULL,NULL,NULL,NULL,NULL,NULL,NULL,NULL,NULL,NULL,NULL,NULL,NULL,NULL,NULL,NULL,'default',NULL,NULL,0,0),(604,'604',NULL,1,'2020-06-01 10:00:00','2020-06-01 10:27:00',1,'AC_TEL','Called Mr X','2020-06-12 19:28:13','2021-04-15 10:22:55',12,12,3,NULL,NULL,0,12,1,NULL,0,0,100,NULL,1620,NULL,'Customer ask another call.',NULL,NULL,NULL,NULL,NULL,NULL,NULL,NULL,NULL,NULL,NULL,NULL,NULL,NULL,NULL,NULL,'default',NULL,NULL,0,0),(605,'605',NULL,1,'2020-04-15 05:00:00','2020-04-15 06:00:00',5,'AC_RDV','Meet A2','2021-04-15 07:36:31','2021-04-15 10:36:31',12,NULL,NULL,NULL,NULL,0,12,1,NULL,0,0,0,'',3600,NULL,'',NULL,NULL,NULL,NULL,NULL,NULL,NULL,NULL,NULL,NULL,NULL,NULL,NULL,NULL,NULL,NULL,'default',NULL,NULL,0,0),(606,'606',NULL,1,'2021-04-15 08:38:02','2021-04-15 08:38:02',40,'AC_PRODUCT_CREATE','Product PRODSER created','2021-04-15 08:38:02','2021-04-15 11:38:02',12,NULL,NULL,NULL,NULL,0,12,0,NULL,0,0,-1,'',NULL,NULL,'Author: admin\nProduct PRODSER created',31,'product',NULL,NULL,NULL,NULL,NULL,NULL,NULL,NULL,NULL,NULL,NULL,NULL,NULL,NULL,'default',NULL,NULL,0,0),(607,'607',NULL,1,'2022-02-07 13:54:11','2022-02-07 13:54:11',40,'AC_BOM_VALIDATE','BOM validated','2022-02-07 13:54:11','2022-02-07 13:54:11',12,NULL,NULL,NULL,NULL,0,12,0,NULL,0,0,-1,'',NULL,NULL,'Author: admin\nBOM validated',7,'bom',NULL,NULL,NULL,NULL,NULL,NULL,NULL,NULL,NULL,NULL,NULL,NULL,NULL,NULL,'default',NULL,NULL,0,0);

--
-- Table structure for table `llx_actioncomm_extrafields`
--

CREATE TABLE `llx_actioncomm_extrafields` (
  `rowid` int(11) NOT NULL AUTO_INCREMENT,
  `tms` timestamp NOT NULL DEFAULT current_timestamp() ON UPDATE current_timestamp(),
  `fk_object` int(11) NOT NULL,
  `import_key` varchar(14) COLLATE utf8_unicode_ci DEFAULT NULL,
  PRIMARY KEY (`rowid`),
  KEY `idx_actioncomm_extrafields` (`fk_object`)
) ENGINE=InnoDB DEFAULT CHARSET=utf8 COLLATE=utf8_unicode_ci;

--
-- Dumping data for table `llx_actioncomm_extrafields`
--


--
-- Table structure for table `llx_actioncomm_reminder`
--

CREATE TABLE `llx_actioncomm_reminder` (
  `rowid` int(11) NOT NULL AUTO_INCREMENT,
  `dateremind` datetime NOT NULL,
  `typeremind` varchar(32) COLLATE utf8_unicode_ci NOT NULL,
  `fk_user` int(11) NOT NULL,
  `offsetvalue` int(11) NOT NULL,
  `offsetunit` varchar(1) COLLATE utf8_unicode_ci NOT NULL,
  `status` int(11) NOT NULL DEFAULT 0,
  `entity` int(11) NOT NULL DEFAULT 1,
  `fk_actioncomm` int(11) NOT NULL,
  `fk_email_template` int(11) DEFAULT NULL,
  `lasterror` varchar(128) COLLATE utf8_unicode_ci DEFAULT NULL,
  PRIMARY KEY (`rowid`),
  UNIQUE KEY `uk_actioncomm_reminder_unique` (`fk_user`,`typeremind`,`offsetvalue`,`offsetunit`,`fk_actioncomm`),
  KEY `idx_actioncomm_reminder_rowid` (`rowid`),
  KEY `idx_actioncomm_reminder_dateremind` (`dateremind`),
  KEY `idx_actioncomm_reminder_fk_user` (`fk_user`),
  KEY `idx_actioncomm_reminder_status` (`status`)
) ENGINE=InnoDB DEFAULT CHARSET=utf8 COLLATE=utf8_unicode_ci;

--
-- Dumping data for table `llx_actioncomm_reminder`
--


--
-- Table structure for table `llx_actioncomm_resources`
--

CREATE TABLE `llx_actioncomm_resources` (
  `rowid` int(11) NOT NULL AUTO_INCREMENT,
  `fk_actioncomm` int(11) NOT NULL,
  `element_type` varchar(50) COLLATE utf8_unicode_ci NOT NULL,
  `fk_element` int(11) NOT NULL,
  `answer_status` varchar(50) COLLATE utf8_unicode_ci DEFAULT NULL,
  `mandatory` smallint(6) DEFAULT NULL,
  `transparency` smallint(6) DEFAULT 1,
  PRIMARY KEY (`rowid`),
  UNIQUE KEY `uk_actioncomm_resources` (`fk_actioncomm`,`element_type`,`fk_element`),
  KEY `idx_actioncomm_resources_fk_element` (`fk_element`)
) ENGINE=InnoDB AUTO_INCREMENT=488 DEFAULT CHARSET=utf8 COLLATE=utf8_unicode_ci;

--
-- Dumping data for table `llx_actioncomm_resources`
--

INSERT INTO `llx_actioncomm_resources` VALUES (1,1,'user',1,NULL,NULL,1),(2,2,'user',1,NULL,NULL,1),(3,3,'user',1,NULL,NULL,1),(4,4,'user',1,NULL,NULL,1),(5,5,'user',1,NULL,NULL,1),(6,6,'user',1,NULL,NULL,1),(7,7,'user',1,NULL,NULL,1),(8,8,'user',1,NULL,NULL,1),(9,9,'user',1,NULL,NULL,1),(10,10,'user',1,NULL,NULL,1),(11,11,'user',1,NULL,NULL,1),(12,12,'user',1,NULL,NULL,1),(13,13,'user',1,NULL,NULL,1),(14,14,'user',1,NULL,NULL,1),(15,15,'user',1,NULL,NULL,1),(16,16,'user',1,NULL,NULL,1),(17,17,'user',1,NULL,NULL,1),(18,18,'user',1,NULL,NULL,1),(19,19,'user',1,NULL,NULL,1),(20,20,'user',1,NULL,NULL,1),(21,21,'user',1,NULL,NULL,1),(22,22,'user',1,NULL,NULL,1),(23,23,'user',1,NULL,NULL,1),(24,24,'user',1,NULL,NULL,1),(25,25,'user',1,NULL,NULL,1),(26,26,'user',1,NULL,NULL,1),(27,27,'user',1,NULL,NULL,1),(28,28,'user',1,NULL,NULL,1),(29,29,'user',1,NULL,NULL,1),(30,30,'user',1,NULL,NULL,1),(31,31,'user',1,NULL,NULL,1),(32,38,'user',1,NULL,NULL,1),(33,40,'user',1,NULL,NULL,1),(34,41,'user',1,NULL,NULL,1),(35,42,'user',1,NULL,NULL,1),(36,43,'user',1,NULL,NULL,1),(37,44,'user',1,NULL,NULL,1),(38,45,'user',1,NULL,NULL,1),(39,46,'user',1,NULL,NULL,1),(40,47,'user',1,NULL,NULL,1),(41,48,'user',1,NULL,NULL,1),(42,49,'user',1,NULL,NULL,1),(43,50,'user',1,NULL,NULL,1),(44,51,'user',1,NULL,NULL,1),(45,52,'user',1,NULL,NULL,1),(46,53,'user',1,NULL,NULL,1),(47,54,'user',1,NULL,NULL,1),(48,55,'user',1,NULL,NULL,1),(49,56,'user',1,NULL,NULL,1),(50,121,'user',3,NULL,NULL,1),(51,122,'user',1,NULL,NULL,1),(52,123,'user',1,NULL,NULL,1),(53,124,'user',1,NULL,NULL,1),(54,125,'user',1,NULL,NULL,1),(55,127,'user',1,NULL,NULL,1),(56,128,'user',1,NULL,NULL,1),(57,129,'user',1,NULL,NULL,1),(58,130,'user',1,NULL,NULL,1),(59,131,'user',1,NULL,NULL,1),(60,132,'user',1,NULL,NULL,1),(61,133,'user',1,NULL,NULL,1),(62,134,'user',1,NULL,NULL,1),(63,135,'user',1,NULL,NULL,1),(64,136,'user',1,NULL,NULL,1),(65,137,'user',1,NULL,NULL,1),(66,138,'user',1,NULL,NULL,1),(67,139,'user',1,NULL,NULL,1),(68,140,'user',1,NULL,NULL,1),(69,141,'user',1,NULL,NULL,1),(70,142,'user',1,NULL,NULL,1),(71,143,'user',1,NULL,NULL,1),(72,144,'user',1,NULL,NULL,1),(73,145,'user',1,NULL,NULL,1),(74,146,'user',1,NULL,NULL,1),(75,147,'user',1,NULL,NULL,1),(76,148,'user',1,NULL,NULL,1),(77,149,'user',1,NULL,NULL,1),(78,150,'user',1,NULL,NULL,1),(79,151,'user',1,NULL,NULL,1),(80,152,'user',1,NULL,NULL,1),(81,203,'user',1,NULL,NULL,1),(82,204,'user',1,NULL,NULL,1),(83,205,'user',1,NULL,NULL,1),(84,206,'user',1,NULL,NULL,1),(85,207,'user',1,NULL,NULL,1),(86,208,'user',1,NULL,NULL,1),(87,209,'user',1,NULL,NULL,1),(88,210,'user',1,NULL,NULL,1),(89,211,'user',1,NULL,NULL,1),(90,212,'user',1,NULL,NULL,1),(91,213,'user',1,NULL,NULL,1),(92,214,'user',1,NULL,NULL,1),(93,215,'user',1,NULL,NULL,1),(94,216,'user',1,NULL,NULL,1),(95,217,'user',1,NULL,NULL,1),(96,218,'user',1,NULL,NULL,1),(97,219,'user',1,NULL,NULL,1),(98,220,'user',1,NULL,NULL,1),(99,221,'user',1,NULL,NULL,1),(100,222,'user',1,NULL,NULL,1),(101,223,'user',1,NULL,NULL,1),(102,224,'user',1,NULL,NULL,1),(103,225,'user',1,NULL,NULL,1),(104,226,'user',1,NULL,NULL,1),(105,227,'user',1,NULL,NULL,1),(106,228,'user',1,NULL,NULL,1),(107,229,'user',1,NULL,NULL,1),(108,230,'user',1,NULL,NULL,1),(109,231,'user',1,NULL,NULL,1),(110,232,'user',12,'0',0,0),(111,233,'user',12,'0',0,0),(112,234,'user',12,'0',0,1),(113,235,'user',12,'0',0,1),(114,236,'user',4,'0',0,0),(115,237,'user',13,'0',0,0),(116,237,'user',16,'0',0,0),(117,237,'user',18,'0',0,0),(118,238,'user',12,'0',0,1),(119,238,'user',3,'0',0,1),(120,238,'user',10,'0',0,1),(121,239,'user',12,'0',0,0),(123,240,'user',12,'0',0,1),(125,242,'user',12,'0',0,0),(126,243,'user',12,'0',0,0),(128,245,'user',12,'0',0,0),(132,249,'user',12,'0',0,0),(133,250,'user',12,'0',0,0),(134,251,'user',12,'0',0,0),(135,252,'user',12,'0',0,0),(136,253,'user',12,'0',0,0),(137,254,'user',12,'0',0,0),(138,255,'user',12,'0',0,0),(139,256,'user',12,'0',0,0),(140,257,'user',12,'0',0,0),(146,263,'user',12,'0',0,0),(147,264,'user',12,'0',0,0),(148,265,'user',12,'0',0,0),(149,266,'user',12,'0',0,0),(150,267,'user',12,'0',0,0),(151,268,'user',12,'0',0,0),(152,269,'user',12,'0',0,0),(153,270,'user',12,'0',0,0),(154,271,'user',12,'0',0,0),(155,272,'user',12,'0',0,0),(156,273,'user',12,'0',0,0),(157,274,'user',12,'0',0,0),(158,275,'user',12,'0',0,0),(160,277,'user',12,'0',0,0),(161,278,'user',12,'0',0,0),(162,279,'user',12,'0',0,0),(164,281,'user',12,'0',0,0),(165,282,'user',12,'0',0,0),(166,283,'user',12,'0',0,0),(167,284,'user',12,'0',0,0),(168,285,'user',12,'0',0,0),(169,286,'user',12,'0',0,0),(170,287,'user',12,'0',0,0),(171,288,'user',12,'0',0,0),(177,294,'user',12,'0',0,0),(178,295,'user',12,'0',0,0),(179,296,'user',12,'0',0,0),(180,297,'user',12,'0',0,0),(181,298,'user',1,'0',0,0),(182,299,'user',2,'0',0,0),(183,300,'user',1,'0',0,0),(184,301,'user',2,'0',0,0),(185,302,'user',2,'0',0,0),(186,303,'user',2,'0',0,0),(187,304,'user',1,'0',0,0),(188,305,'user',2,'0',0,0),(189,306,'user',2,'0',0,0),(190,307,'user',1,'0',0,0),(191,308,'user',1,'0',0,0),(192,309,'user',1,'0',0,0),(193,310,'user',2,'0',0,0),(194,311,'user',2,'0',0,0),(195,312,'user',1,'0',0,0),(196,313,'user',2,'0',0,0),(197,314,'user',1,'0',0,0),(198,315,'user',2,'0',0,0),(199,316,'user',2,'0',0,0),(200,317,'user',2,'0',0,0),(201,318,'user',1,'0',0,0),(202,319,'user',2,'0',0,0),(203,320,'user',12,'0',0,0),(204,321,'user',12,'0',0,0),(205,322,'user',12,'0',0,0),(206,323,'user',12,'0',0,0),(207,324,'user',12,'0',0,0),(208,325,'user',12,'0',0,0),(209,326,'user',12,'0',0,0),(210,327,'user',12,'0',0,0),(211,328,'user',12,'0',0,0),(212,24,'socpeople',2,NULL,NULL,1),(213,235,'socpeople',2,NULL,NULL,1),(214,238,'socpeople',10,NULL,NULL,1),(215,327,'socpeople',12,NULL,NULL,1),(216,329,'user',12,'0',0,0),(217,330,'user',12,'0',0,0),(218,331,'user',12,'0',0,0),(220,333,'user',12,'0',0,0),(222,335,'user',12,'0',0,0),(224,337,'user',12,'0',0,0),(225,338,'user',12,'0',0,0),(226,339,'user',12,'0',0,0),(227,340,'user',12,'0',0,0),(228,341,'user',12,'0',0,0),(229,342,'user',12,'0',0,0),(230,343,'user',12,'0',0,0),(231,344,'user',12,'0',0,0),(232,345,'user',12,'0',0,0),(233,346,'user',12,'0',0,0),(234,347,'user',12,'0',0,0),(235,348,'user',12,'0',0,0),(236,349,'user',12,'0',0,0),(237,350,'user',12,'0',0,0),(238,351,'user',12,'0',0,0),(239,352,'user',12,'0',0,0),(240,353,'user',12,'0',0,0),(241,354,'user',12,'0',0,0),(242,355,'user',12,'0',0,0),(243,356,'user',12,'0',0,0),(244,357,'user',12,'0',0,0),(245,358,'user',12,'0',0,0),(246,359,'user',12,'0',0,0),(247,360,'user',12,'0',0,0),(248,361,'user',12,'0',0,0),(249,362,'user',12,'0',0,0),(250,363,'user',12,'0',0,0),(251,364,'user',12,'0',0,0),(252,365,'user',12,'0',0,0),(253,366,'user',12,'0',0,0),(254,367,'user',12,'0',0,0),(255,368,'user',12,'0',0,0),(256,369,'user',12,'0',0,0),(257,370,'user',12,'0',0,0),(258,371,'user',12,'0',0,0),(259,372,'user',12,'0',0,0),(260,373,'user',12,'0',0,0),(261,374,'user',12,'0',0,0),(262,375,'user',12,'0',0,0),(263,376,'user',12,'0',0,0),(264,377,'user',12,'0',0,0),(265,378,'user',12,'0',0,0),(266,379,'user',12,'0',0,0),(267,380,'user',12,'0',0,0),(268,381,'user',12,'0',0,0),(269,382,'user',12,'0',0,0),(270,383,'user',0,'0',0,0),(271,384,'user',12,'0',0,0),(272,385,'user',12,'0',0,0),(273,386,'user',12,'0',0,0),(274,387,'user',12,'0',0,0),(275,388,'user',12,'0',0,0),(276,389,'user',12,'0',0,0),(277,390,'user',12,'0',0,0),(278,391,'user',12,'0',0,0),(279,392,'user',12,'0',0,0),(280,393,'user',12,'0',0,0),(281,394,'user',12,'0',0,0),(282,395,'user',12,'0',0,0),(283,396,'user',12,'0',0,0),(284,397,'user',12,'0',0,0),(285,398,'user',12,'0',0,0),(286,399,'user',12,'0',0,0),(287,400,'user',12,'0',0,0),(288,401,'user',12,'0',0,0),(289,402,'user',12,'0',0,0),(290,403,'user',12,'0',0,0),(291,404,'user',12,'0',0,0),(292,405,'user',12,'0',0,0),(293,406,'user',12,'0',0,0),(294,407,'user',12,'0',0,0),(295,408,'user',12,'0',0,0),(296,409,'user',12,'0',0,0),(297,410,'user',12,'0',0,0),(298,411,'user',12,'0',0,0),(299,412,'user',12,'0',0,0),(300,413,'user',12,'0',0,0),(301,414,'user',12,'0',0,0),(302,415,'user',12,'0',0,0),(303,416,'user',12,'0',0,0),(304,417,'user',12,'0',0,0),(305,418,'user',12,'0',0,0),(306,419,'user',0,'0',0,0),(307,420,'user',12,'0',0,0),(308,421,'user',12,'0',0,0),(309,422,'user',12,'0',0,0),(310,423,'user',0,'0',0,0),(311,424,'user',12,'0',0,0),(312,425,'user',12,'0',0,0),(313,426,'user',12,'0',0,0),(314,427,'user',12,'0',0,0),(315,428,'user',12,'0',0,0),(316,429,'user',12,'0',0,0),(317,430,'user',12,'0',0,0),(318,431,'user',12,'0',0,0),(319,432,'user',12,'0',0,0),(320,433,'user',12,'0',0,0),(321,434,'user',12,'0',0,0),(322,435,'user',12,'0',0,0),(323,436,'user',12,'0',0,0),(324,437,'user',12,'0',0,0),(325,438,'user',12,'0',0,0),(326,439,'user',12,'0',0,0),(327,440,'user',12,'0',0,0),(328,441,'user',12,'0',0,0),(329,442,'user',12,'0',0,0),(330,443,'user',12,'0',0,0),(331,444,'user',12,'0',0,0),(332,445,'user',12,'0',0,0),(333,446,'user',12,'0',0,0),(334,447,'user',12,'0',0,0),(335,448,'user',12,'0',0,0),(336,449,'user',12,'0',0,0),(337,450,'user',12,'0',0,0),(338,451,'user',12,'0',0,0),(339,452,'user',12,'0',0,0),(340,453,'user',12,'0',0,0),(341,454,'user',12,'0',0,0),(342,455,'user',12,'0',0,0),(343,456,'user',12,'0',0,0),(344,457,'user',12,'0',0,0),(345,458,'user',12,'0',0,0),(346,459,'user',12,'0',0,0),(347,460,'user',12,'0',0,0),(348,461,'user',12,'0',0,0),(349,462,'user',12,'0',0,1),(350,463,'user',12,'0',0,1),(351,463,'user',4,'0',0,1),(352,463,'user',13,'0',0,1),(353,463,'user',2,'0',0,1),(354,464,'user',12,'0',0,0),(355,465,'user',12,'0',0,0),(356,466,'user',12,'0',0,1),(357,467,'user',0,'0',0,0),(358,468,'user',0,'0',0,0),(359,469,'user',0,'0',0,0),(360,470,'user',0,'0',0,0),(361,471,'user',0,'0',0,0),(362,483,'user',12,'0',0,0),(363,484,'user',12,'0',0,0),(364,485,'user',12,'0',0,0),(365,486,'user',12,'0',0,0),(366,487,'user',12,'0',0,0),(367,488,'user',12,'0',0,0),(368,489,'user',12,'0',0,0),(369,490,'user',12,'0',0,0),(370,491,'user',12,'0',0,0),(371,492,'user',12,'0',0,0),(372,493,'user',12,'0',0,0),(373,494,'user',12,'0',0,0),(374,495,'user',12,'0',0,0),(375,496,'user',12,'0',0,0),(376,497,'user',12,'0',0,0),(377,498,'user',12,'0',0,0),(378,499,'user',12,'0',0,0),(379,500,'user',12,'0',0,0),(380,501,'user',12,'0',0,0),(381,502,'user',12,'0',0,0),(382,503,'user',12,'0',0,0),(383,504,'user',12,'0',0,0),(384,505,'user',12,'0',0,0),(385,506,'user',12,'0',0,0),(386,507,'user',12,'0',0,0),(387,508,'user',12,'0',0,0),(388,509,'user',12,'0',0,0),(390,511,'user',12,'0',0,0),(391,512,'user',12,'0',0,0),(392,513,'user',12,'0',0,0),(393,514,'user',12,'0',0,0),(394,515,'user',12,'0',0,0),(395,516,'user',12,'0',0,0),(396,517,'user',12,'0',0,0),(397,518,'user',12,'0',0,0),(398,519,'user',12,'0',0,0),(399,520,'user',12,'0',0,0),(400,521,'user',12,'0',0,0),(401,522,'user',12,'0',0,0),(402,523,'user',12,'0',0,0),(403,524,'user',12,'0',0,0),(404,525,'user',12,'0',0,0),(405,526,'user',12,'0',0,0),(406,527,'user',12,'0',0,0),(407,528,'user',12,'0',0,0),(408,529,'user',12,'0',0,0),(409,530,'user',12,'0',0,0),(410,531,'user',12,'0',0,0),(411,532,'user',12,'0',0,0),(412,533,'user',12,'0',0,0),(413,534,'user',12,'0',0,0),(414,535,'user',12,'0',0,0),(415,536,'user',12,'0',0,0),(416,537,'user',12,'0',0,0),(417,538,'user',12,'0',0,0),(418,539,'user',12,'0',0,0),(419,540,'user',12,'0',0,0),(420,541,'user',12,'0',0,0),(421,542,'user',12,'0',0,0),(422,543,'user',12,'0',0,0),(423,544,'user',12,'0',0,0),(424,545,'user',12,'0',0,0),(425,546,'user',12,'0',0,0),(426,547,'user',12,'0',0,0),(427,548,'user',12,'0',0,0),(428,549,'user',12,'0',0,0),(429,550,'user',12,'0',0,0),(430,551,'user',12,'0',0,0),(431,552,'user',12,'0',0,0),(432,553,'user',12,'0',0,0),(433,554,'user',12,'0',0,0),(434,555,'user',12,'0',0,0),(435,556,'user',12,'0',0,0),(436,557,'user',12,'0',0,0),(437,558,'user',12,'0',0,0),(438,559,'user',12,'0',0,0),(439,560,'user',12,'0',0,0),(440,561,'user',12,'0',0,0),(441,562,'user',12,'0',0,0),(442,563,'user',12,'0',0,0),(443,564,'user',12,'0',0,0),(444,565,'user',12,'0',0,0),(445,566,'user',12,'0',0,0),(446,567,'user',12,'0',0,0),(447,568,'user',12,'0',0,0),(448,569,'user',12,'0',0,0),(449,570,'user',12,'0',0,0),(450,571,'user',12,'0',0,0),(451,572,'user',12,'0',0,0),(452,573,'user',12,'0',0,0),(453,574,'user',12,'0',0,0),(454,575,'user',12,'0',0,0),(455,576,'user',12,'0',0,0),(456,577,'user',12,'0',0,0),(457,578,'user',12,'0',0,0),(458,579,'user',12,'0',0,0),(459,580,'user',12,'0',0,0),(460,581,'user',12,'0',0,0),(461,582,'user',12,'0',0,0),(462,583,'user',12,'0',0,0),(463,584,'user',12,'0',0,0),(464,585,'user',12,'0',0,0),(465,586,'user',12,'0',0,0),(467,588,'user',12,'0',0,0),(468,589,'user',12,'0',0,0),(469,590,'user',12,'0',0,0),(470,591,'user',12,'0',0,0),(471,592,'user',12,'0',0,0),(472,593,'user',12,'0',0,0),(473,594,'user',12,'0',0,0),(474,595,'user',12,'0',0,0),(475,596,'user',12,'0',0,0),(476,597,'user',12,'0',0,0),(477,598,'user',12,'0',0,0),(478,599,'user',12,'0',0,0),(479,600,'user',12,'0',0,0),(480,601,'user',12,'0',0,0),(481,602,'user',12,'0',0,0),(482,603,'user',12,'0',0,1),(484,604,'user',12,'0',0,1),(485,605,'user',12,'0',0,1),(486,606,'user',12,'0',0,0),(487,607,'user',12,'0',0,0);

--
-- Table structure for table `llx_adherent`
--

CREATE TABLE `llx_adherent` (
  `rowid` int(11) NOT NULL AUTO_INCREMENT,
  `ref` varchar(30) COLLATE utf8_unicode_ci NOT NULL,
  `entity` int(11) NOT NULL DEFAULT 1,
  `ref_ext` varchar(128) COLLATE utf8_unicode_ci DEFAULT NULL,
  `civility` varchar(6) COLLATE utf8_unicode_ci DEFAULT NULL,
  `lastname` varchar(50) COLLATE utf8_unicode_ci DEFAULT NULL,
  `firstname` varchar(50) COLLATE utf8_unicode_ci DEFAULT NULL,
  `login` varchar(50) COLLATE utf8_unicode_ci DEFAULT NULL,
  `pass` varchar(50) COLLATE utf8_unicode_ci DEFAULT NULL,
  `pass_crypted` varchar(128) COLLATE utf8_unicode_ci DEFAULT NULL,
  `fk_adherent_type` int(11) NOT NULL,
  `morphy` varchar(3) COLLATE utf8_unicode_ci NOT NULL,
  `societe` varchar(128) COLLATE utf8_unicode_ci DEFAULT NULL,
  `fk_soc` int(11) DEFAULT NULL,
  `address` text COLLATE utf8_unicode_ci DEFAULT NULL,
  `zip` varchar(10) COLLATE utf8_unicode_ci DEFAULT NULL,
  `town` varchar(50) COLLATE utf8_unicode_ci DEFAULT NULL,
  `state_id` int(11) DEFAULT NULL,
  `country` int(11) DEFAULT NULL,
  `email` varchar(255) COLLATE utf8_unicode_ci DEFAULT NULL,
  `url` varchar(255) COLLATE utf8_unicode_ci DEFAULT NULL,
  `socialnetworks` text COLLATE utf8_unicode_ci DEFAULT NULL,
  `phone` varchar(30) COLLATE utf8_unicode_ci DEFAULT NULL,
  `phone_perso` varchar(30) COLLATE utf8_unicode_ci DEFAULT NULL,
  `phone_mobile` varchar(30) COLLATE utf8_unicode_ci DEFAULT NULL,
  `birth` date DEFAULT NULL,
  `photo` varchar(255) COLLATE utf8_unicode_ci DEFAULT NULL,
  `statut` smallint(6) NOT NULL DEFAULT 0,
  `public` smallint(6) NOT NULL DEFAULT 0,
  `datefin` datetime DEFAULT NULL,
  `note_private` text COLLATE utf8_unicode_ci DEFAULT NULL,
  `note_public` text COLLATE utf8_unicode_ci DEFAULT NULL,
  `datevalid` datetime DEFAULT NULL,
  `datec` datetime DEFAULT NULL,
  `tms` timestamp NOT NULL DEFAULT current_timestamp() ON UPDATE current_timestamp(),
  `fk_user_author` int(11) DEFAULT NULL,
  `fk_user_mod` int(11) DEFAULT NULL,
  `fk_user_valid` int(11) DEFAULT NULL,
  `canvas` varchar(32) COLLATE utf8_unicode_ci DEFAULT NULL,
  `import_key` varchar(14) COLLATE utf8_unicode_ci DEFAULT NULL,
  `model_pdf` varchar(255) COLLATE utf8_unicode_ci DEFAULT NULL,
  `gender` varchar(10) COLLATE utf8_unicode_ci DEFAULT NULL,
  PRIMARY KEY (`rowid`),
  UNIQUE KEY `uk_adherent_ref` (`ref`,`entity`),
  UNIQUE KEY `uk_adherent_login` (`login`,`entity`),
  UNIQUE KEY `uk_adherent_fk_soc` (`fk_soc`),
  KEY `idx_adherent_fk_adherent_type` (`fk_adherent_type`),
  CONSTRAINT `adherent_fk_soc` FOREIGN KEY (`fk_soc`) REFERENCES `llx_societe` (`rowid`),
  CONSTRAINT `fk_adherent_adherent_type` FOREIGN KEY (`fk_adherent_type`) REFERENCES `llx_adherent_type` (`rowid`)
) ENGINE=InnoDB AUTO_INCREMENT=13 DEFAULT CHARSET=utf8 COLLATE=utf8_unicode_ci;

--
-- Dumping data for table `llx_adherent`
--

INSERT INTO `llx_adherent` VALUES (1,'1',1,NULL,NULL,'Smith','Vick','vsmith','vsx1n8tf',NULL,2,'phy',NULL,10,NULL,NULL,NULL,NULL,102,'vsmith@email.com',NULL,'[]',NULL,NULL,NULL,'1960-07-07','person5.jpeg',0,0,'2014-07-09 00:00:00',NULL,NULL,'2012-07-10 15:12:56','2012-07-08 23:50:00','2021-04-15 10:22:54',1,12,12,NULL,NULL,NULL,'woman'),(2,'2',1,NULL,NULL,'Curie','Pierre','pcurie','pcuriedolibarr',NULL,2,'phy',NULL,12,NULL,NULL,NULL,NULL,NULL,'pcurie@example.com',NULL,'[]',NULL,NULL,NULL,NULL,'pierrecurie.jpg',1,1,'2020-07-17 00:00:00',NULL,NULL,'2012-07-10 15:03:32','2012-07-10 15:03:09','2021-04-15 10:22:54',1,12,1,NULL,NULL,NULL,NULL),(3,'3',1,NULL,NULL,'john','doe','john','8bs6gty5',NULL,2,'phy',NULL,NULL,NULL,NULL,NULL,NULL,1,'johndoe@email.com',NULL,'[]',NULL,NULL,NULL,NULL,'person9.jpeg',1,0,'2014-07-17 00:00:00',NULL,NULL,'2013-07-18 21:28:00','2013-07-18 21:10:09','2021-04-15 10:22:54',1,12,1,NULL,NULL,NULL,NULL),(4,'4',1,NULL,NULL,'smith','smith','Smith','s6hjp10f',NULL,2,'phy',NULL,NULL,NULL,NULL,NULL,NULL,11,'smith@email.com',NULL,'[]',NULL,NULL,NULL,NULL,'person2.jpeg',1,0,'2018-07-17 00:00:00',NULL,NULL,'2013-07-18 21:27:52','2013-07-18 21:27:44','2021-04-15 10:22:54',1,12,1,NULL,NULL,NULL,NULL);

--
-- Table structure for table `llx_adherent_extrafields`
--

CREATE TABLE `llx_adherent_extrafields` (
  `rowid` int(11) NOT NULL AUTO_INCREMENT,
  `tms` timestamp NOT NULL DEFAULT current_timestamp() ON UPDATE current_timestamp(),
  `fk_object` int(11) NOT NULL,
  `aaa` varchar(255) COLLATE utf8_unicode_ci DEFAULT NULL,
  `sssss` varchar(255) COLLATE utf8_unicode_ci DEFAULT NULL,
  `import_key` varchar(14) COLLATE utf8_unicode_ci DEFAULT NULL,
  `extradatamember` varchar(10) COLLATE utf8_unicode_ci DEFAULT NULL,
  PRIMARY KEY (`rowid`),
  KEY `idx_adherent_options` (`fk_object`),
  KEY `idx_adherent_extrafields` (`fk_object`)
) ENGINE=InnoDB AUTO_INCREMENT=80 DEFAULT CHARSET=utf8 COLLATE=utf8_unicode_ci;

--
-- Dumping data for table `llx_adherent_extrafields`
--

INSERT INTO `llx_adherent_extrafields` VALUES (76,'2020-01-21 09:30:27',2,NULL,NULL,NULL,NULL),(77,'2020-01-21 09:30:36',3,NULL,NULL,NULL,NULL),(78,'2020-01-21 09:30:42',4,NULL,NULL,NULL,NULL),(79,'2020-01-21 09:30:57',1,NULL,NULL,NULL,NULL);

--
-- Table structure for table `llx_adherent_type`
--

CREATE TABLE `llx_adherent_type` (
  `rowid` int(11) NOT NULL AUTO_INCREMENT,
  `entity` int(11) NOT NULL DEFAULT 1,
  `tms` timestamp NOT NULL DEFAULT current_timestamp() ON UPDATE current_timestamp(),
  `statut` smallint(6) NOT NULL DEFAULT 0,
  `libelle` varchar(50) COLLATE utf8_unicode_ci NOT NULL,
  `subscription` varchar(3) COLLATE utf8_unicode_ci NOT NULL DEFAULT '1',
  `amount` double(24,8) DEFAULT NULL,
  `vote` varchar(3) COLLATE utf8_unicode_ci NOT NULL DEFAULT '1',
  `note` text COLLATE utf8_unicode_ci DEFAULT NULL,
  `mail_valid` text COLLATE utf8_unicode_ci DEFAULT NULL,
  `morphy` varchar(3) COLLATE utf8_unicode_ci DEFAULT NULL,
  `duration` varchar(6) COLLATE utf8_unicode_ci DEFAULT NULL,
  PRIMARY KEY (`rowid`),
  UNIQUE KEY `uk_adherent_type_libelle` (`libelle`,`entity`)
) ENGINE=InnoDB AUTO_INCREMENT=3 DEFAULT CHARSET=utf8 COLLATE=utf8_unicode_ci;

--
-- Dumping data for table `llx_adherent_type`
--

INSERT INTO `llx_adherent_type` VALUES (1,1,'2020-06-12 17:20:50',1,'Board members','1',NULL,'1','','','','1y'),(2,1,'2020-06-12 17:21:21',1,'Standard members','1',NULL,'1','','','','y');

--
-- Table structure for table `llx_adherent_type_extrafields`
--

CREATE TABLE `llx_adherent_type_extrafields` (
  `rowid` int(11) NOT NULL AUTO_INCREMENT,
  `tms` timestamp NOT NULL DEFAULT current_timestamp() ON UPDATE current_timestamp(),
  `fk_object` int(11) NOT NULL,
  `import_key` varchar(14) COLLATE utf8_unicode_ci DEFAULT NULL,
  `extradatamembertype` varchar(32) COLLATE utf8_unicode_ci DEFAULT NULL,
  PRIMARY KEY (`rowid`),
  KEY `idx_adherent_type_extrafields` (`fk_object`)
) ENGINE=InnoDB AUTO_INCREMENT=5 DEFAULT CHARSET=utf8 COLLATE=utf8_unicode_ci;

--
-- Dumping data for table `llx_adherent_type_extrafields`
--

INSERT INTO `llx_adherent_type_extrafields` VALUES (2,'2020-06-12 17:20:50',1,NULL,NULL),(4,'2020-06-12 17:21:21',2,NULL,NULL);

--
-- Table structure for table `llx_adherent_type_lang`
--

CREATE TABLE `llx_adherent_type_lang` (
  `rowid` int(11) NOT NULL AUTO_INCREMENT,
  `fk_type` int(11) NOT NULL DEFAULT 0,
  `lang` varchar(5) COLLATE utf8_unicode_ci NOT NULL DEFAULT '0',
  `label` varchar(255) COLLATE utf8_unicode_ci NOT NULL,
  `description` text COLLATE utf8_unicode_ci DEFAULT NULL,
  `email` text COLLATE utf8_unicode_ci DEFAULT NULL,
  `import_key` varchar(14) COLLATE utf8_unicode_ci DEFAULT NULL,
  PRIMARY KEY (`rowid`)
) ENGINE=InnoDB AUTO_INCREMENT=3 DEFAULT CHARSET=utf8 COLLATE=utf8_unicode_ci;

--
-- Dumping data for table `llx_adherent_type_lang`
--

INSERT INTO `llx_adherent_type_lang` VALUES (1,2,'en_US','Standard members','',NULL,NULL),(2,1,'en_US','Board members','',NULL,NULL);

--
-- Table structure for table `llx_advtargetemailing`
--

CREATE TABLE `llx_advtargetemailing` (
  `rowid` int(11) NOT NULL AUTO_INCREMENT,
  `name` varchar(200) COLLATE utf8_unicode_ci NOT NULL,
  `entity` int(11) NOT NULL DEFAULT 1,
  `filtervalue` text COLLATE utf8_unicode_ci DEFAULT NULL,
  `fk_user_author` int(11) NOT NULL,
  `datec` datetime NOT NULL,
  `fk_user_mod` int(11) NOT NULL,
  `tms` timestamp NOT NULL DEFAULT current_timestamp() ON UPDATE current_timestamp(),
  `fk_element` int(11) NOT NULL,
  `type_element` varchar(180) COLLATE utf8_unicode_ci NOT NULL,
  PRIMARY KEY (`rowid`),
  UNIQUE KEY `uk_advtargetemailing_name` (`name`)
) ENGINE=InnoDB DEFAULT CHARSET=utf8 COLLATE=utf8_unicode_ci;

--
-- Dumping data for table `llx_advtargetemailing`
--


--
-- Table structure for table `llx_asset`
--

CREATE TABLE `llx_asset` (
  `rowid` int(11) NOT NULL AUTO_INCREMENT,
  `ref` varchar(128) COLLATE utf8_unicode_ci NOT NULL,
  `entity` int(11) NOT NULL DEFAULT 1,
  `label` varchar(255) COLLATE utf8_unicode_ci DEFAULT NULL,
  `amount_ht` double(24,8) DEFAULT NULL,
  `fk_asset_type` int(11) NOT NULL,
  `fk_soc` int(11) DEFAULT NULL,
  `description` mediumtext COLLATE utf8_unicode_ci DEFAULT NULL,
  `note_public` mediumtext COLLATE utf8_unicode_ci DEFAULT NULL,
  `note_private` mediumtext COLLATE utf8_unicode_ci DEFAULT NULL,
  `date_creation` datetime NOT NULL,
  `tms` timestamp NOT NULL DEFAULT current_timestamp() ON UPDATE current_timestamp(),
  `fk_user_creat` int(11) NOT NULL,
  `fk_user_modif` int(11) DEFAULT NULL,
  `import_key` varchar(14) COLLATE utf8_unicode_ci DEFAULT NULL,
  `status` int(11) NOT NULL,
  `amount_vat` double(24,8) DEFAULT NULL,
  PRIMARY KEY (`rowid`),
  KEY `idx_asset_rowid` (`rowid`),
  KEY `idx_asset_ref` (`ref`),
  KEY `idx_asset_entity` (`entity`),
  KEY `idx_asset_fk_soc` (`fk_soc`),
  KEY `idx_asset_fk_asset_type` (`fk_asset_type`),
  CONSTRAINT `fk_asset_asset_type` FOREIGN KEY (`fk_asset_type`) REFERENCES `llx_asset_type` (`rowid`)
) ENGINE=InnoDB DEFAULT CHARSET=utf8 COLLATE=utf8_unicode_ci;

--
-- Dumping data for table `llx_asset`
--


--
-- Table structure for table `llx_asset_extrafields`
--

CREATE TABLE `llx_asset_extrafields` (
  `rowid` int(11) NOT NULL AUTO_INCREMENT,
  `tms` timestamp NOT NULL DEFAULT current_timestamp() ON UPDATE current_timestamp(),
  `fk_object` int(11) NOT NULL,
  `import_key` varchar(14) COLLATE utf8_unicode_ci DEFAULT NULL,
  PRIMARY KEY (`rowid`),
  KEY `idx_asset_extrafields` (`fk_object`)
) ENGINE=InnoDB DEFAULT CHARSET=utf8 COLLATE=utf8_unicode_ci;

--
-- Dumping data for table `llx_asset_extrafields`
--


--
-- Table structure for table `llx_asset_type`
--

CREATE TABLE `llx_asset_type` (
  `rowid` int(11) NOT NULL AUTO_INCREMENT,
  `entity` int(11) NOT NULL DEFAULT 1,
  `tms` timestamp NOT NULL DEFAULT current_timestamp() ON UPDATE current_timestamp(),
  `label` varchar(50) COLLATE utf8_unicode_ci NOT NULL,
  `accountancy_code_asset` varchar(32) COLLATE utf8_unicode_ci DEFAULT NULL,
  `accountancy_code_depreciation_asset` varchar(32) COLLATE utf8_unicode_ci DEFAULT NULL,
  `accountancy_code_depreciation_expense` varchar(32) COLLATE utf8_unicode_ci DEFAULT NULL,
  `note` mediumtext COLLATE utf8_unicode_ci DEFAULT NULL,
  PRIMARY KEY (`rowid`),
  UNIQUE KEY `uk_asset_type_label` (`label`,`entity`)
) ENGINE=InnoDB DEFAULT CHARSET=utf8 COLLATE=utf8_unicode_ci;

--
-- Dumping data for table `llx_asset_type`
--


--
-- Table structure for table `llx_asset_type_extrafields`
--

CREATE TABLE `llx_asset_type_extrafields` (
  `rowid` int(11) NOT NULL AUTO_INCREMENT,
  `tms` timestamp NOT NULL DEFAULT current_timestamp() ON UPDATE current_timestamp(),
  `fk_object` int(11) NOT NULL,
  `import_key` varchar(14) COLLATE utf8_unicode_ci DEFAULT NULL,
  PRIMARY KEY (`rowid`),
  KEY `idx_asset_type_extrafields` (`fk_object`)
) ENGINE=InnoDB DEFAULT CHARSET=utf8 COLLATE=utf8_unicode_ci;

--
-- Dumping data for table `llx_asset_type_extrafields`
--


--
-- Table structure for table `llx_bank`
--

CREATE TABLE `llx_bank` (
  `rowid` int(11) NOT NULL AUTO_INCREMENT,
  `datec` datetime DEFAULT NULL,
  `tms` timestamp NOT NULL DEFAULT current_timestamp() ON UPDATE current_timestamp(),
  `datev` date DEFAULT NULL,
  `dateo` date DEFAULT NULL,
  `amount` double(24,8) NOT NULL DEFAULT 0.00000000,
  `label` varchar(255) COLLATE utf8_unicode_ci DEFAULT NULL,
  `fk_account` int(11) DEFAULT NULL,
  `fk_user_author` int(11) DEFAULT NULL,
  `fk_user_rappro` int(11) DEFAULT NULL,
  `fk_type` varchar(6) COLLATE utf8_unicode_ci DEFAULT NULL,
  `num_releve` varchar(50) COLLATE utf8_unicode_ci DEFAULT NULL,
  `num_chq` varchar(50) COLLATE utf8_unicode_ci DEFAULT NULL,
  `rappro` tinyint(4) DEFAULT 0,
  `note` text COLLATE utf8_unicode_ci DEFAULT NULL,
  `fk_bordereau` int(11) DEFAULT 0,
  `banque` varchar(255) COLLATE utf8_unicode_ci DEFAULT NULL,
  `emetteur` varchar(255) COLLATE utf8_unicode_ci DEFAULT NULL,
  `author` varchar(40) COLLATE utf8_unicode_ci DEFAULT NULL,
  `numero_compte` varchar(32) COLLATE utf8_unicode_ci DEFAULT NULL,
  `origin_id` int(11) DEFAULT NULL,
  `origin_type` varchar(64) COLLATE utf8_unicode_ci DEFAULT NULL,
  `import_key` varchar(14) COLLATE utf8_unicode_ci DEFAULT NULL,
  PRIMARY KEY (`rowid`),
  KEY `idx_bank_datev` (`datev`),
  KEY `idx_bank_dateo` (`dateo`),
  KEY `idx_bank_fk_account` (`fk_account`),
  KEY `idx_bank_rappro` (`rappro`),
  KEY `idx_bank_num_releve` (`num_releve`)
) ENGINE=InnoDB AUTO_INCREMENT=56 DEFAULT CHARSET=utf8 COLLATE=utf8_unicode_ci;

--
-- Dumping data for table `llx_bank`
--

INSERT INTO `llx_bank` VALUES (1,'2012-07-08 23:56:14','2021-07-11 17:49:28','2021-07-08','2021-07-08',2000.00000000,'(Initial balance)',1,NULL,1,'SOLD','201210',NULL,1,NULL,0,NULL,NULL,NULL,NULL,NULL,NULL,NULL),(2,'2012-07-09 00:00:24','2021-07-11 17:49:28','2021-07-09','2021-07-09',500.00000000,'(Initial balance)',2,NULL,NULL,'SOLD',NULL,NULL,0,NULL,0,NULL,NULL,NULL,NULL,NULL,NULL,NULL),(3,'2012-07-10 13:33:42','2021-07-11 17:49:28','2021-07-10','2021-07-10',0.00000000,'(Solde initial)',3,NULL,NULL,'SOLD',NULL,NULL,0,NULL,0,NULL,NULL,NULL,NULL,NULL,NULL,NULL),(5,'2013-07-18 20:50:24','2021-07-11 17:49:28','2021-07-08','2021-07-08',20.00000000,'(CustomerInvoicePayment)',1,1,NULL,'CB','201107',NULL,1,NULL,0,NULL,NULL,NULL,NULL,NULL,NULL,NULL),(6,'2013-07-18 20:50:47','2021-07-11 17:49:28','2021-07-08','2021-07-08',10.00000000,'(CustomerInvoicePayment)',3,1,NULL,'LIQ',NULL,NULL,0,NULL,0,NULL,NULL,NULL,NULL,NULL,NULL,NULL),(8,'2013-08-01 03:34:11','2022-02-07 13:37:54','2021-08-15','2021-08-01',5.63000000,'(CustomerInvoicePayment)',1,1,1,'CB','201210',NULL,1,NULL,0,NULL,NULL,NULL,NULL,NULL,NULL,NULL),(12,'2013-08-05 23:11:37','2022-02-07 13:37:54','2021-08-12','2021-08-05',-10.00000000,'(SocialContributionPayment)',1,1,1,'VIR','201210',NULL,1,NULL,0,NULL,NULL,NULL,NULL,NULL,NULL,NULL),(13,'2013-08-06 20:33:54','2022-02-07 13:37:54','2021-08-06','2021-08-06',5.98000000,'(CustomerInvoicePayment)',3,1,NULL,'LIQ',NULL,NULL,0,NULL,0,NULL,NULL,NULL,NULL,NULL,NULL,NULL),(14,'2013-08-08 02:53:40','2022-02-07 13:37:54','2021-08-08','2021-08-08',26.10000000,'(CustomerInvoicePayment)',3,1,NULL,'LIQ',NULL,NULL,0,NULL,0,NULL,NULL,NULL,NULL,NULL,NULL,NULL),(15,'2013-08-08 02:55:58','2022-02-07 13:37:54','2021-08-08','2021-08-08',26.96000000,'(CustomerInvoicePayment)',1,1,1,'TIP','201211',NULL,1,NULL,0,NULL,NULL,NULL,NULL,NULL,NULL,NULL),(16,'2014-12-09 15:28:44','2022-02-07 13:37:54','2021-12-09','2021-12-09',2.00000000,'(CustomerInvoicePayment)',3,1,NULL,'LIQ',NULL,NULL,0,NULL,0,NULL,NULL,NULL,NULL,NULL,NULL,NULL),(17,'2014-12-09 15:28:53','2022-02-07 13:37:54','2021-12-09','2021-12-09',-2.00000000,'(CustomerInvoicePaymentBack)',3,1,NULL,'LIQ',NULL,NULL,0,NULL,0,NULL,NULL,NULL,NULL,NULL,NULL,NULL),(18,'2014-12-09 17:35:55','2022-02-07 13:37:54','2021-12-09','2021-12-09',-2.00000000,'(CustomerInvoicePaymentBack)',3,1,NULL,'LIQ',NULL,NULL,0,NULL,0,NULL,NULL,NULL,NULL,NULL,NULL,NULL),(19,'2014-12-09 17:37:02','2022-02-07 13:37:54','2021-12-09','2021-12-09',2.00000000,'(CustomerInvoicePayment)',3,1,NULL,'LIQ',NULL,NULL,0,NULL,0,NULL,NULL,NULL,NULL,NULL,NULL,NULL),(20,'2014-12-09 18:35:07','2022-02-07 13:37:54','2021-12-09','2021-12-09',-2.00000000,'(CustomerInvoicePaymentBack)',3,1,NULL,'LIQ',NULL,NULL,0,NULL,0,NULL,NULL,NULL,NULL,NULL,NULL,NULL),(21,'2014-12-12 18:54:33','2022-02-07 13:37:54','2021-12-12','2021-12-12',1.00000000,'(CustomerInvoicePayment)',1,1,1,'TIP','201210',NULL,1,NULL,0,NULL,NULL,NULL,NULL,NULL,NULL,NULL),(22,'2015-03-06 16:48:16','2021-04-15 10:22:31','2021-03-06','2021-03-06',20.00000000,'(SubscriptionPayment)',3,1,NULL,'LIQ',NULL,NULL,0,NULL,0,NULL,NULL,NULL,NULL,NULL,NULL,NULL),(23,'2015-03-20 14:30:11','2021-04-15 10:22:31','2021-03-20','2021-03-20',10.00000000,'(SubscriptionPayment)',1,1,NULL,'VIR',NULL,NULL,0,NULL,0,NULL,NULL,NULL,NULL,NULL,NULL,NULL),(24,'2016-03-02 19:57:58','2021-07-11 17:49:28','2021-07-09','2021-07-09',605.00000000,'(CustomerInvoicePayment)',1,1,NULL,'VIR',NULL,NULL,0,NULL,0,NULL,'111',NULL,NULL,NULL,NULL,NULL),(26,'2016-03-02 20:01:39','2021-04-15 10:22:31','2021-03-19','2021-03-19',500.00000000,'(CustomerInvoicePayment)',3,1,NULL,'LIQ',NULL,NULL,0,NULL,0,NULL,NULL,NULL,NULL,NULL,NULL,NULL),(27,'2016-03-02 20:02:06','2021-04-15 10:22:31','2021-03-21','2021-03-21',400.00000000,'(CustomerInvoicePayment)',1,1,NULL,'VIR',NULL,NULL,0,NULL,0,NULL,'ABC and Co',NULL,NULL,NULL,NULL,NULL),(28,'2016-03-03 19:22:32','2022-02-07 13:37:54','2021-10-03','2021-10-03',-400.00000000,'(CustomerInvoicePaymentBack)',3,1,NULL,'LIQ',NULL,NULL,0,NULL,0,NULL,NULL,NULL,NULL,NULL,NULL,NULL),(29,'2016-03-03 19:23:16','2021-04-15 10:22:31','2021-03-10','2021-03-10',-300.00000000,'(CustomerInvoicePaymentBack)',3,1,NULL,'LIQ',NULL,NULL,0,NULL,0,NULL,NULL,NULL,NULL,NULL,NULL,NULL),(30,'2018-01-22 18:56:34','2022-02-07 13:37:54','2022-01-22','2022-01-22',-900.00000000,'(SupplierInvoicePayment)',1,12,NULL,'LIQ',NULL,NULL,0,NULL,0,NULL,NULL,NULL,NULL,NULL,NULL,NULL),(31,'2018-07-30 22:42:14','2022-02-07 13:37:54','2021-07-30','2021-07-30',0.00000000,'(Initial balance)',4,0,NULL,'SOLD',NULL,NULL,0,NULL,0,NULL,NULL,NULL,NULL,NULL,NULL,NULL),(32,'2017-02-01 19:02:44','2022-02-07 13:37:54','2022-02-01','2022-02-01',-200.00000000,'(SupplierInvoicePayment)',3,12,NULL,'LIQ',NULL,NULL,0,NULL,0,NULL,NULL,NULL,NULL,NULL,NULL,NULL),(33,'2017-02-06 08:10:24','2021-04-15 10:22:31','2021-03-22','2021-03-22',150.00000000,'(CustomerInvoicePayment)',1,12,NULL,'CHQ',NULL,NULL,0,NULL,2,NULL,'Magic Food Store',NULL,NULL,NULL,NULL,NULL),(34,'2017-02-06 08:10:50','2021-04-15 10:22:31','2021-03-25','2021-03-25',140.00000000,'(CustomerInvoicePayment)',1,12,NULL,'PRE',NULL,NULL,0,NULL,0,NULL,NULL,NULL,NULL,NULL,NULL,NULL),(36,'2017-02-16 02:22:09','2021-04-15 10:22:31','2021-02-16','2021-02-16',-1.00000000,'(ExpenseReportPayment)',4,12,NULL,'CHQ',NULL,NULL,0,NULL,0,NULL,NULL,NULL,NULL,NULL,NULL,NULL),(37,'2017-02-21 16:07:43','2021-04-15 10:22:31','2021-02-21','2021-02-21',50.00000000,'(WithdrawalPayment)',1,12,NULL,'PRE',NULL,'T170201',0,NULL,0,NULL,NULL,NULL,NULL,NULL,NULL,NULL),(38,'2017-09-06 20:08:36','2022-02-07 13:37:54','2021-09-06','2021-09-06',10.00000000,'(DonationPayment)',3,12,NULL,'LIQ',NULL,NULL,0,NULL,0,NULL,NULL,NULL,'',NULL,NULL,NULL),(39,'2018-03-16 13:59:31','2021-04-15 10:22:31','2021-03-16','2021-03-16',10.00000000,'(CustomerInvoicePayment)',4,12,NULL,'CHQ',NULL,NULL,0,NULL,0,NULL,'Indian SAS',NULL,'',NULL,NULL,NULL),(41,'2019-10-04 10:28:14','2022-02-07 13:37:54','2022-01-19','2022-01-19',5.63000000,'(CustomerInvoicePayment)',3,12,NULL,'LIQ',NULL,NULL,0,NULL,0,NULL,NULL,NULL,'',NULL,NULL,NULL),(42,'2019-10-08 13:18:50','2022-02-07 13:37:54','2021-10-08','2021-10-08',-1000.00000000,'Salary payment',4,12,NULL,'VIR',NULL,NULL,0,NULL,0,NULL,NULL,NULL,'',NULL,NULL,NULL),(43,'2019-12-26 01:48:30','2022-02-07 13:37:54','2021-12-25','2021-12-25',-5.00000000,'(SocialContributionPayment)',4,12,NULL,'VIR',NULL,NULL,0,NULL,0,NULL,NULL,NULL,'',NULL,NULL,NULL),(44,'2019-12-26 01:48:46','2022-02-07 13:37:54','2021-12-25','2021-12-25',-5.00000000,'(SocialContributionPayment)',3,12,NULL,'LIQ',NULL,NULL,0,NULL,0,NULL,NULL,NULL,'',NULL,NULL,NULL),(47,'2020-01-01 20:28:49','2022-02-07 13:37:54','2022-01-01','2022-01-01',304.69000000,'(SupplierInvoicePayment)',4,12,NULL,'VIR',NULL,NULL,0,NULL,0,NULL,NULL,NULL,'',NULL,NULL,NULL),(48,'2020-01-06 20:52:28','2022-02-07 13:37:54','2022-01-06','2022-01-06',10.00000000,'Patient payment',1,12,NULL,'CB',NULL,NULL,0,NULL,0,NULL,'Patient',NULL,'',NULL,NULL,NULL),(49,'2020-01-10 04:42:47','2022-02-07 13:37:54','2022-01-10','2022-01-10',-10.00000000,'Miscellaneous payment',4,12,NULL,'VIR',NULL,NULL,0,NULL,0,NULL,NULL,NULL,'',NULL,NULL,NULL),(50,'2020-01-16 02:36:48','2022-02-07 13:37:54','2022-01-16','2022-01-16',20.50000000,'(CustomerInvoicePayment)',4,12,NULL,'VIR',NULL,NULL,0,NULL,0,NULL,'Magic Food Store',NULL,'',NULL,NULL,NULL),(51,'2020-01-21 01:02:14','2022-02-07 13:37:54','2021-07-18','2021-07-18',50.00000000,'Subscription 2013',4,12,NULL,'CB',NULL,'12345',0,NULL,0,'Bank CBN',NULL,NULL,'',NULL,NULL,NULL),(52,'2020-01-21 10:22:37','2022-02-07 13:37:54','2022-01-21','2022-01-21',50.00000000,'Subscription 2017',4,12,NULL,'CHQ',NULL,NULL,0,NULL,0,NULL,'smith smith',NULL,'',NULL,NULL,NULL),(53,'2020-01-21 10:23:17','2022-02-07 13:37:54','2022-01-21','2022-01-21',50.00000000,'(SubscriptionPayment)',4,12,NULL,'CHQ',NULL,NULL,0,NULL,0,NULL,'Pierre Curie',NULL,'',NULL,NULL,NULL),(54,'2020-01-21 10:23:28','2022-02-07 13:37:54','2022-01-21','2022-01-21',50.00000000,'(SubscriptionPayment)',4,12,NULL,'CHQ',NULL,NULL,0,NULL,0,NULL,'Pierre Curie',NULL,'',NULL,NULL,NULL),(55,'2020-01-21 10:23:49','2022-02-07 13:37:54','2022-01-21','2022-01-21',50.00000000,'(SubscriptionPayment)',4,12,NULL,'CB',NULL,NULL,0,NULL,0,NULL,NULL,NULL,'',NULL,NULL,NULL);

--
-- Table structure for table `llx_bank_account`
--

CREATE TABLE `llx_bank_account` (
  `rowid` int(11) NOT NULL AUTO_INCREMENT,
  `datec` datetime DEFAULT NULL,
  `tms` timestamp NOT NULL DEFAULT current_timestamp() ON UPDATE current_timestamp(),
  `ref` varchar(12) COLLATE utf8_unicode_ci NOT NULL,
  `label` varchar(30) COLLATE utf8_unicode_ci NOT NULL,
  `entity` int(11) NOT NULL DEFAULT 1,
  `bank` varchar(60) COLLATE utf8_unicode_ci DEFAULT NULL,
  `code_banque` varchar(128) COLLATE utf8_unicode_ci DEFAULT NULL,
  `code_guichet` varchar(6) COLLATE utf8_unicode_ci DEFAULT NULL,
  `number` varchar(255) COLLATE utf8_unicode_ci DEFAULT NULL,
  `cle_rib` varchar(5) COLLATE utf8_unicode_ci DEFAULT NULL,
  `bic` varchar(11) COLLATE utf8_unicode_ci DEFAULT NULL,
  `iban_prefix` varchar(34) COLLATE utf8_unicode_ci DEFAULT NULL,
  `country_iban` varchar(2) COLLATE utf8_unicode_ci DEFAULT NULL,
  `cle_iban` varchar(2) COLLATE utf8_unicode_ci DEFAULT NULL,
  `domiciliation` varchar(255) COLLATE utf8_unicode_ci DEFAULT NULL,
  `state_id` int(11) DEFAULT NULL,
  `fk_pays` int(11) NOT NULL,
  `proprio` varchar(60) COLLATE utf8_unicode_ci DEFAULT NULL,
  `owner_address` text COLLATE utf8_unicode_ci DEFAULT NULL,
  `courant` smallint(6) NOT NULL DEFAULT 0,
  `clos` smallint(6) NOT NULL DEFAULT 0,
  `rappro` smallint(6) DEFAULT 1,
  `url` varchar(128) COLLATE utf8_unicode_ci DEFAULT NULL,
  `account_number` varchar(32) COLLATE utf8_unicode_ci DEFAULT NULL,
  `accountancy_journal` varchar(20) COLLATE utf8_unicode_ci DEFAULT NULL,
  `currency_code` varchar(3) COLLATE utf8_unicode_ci NOT NULL,
  `min_allowed` int(11) DEFAULT 0,
  `min_desired` int(11) DEFAULT 0,
  `comment` text COLLATE utf8_unicode_ci DEFAULT NULL,
  `fk_user_author` int(11) DEFAULT NULL,
  `fk_user_modif` int(11) DEFAULT NULL,
  `note_public` text COLLATE utf8_unicode_ci DEFAULT NULL,
  `model_pdf` varchar(255) COLLATE utf8_unicode_ci DEFAULT NULL,
  `import_key` varchar(14) COLLATE utf8_unicode_ci DEFAULT NULL,
  `extraparams` varchar(255) COLLATE utf8_unicode_ci DEFAULT NULL,
  `fk_accountancy_journal` int(11) DEFAULT NULL,
  `ics` varchar(32) COLLATE utf8_unicode_ci DEFAULT NULL,
  `ics_transfer` varchar(32) COLLATE utf8_unicode_ci DEFAULT NULL,
  PRIMARY KEY (`rowid`),
  UNIQUE KEY `uk_bank_account_label` (`label`,`entity`),
  KEY `idx_fk_accountancy_journal` (`fk_accountancy_journal`),
  CONSTRAINT `fk_bank_account_accountancy_journal` FOREIGN KEY (`fk_accountancy_journal`) REFERENCES `llx_accounting_journal` (`rowid`)
) ENGINE=InnoDB AUTO_INCREMENT=5 DEFAULT CHARSET=utf8 COLLATE=utf8_unicode_ci;

--
-- Dumping data for table `llx_bank_account`
--

INSERT INTO `llx_bank_account` VALUES (1,'2012-07-08 23:56:14','2020-01-10 00:44:44','SWIBAC','Swiss bank account',1,'Switz Gold Bank','','','123456789','','','NL39RABO0314043352',NULL,NULL,'21 jum street',NULL,6,'Mac Golder','11 big road,\r\nZurich',1,0,1,NULL,'502','','EUR',1500,1500,'',NULL,NULL,NULL,NULL,NULL,NULL,3,NULL,NULL),(2,'2012-07-09 00:00:24','2020-01-10 00:44:53','SWIBAC2','Swiss bank account old',1,'Switz Silver Bank','','','','','','NL07SNSB0908534915',NULL,NULL,'Road bankrupt\r\nZurich',NULL,6,'','',1,1,1,NULL,'503','','EUR',200,400,'',NULL,NULL,NULL,NULL,NULL,NULL,3,NULL,NULL),(3,'2012-07-10 13:33:42','2020-01-10 00:44:32','ACCOUNTCASH','Account for cash',1,'','','','','','','',NULL,NULL,'',3,1,'','',2,0,1,NULL,'501','OD','EUR',0,0,'',NULL,NULL,NULL,NULL,NULL,NULL,3,NULL,NULL),(4,'2018-07-30 18:42:14','2021-04-15 13:27:05','LUXBAC','Luxemburg Bank Account',1,'Lux Platinuium Bank','','','','','','NL46INGB0687674581',NULL,NULL,'',NULL,140,'','',1,0,1,NULL,'50','','EUR',NULL,NULL,'',NULL,NULL,NULL,NULL,NULL,NULL,3,'','');

--
-- Table structure for table `llx_bank_account_extrafields`
--

CREATE TABLE `llx_bank_account_extrafields` (
  `rowid` int(11) NOT NULL AUTO_INCREMENT,
  `tms` timestamp NOT NULL DEFAULT current_timestamp() ON UPDATE current_timestamp(),
  `fk_object` int(11) NOT NULL,
  `import_key` varchar(14) COLLATE utf8_unicode_ci DEFAULT NULL,
  PRIMARY KEY (`rowid`),
  KEY `idx_bank_account_extrafields` (`fk_object`)
) ENGINE=InnoDB DEFAULT CHARSET=utf8 COLLATE=utf8_unicode_ci;

--
-- Dumping data for table `llx_bank_account_extrafields`
--


--
-- Table structure for table `llx_bank_categ`
--

CREATE TABLE `llx_bank_categ` (
  `rowid` int(11) NOT NULL AUTO_INCREMENT,
  `label` varchar(255) COLLATE utf8_unicode_ci DEFAULT NULL,
  `entity` int(11) NOT NULL DEFAULT 1,
  PRIMARY KEY (`rowid`)
) ENGINE=InnoDB AUTO_INCREMENT=3 DEFAULT CHARSET=utf8 COLLATE=utf8_unicode_ci;

--
-- Dumping data for table `llx_bank_categ`
--

INSERT INTO `llx_bank_categ` VALUES (1,'Bank category one',1),(2,'Bank category two',1);

--
-- Table structure for table `llx_bank_class`
--

CREATE TABLE `llx_bank_class` (
  `lineid` int(11) NOT NULL,
  `fk_categ` int(11) NOT NULL,
  UNIQUE KEY `uk_bank_class_lineid` (`lineid`,`fk_categ`)
) ENGINE=InnoDB DEFAULT CHARSET=utf8 COLLATE=utf8_unicode_ci;

--
-- Dumping data for table `llx_bank_class`
--


--
-- Table structure for table `llx_bank_url`
--

CREATE TABLE `llx_bank_url` (
  `rowid` int(11) NOT NULL AUTO_INCREMENT,
  `fk_bank` int(11) DEFAULT NULL,
  `url_id` int(11) DEFAULT NULL,
  `url` varchar(255) COLLATE utf8_unicode_ci DEFAULT NULL,
  `label` varchar(255) COLLATE utf8_unicode_ci DEFAULT NULL,
  `type` varchar(24) COLLATE utf8_unicode_ci NOT NULL,
  PRIMARY KEY (`rowid`),
  UNIQUE KEY `uk_bank_url` (`fk_bank`,`url_id`,`type`)
) ENGINE=InnoDB AUTO_INCREMENT=99 DEFAULT CHARSET=utf8 COLLATE=utf8_unicode_ci;

--
-- Dumping data for table `llx_bank_url`
--

INSERT INTO `llx_bank_url` VALUES (4,5,2,'/comm/card.php?socid=','Belin SARL','company'),(5,6,3,'/compta/paiement/card.php?id=','(paiement)','payment'),(6,6,2,'/comm/card.php?socid=','Belin SARL','company'),(9,8,5,'/compta/paiement/card.php?id=','(paiement)','payment'),(10,8,7,'/comm/card.php?socid=','Generic customer','company'),(17,12,4,'/compta/payment_sc/card.php?id=','(paiement)','payment_sc'),(18,12,4,'/compta/charges.php?id=','Assurance Chomage (fff)','sc'),(19,13,6,'/dolibarrnew/compta/paiement/card.php?id=','(paiement)','payment'),(20,13,7,'/dolibarrnew/comm/card.php?socid=','Generic customer','company'),(21,14,8,'/compta/paiement/card.php?id=','(paiement)','payment'),(22,14,2,'/comm/card.php?socid=','Belin SARL','company'),(23,15,9,'/compta/paiement/card.php?id=','(paiement)','payment'),(24,15,10,'/comm/card.php?socid=','Smith Vick','company'),(25,16,17,'/dolibarrnew/compta/paiement/card.php?id=','(paiement)','payment'),(26,16,10,'/dolibarrnew/comm/card.php?socid=','Smith Vick','company'),(27,17,18,'/dolibarrnew/compta/paiement/card.php?id=','(paiement)','payment'),(28,17,10,'/dolibarrnew/comm/card.php?socid=','Smith Vick','company'),(29,18,19,'/dolibarrnew/compta/paiement/card.php?id=','(paiement)','payment'),(30,18,10,'/dolibarrnew/comm/card.php?socid=','Smith Vick','company'),(31,19,20,'/dolibarrnew/compta/paiement/card.php?id=','(paiement)','payment'),(32,19,10,'/dolibarrnew/comm/card.php?socid=','Smith Vick','company'),(33,20,21,'/dolibarrnew/compta/paiement/card.php?id=','(paiement)','payment'),(34,20,10,'/dolibarrnew/comm/card.php?socid=','Smith Vick','company'),(35,21,23,'/compta/paiement/card.php?id=','(paiement)','payment'),(36,21,1,'/comm/card.php?socid=','ABC and Co','company'),(37,22,24,'/dolibarrnew/compta/paiement/card.php?id=','(paiement)','payment'),(38,22,12,'/dolibarrnew/comm/card.php?socid=','Dupont Alain','company'),(39,23,25,'/dolibarrnew/compta/paiement/card.php?id=','(paiement)','payment'),(40,23,10,'/dolibarrnew/comm/card.php?socid=','Smith Vick','company'),(41,24,26,'/compta/paiement/card.php?id=','(paiement)','payment'),(42,24,1,'/comm/card.php?socid=','ABC and Co','company'),(45,26,29,'/compta/paiement/card.php?id=','(paiement)','payment'),(46,26,1,'/comm/card.php?socid=','ABC and Co','company'),(47,27,30,'/compta/paiement/card.php?id=','(paiement)','payment'),(48,27,1,'/comm/card.php?socid=','ABC and Co','company'),(49,28,32,'/dolibarr_new/compta/paiement/card.php?id=','(paiement)','payment'),(50,28,1,'/dolibarr_new/comm/card.php?socid=','ABC and Co','company'),(51,29,33,'/dolibarr_new/compta/paiement/card.php?id=','(paiement)','payment'),(52,29,1,'/dolibarr_new/comm/card.php?socid=','ABC and Co','company'),(53,30,1,'/dolibarr_3.8/htdocs/fourn/paiement/card.php?id=','(paiement)','payment_supplier'),(54,30,1,'/dolibarr_3.8/htdocs/fourn/card.php?socid=','Indian SAS','company'),(55,32,2,'/dolibarr_5.0/htdocs/fourn/paiement/card.php?id=','(paiement)','payment_supplier'),(56,32,13,'/dolibarr_5.0/htdocs/fourn/card.php?socid=','Company Corp 2','company'),(57,33,34,'/dolibarr_5.0/htdocs/compta/paiement/card.php?id=','(paiement)','payment'),(58,33,19,'/dolibarr_5.0/htdocs/comm/card.php?socid=','Magic Food Store','company'),(59,34,35,'/dolibarr_5.0/htdocs/compta/paiement/card.php?id=','(paiement)','payment'),(60,34,19,'/dolibarr_5.0/htdocs/comm/card.php?socid=','Magic Food Store','company'),(63,36,2,'/dolibarr_5.0/htdocs/expensereport/payment/card.php?rowid=','(paiement)','payment_expensereport'),(64,36,12,'/dolibarr_5.0/htdocs/user/card.php?id=','','user'),(65,37,36,'/dolibarr_5.0/htdocs/compta/paiement/card.php?id=','(paiement)','payment'),(66,37,1,'/dolibarr_5.0/htdocs/compta/prelevement/card.php?id=','T170201','withdraw'),(67,38,1,'/dolibarr_6.0/htdocs/don/payment/card.php?rowid=','(paiement)','payment_donation'),(68,39,38,'/dolibarr_7.0/htdocs/compta/paiement/card.php?id=','(paiement)','payment'),(69,39,1,'/dolibarr_7.0/htdocs/comm/card.php?socid=','Indian SAS','company'),(72,41,39,'/dolibarr_10.0/htdocs/compta/paiement/card.php?id=','(paiement)','payment'),(73,41,1,'/dolibarr_10.0/htdocs/comm/card.php?socid=','Indian SAS','company'),(74,42,1,'/dolibarr_10.0/htdocs/salaries/card.php?id=','(SalaryPayment)','payment_salary'),(75,42,19,'/dolibarr_10.0/htdocs/user/card.php?id=','Alex Boston','user'),(76,43,6,'/dolibarr_11.0/htdocs/compta/payment_sc/card.php?id=','(paiement)','payment_sc'),(77,43,6,'/dolibarr_11.0/htdocs/compta/charges.php?id=','Assurance Chomage (gdfgdf)','sc'),(78,44,7,'/dolibarr_11.0/htdocs/compta/payment_sc/card.php?id=','(paiement)','payment_sc'),(79,44,6,'/dolibarr_11.0/htdocs/compta/charges.php?id=','Assurance Chomage (gdfgdf)','sc'),(84,47,4,'/dolibarr_11.0/htdocs/fourn/paiement/card.php?id=','(paiement)','payment_supplier'),(85,47,17,'/dolibarr_11.0/htdocs/fourn/card.php?socid=','Book Keeping Company','company'),(86,48,2,'/dolibarr_11.0/htdocs/custom/cabinetmed/consultations.php?action=edit&socid=29&id=','Consultation','consultation'),(87,48,29,'','Patient','company'),(88,49,4,'/dolibarr_11.0/htdocs/compta/bank/various_payment/card.php?id=','(VariousPayment)','payment_various'),(89,50,40,'/dolibarr_11.0/htdocs/compta/paiement/card.php?id=','(paiement)','payment'),(90,50,19,'/dolibarr_11.0/htdocs/comm/card.php?socid=','Magic Food Store','company'),(91,51,3,'/dolibarr_11.0/htdocs/adherents/card.php?rowid=','doe john','member'),(92,52,4,'/dolibarr_11.0/htdocs/adherents/card.php?rowid=','smith smith','member'),(93,53,41,'/dolibarr_11.0/htdocs/compta/paiement/card.php?id=','(paiement)','payment'),(94,53,12,'/dolibarr_11.0/htdocs/comm/card.php?socid=','Dupont Alain','company'),(95,54,42,'/dolibarr_11.0/htdocs/compta/paiement/card.php?id=','(paiement)','payment'),(96,54,12,'/dolibarr_11.0/htdocs/comm/card.php?socid=','Dupont Alain','company'),(97,55,43,'/dolibarr_11.0/htdocs/compta/paiement/card.php?id=','(paiement)','payment'),(98,55,12,'/dolibarr_11.0/htdocs/comm/card.php?socid=','Dupont Alain','company');

--
-- Table structure for table `llx_blockedlog`
--

CREATE TABLE `llx_blockedlog` (
  `rowid` int(11) NOT NULL AUTO_INCREMENT,
  `tms` timestamp NOT NULL DEFAULT current_timestamp() ON UPDATE current_timestamp(),
  `action` varchar(50) COLLATE utf8_unicode_ci DEFAULT NULL,
  `amounts` double(24,8) DEFAULT NULL,
  `signature` varchar(100) COLLATE utf8_unicode_ci NOT NULL,
  `signature_line` varchar(100) COLLATE utf8_unicode_ci NOT NULL,
  `element` varchar(50) COLLATE utf8_unicode_ci DEFAULT NULL,
  `fk_object` int(11) DEFAULT NULL,
  `ref_object` varchar(255) COLLATE utf8_unicode_ci DEFAULT NULL,
  `date_object` datetime DEFAULT NULL,
  `object_data` mediumtext COLLATE utf8_unicode_ci DEFAULT NULL,
  `fk_user` int(11) DEFAULT NULL,
  `entity` int(11) NOT NULL DEFAULT 1,
  `certified` int(11) DEFAULT NULL,
  `date_creation` datetime DEFAULT NULL,
  `user_fullname` varchar(255) COLLATE utf8_unicode_ci DEFAULT NULL,
  `object_version` varchar(32) COLLATE utf8_unicode_ci DEFAULT '',
  PRIMARY KEY (`rowid`),
  KEY `signature` (`signature`),
  KEY `fk_object_element` (`fk_object`,`element`),
  KEY `entity` (`entity`),
  KEY `fk_user` (`fk_user`),
  KEY `entity_action` (`entity`,`action`),
  KEY `entity_action_certified` (`entity`,`action`,`certified`)
) ENGINE=InnoDB AUTO_INCREMENT=61 DEFAULT CHARSET=utf8 COLLATE=utf8_unicode_ci;

--
-- Dumping data for table `llx_blockedlog`
--

INSERT INTO `llx_blockedlog` VALUES (20,'2018-03-16 09:57:22','MODULE_RESET',0.00000000,'d6dd5fe6c2eec2de6368f3b6da30188566f0a1a7be4b1589ccd8352d2c827ad5','fbc11d0396d9b76ea48f892bd5f0fe652e5bdf7d44873acb4bf1e1b70352bd30','module',1,'systemevent','2018-03-16 13:57:22','O:8:\"stdClass\":6:{s:9:\"mycompany\";O:8:\"stdClass\":29:{s:10:\"name_alias\";N;s:7:\"address\";s:24:\"21 Jump street..ll..ee \"\";s:3:\"zip\";s:5:\"75500\";s:4:\"town\";s:6:\"MyTown\";s:10:\"state_code\";N;s:5:\"phone\";s:8:\"09123123\";s:3:\"fax\";s:8:\"09123124\";s:5:\"email\";s:24:\"myemail@mybigcompany.com\";s:7:\"barcode\";N;s:7:\"idprof1\";s:6:\"123456\";s:7:\"idprof2\";s:1:\"1\";s:7:\"idprof3\";s:1:\"1\";s:7:\"idprof4\";s:1:\"1\";s:7:\"idprof5\";s:1:\"1\";s:7:\"idprof6\";s:0:\"\";s:9:\"tva_intra\";s:9:\"FR1234567\";s:15:\"localtax1_assuj\";i:1;s:15:\"localtax1_value\";N;s:15:\"localtax2_assuj\";i:1;s:15:\"localtax2_value\";N;s:8:\"managers\";s:10:\"Zack Zeceo\";s:7:\"capital\";s:5:\"10000\";s:11:\"typent_code\";N;s:20:\"forme_juridique_code\";s:0:\"\";s:11:\"code_client\";N;s:16:\"code_fournisseur\";N;s:7:\"ref_ext\";N;s:12:\"country_code\";s:2:\"IN\";s:4:\"name\";s:12:\"MyBigCompany\";}s:2:\"id\";i:1;s:7:\"element\";s:6:\"module\";s:3:\"ref\";s:11:\"systemevent\";s:6:\"entity\";i:1;s:4:\"date\";i:1521194242;}',12,1,0,'2018-03-16 13:57:22','Alice Adminson',''),(21,'2018-03-16 09:57:24','MODULE_SET',0.00000000,'d6b66df837d8d33bd8b9744e2afa46ab8c65ae8ca462246c406de19f8254e146','0a3aae975056417705f4eb7b4a4926384075cc2b6c899603715643c8f1d6ff9b','module',1,'systemevent','2018-03-16 13:57:24','O:8:\"stdClass\":6:{s:9:\"mycompany\";O:8:\"stdClass\":29:{s:10:\"name_alias\";N;s:7:\"address\";s:24:\"21 Jump street..ll..ee \"\";s:3:\"zip\";s:5:\"75500\";s:4:\"town\";s:6:\"MyTown\";s:10:\"state_code\";N;s:5:\"phone\";s:8:\"09123123\";s:3:\"fax\";s:8:\"09123124\";s:5:\"email\";s:24:\"myemail@mybigcompany.com\";s:7:\"barcode\";N;s:7:\"idprof1\";s:6:\"123456\";s:7:\"idprof2\";s:1:\"1\";s:7:\"idprof3\";s:1:\"1\";s:7:\"idprof4\";s:1:\"1\";s:7:\"idprof5\";s:1:\"1\";s:7:\"idprof6\";s:0:\"\";s:9:\"tva_intra\";s:9:\"FR1234567\";s:15:\"localtax1_assuj\";i:1;s:15:\"localtax1_value\";N;s:15:\"localtax2_assuj\";i:1;s:15:\"localtax2_value\";N;s:8:\"managers\";s:10:\"Zack Zeceo\";s:7:\"capital\";s:5:\"10000\";s:11:\"typent_code\";N;s:20:\"forme_juridique_code\";s:0:\"\";s:11:\"code_client\";N;s:16:\"code_fournisseur\";N;s:7:\"ref_ext\";N;s:12:\"country_code\";s:2:\"IN\";s:4:\"name\";s:12:\"MyBigCompany\";}s:2:\"id\";i:1;s:7:\"element\";s:6:\"module\";s:3:\"ref\";s:11:\"systemevent\";s:6:\"entity\";i:1;s:4:\"date\";i:1521194244;}',12,1,0,'2018-03-16 13:57:24','Alice Adminson',''),(22,'2018-03-16 09:59:31','PAYMENT_CUSTOMER_CREATE',10.00000000,'9beb9e3ba04582d441b49f176f995900c16572c789bcf48a1c9f285a74be76c8','86813eb2563252c0e270baaf1fffade82475fe51af5f88d14613005fd0e07783','payment',38,'PAY1803-0004','2018-03-16 12:00:00','O:8:\"stdClass\":8:{s:9:\"mycompany\";O:8:\"stdClass\":29:{s:10:\"name_alias\";N;s:7:\"address\";s:24:\"21 Jump street..ll..ee \"\";s:3:\"zip\";s:5:\"75500\";s:4:\"town\";s:6:\"MyTown\";s:10:\"state_code\";N;s:5:\"phone\";s:8:\"09123123\";s:3:\"fax\";s:8:\"09123124\";s:5:\"email\";s:24:\"myemail@mybigcompany.com\";s:7:\"barcode\";N;s:7:\"idprof1\";s:6:\"123456\";s:7:\"idprof2\";s:1:\"1\";s:7:\"idprof3\";s:1:\"1\";s:7:\"idprof4\";s:1:\"1\";s:7:\"idprof5\";s:1:\"1\";s:7:\"idprof6\";s:0:\"\";s:9:\"tva_intra\";s:9:\"FR1234567\";s:15:\"localtax1_assuj\";i:1;s:15:\"localtax1_value\";N;s:15:\"localtax2_assuj\";i:1;s:15:\"localtax2_value\";N;s:8:\"managers\";s:10:\"Zack Zeceo\";s:7:\"capital\";s:5:\"10000\";s:11:\"typent_code\";N;s:20:\"forme_juridique_code\";s:0:\"\";s:11:\"code_client\";N;s:16:\"code_fournisseur\";N;s:7:\"ref_ext\";N;s:12:\"country_code\";s:2:\"IN\";s:4:\"name\";s:12:\"MyBigCompany\";}s:3:\"ref\";s:12:\"PAY1803-0004\";s:4:\"date\";i:1521187200;s:9:\"type_code\";s:3:\"CHQ\";s:11:\"payment_num\";N;s:4:\"note\";s:0:\"\";s:12:\"payment_part\";a:1:{i:1;O:8:\"stdClass\":3:{s:6:\"amount\";s:2:\"10\";s:10:\"thirdparty\";O:8:\"stdClass\":29:{s:10:\"name_alias\";s:0:\"\";s:7:\"address\";s:13:\"1 alalah road\";s:3:\"zip\";N;s:4:\"town\";s:5:\"Delhi\";s:10:\"state_code\";N;s:5:\"phone\";N;s:3:\"fax\";N;s:5:\"email\";N;s:7:\"barcode\";N;s:7:\"idprof1\";s:0:\"\";s:7:\"idprof2\";s:0:\"\";s:7:\"idprof3\";s:0:\"\";s:7:\"idprof4\";s:0:\"\";s:7:\"idprof5\";s:0:\"\";s:7:\"idprof6\";s:0:\"\";s:9:\"tva_intra\";s:0:\"\";s:15:\"localtax1_assuj\";N;s:15:\"localtax1_value\";s:5:\"0.000\";s:15:\"localtax2_assuj\";N;s:15:\"localtax2_value\";s:5:\"0.000\";s:8:\"managers\";N;s:7:\"capital\";s:13:\"5000.00000000\";s:11:\"typent_code\";s:8:\"TE_SMALL\";s:20:\"forme_juridique_code\";N;s:11:\"code_client\";s:11:\"CU1212-0007\";s:16:\"code_fournisseur\";s:11:\"SU1212-0005\";s:7:\"ref_ext\";N;s:12:\"country_code\";s:2:\"IN\";s:4:\"name\";s:10:\"Indian SAS\";}s:7:\"invoice\";O:8:\"stdClass\":9:{s:4:\"date\";i:1453147200;s:10:\"ref_client\";N;s:4:\"type\";s:1:\"0\";s:8:\"total_ht\";s:11:\"20.00000000\";s:9:\"total_tva\";s:10:\"1.80000000\";s:9:\"total_ttc\";s:11:\"23.60000000\";s:12:\"revenuestamp\";s:10:\"0.00000000\";s:3:\"ref\";s:11:\"FA1601-0024\";s:11:\"note_public\";N;}}}s:6:\"amount\";i:10;}',12,1,0,'2018-03-16 13:59:31','Alice Adminson',''),(23,'2019-09-26 15:33:37','BILL_VALIDATE',43.58000000,'6a1e049c00f51afa6eaca799e6281bd8abfdaa12bdf42ee2a002b0bec588a2a5','451b12ea66d25259c9c1df9993a902affe124c9f27c97093613cf7184fe388aa','facture',218,'FA1909-0025','2019-09-26 00:00:00','O:8:\"stdClass\":12:{s:10:\"thirdparty\";O:8:\"stdClass\":29:{s:4:\"name\";s:12:\"Dupont Alain\";s:10:\"name_alias\";s:0:\"\";s:7:\"address\";s:0:\"\";s:3:\"zip\";N;s:4:\"town\";N;s:10:\"state_code\";N;s:5:\"phone\";N;s:3:\"fax\";N;s:5:\"email\";s:18:\"pcurie@example.com\";s:7:\"barcode\";N;s:7:\"idprof1\";s:0:\"\";s:7:\"idprof2\";s:0:\"\";s:7:\"idprof3\";s:0:\"\";s:7:\"idprof4\";s:0:\"\";s:7:\"idprof5\";s:0:\"\";s:7:\"idprof6\";s:0:\"\";s:9:\"tva_intra\";s:0:\"\";s:15:\"localtax1_assuj\";N;s:15:\"localtax1_value\";s:5:\"0.000\";s:15:\"localtax2_assuj\";N;s:15:\"localtax2_value\";s:5:\"0.000\";s:8:\"managers\";N;s:7:\"capital\";s:10:\"0.00000000\";s:11:\"typent_code\";s:10:\"TE_UNKNOWN\";s:20:\"forme_juridique_code\";N;s:11:\"code_client\";s:11:\"CU1601-0019\";s:16:\"code_fournisseur\";N;s:7:\"ref_ext\";N;s:12:\"country_code\";s:0:\"\";}s:9:\"mycompany\";O:8:\"stdClass\":29:{s:4:\"name\";s:12:\"MyBigCompany\";s:10:\"name_alias\";N;s:7:\"address\";s:24:\"21 Jump street..ll..ee \"\";s:3:\"zip\";s:5:\"75500\";s:4:\"town\";s:6:\"MyTown\";s:10:\"state_code\";N;s:5:\"phone\";s:8:\"09123123\";s:3:\"fax\";s:8:\"09123124\";s:5:\"email\";s:24:\"myemail@mybigcompany.com\";s:7:\"barcode\";N;s:7:\"idprof1\";s:6:\"123456\";s:7:\"idprof2\";s:7:\"ABC-DEF\";s:7:\"idprof3\";s:9:\"15E-45-8D\";s:7:\"idprof4\";s:0:\"\";s:7:\"idprof5\";s:0:\"\";s:7:\"idprof6\";s:0:\"\";s:9:\"tva_intra\";s:10:\"FR12345678\";s:15:\"localtax1_assuj\";i:1;s:15:\"localtax1_value\";N;s:15:\"localtax2_assuj\";i:1;s:15:\"localtax2_value\";N;s:8:\"managers\";s:10:\"Zack Zeceo\";s:7:\"capital\";s:5:\"10000\";s:11:\"typent_code\";N;s:20:\"forme_juridique_code\";s:0:\"\";s:11:\"code_client\";N;s:16:\"code_fournisseur\";N;s:7:\"ref_ext\";N;s:12:\"country_code\";s:2:\"IN\";}s:4:\"date\";i:1569448800;s:10:\"ref_client\";N;s:4:\"type\";s:1:\"0\";s:8:\"total_ht\";d:42.5;s:9:\"total_tva\";d:1.08;s:9:\"total_ttc\";d:43.58;s:12:\"revenuestamp\";s:10:\"0.00000000\";s:11:\"invoiceline\";a:5:{i:1;O:8:\"stdClass\":17:{s:3:\"ref\";s:9:\"DOLICLOUD\";s:18:\"multicurrency_code\";s:3:\"EUR\";s:22:\"multicurrency_total_ht\";s:10:\"9.00000000\";s:23:\"multicurrency_total_tva\";s:10:\"0.00000000\";s:23:\"multicurrency_total_ttc\";s:10:\"9.00000000\";s:3:\"qty\";s:1:\"1\";s:12:\"product_type\";s:1:\"1\";s:12:\"vat_src_code\";s:0:\"\";s:6:\"tva_tx\";s:5:\"0.000\";s:12:\"localtax1_tx\";s:5:\"0.000\";s:12:\"localtax2_tx\";s:5:\"0.000\";s:8:\"total_ht\";s:10:\"9.00000000\";s:9:\"total_tva\";s:10:\"0.00000000\";s:15:\"total_localtax1\";s:10:\"0.00000000\";s:15:\"total_localtax2\";s:10:\"0.00000000\";s:9:\"total_ttc\";s:10:\"9.00000000\";s:9:\"info_bits\";s:1:\"0\";}i:2;O:8:\"stdClass\":17:{s:3:\"ref\";s:9:\"DOLIDROID\";s:18:\"multicurrency_code\";s:3:\"EUR\";s:22:\"multicurrency_total_ht\";s:10:\"5.50000000\";s:23:\"multicurrency_total_tva\";s:10:\"1.08000000\";s:23:\"multicurrency_total_ttc\";s:10:\"6.58000000\";s:3:\"qty\";s:1:\"1\";s:12:\"product_type\";s:1:\"0\";s:12:\"vat_src_code\";s:0:\"\";s:6:\"tva_tx\";s:6:\"19.600\";s:12:\"localtax1_tx\";s:5:\"0.000\";s:12:\"localtax2_tx\";s:5:\"0.000\";s:8:\"total_ht\";s:10:\"5.50000000\";s:9:\"total_tva\";s:10:\"1.08000000\";s:15:\"total_localtax1\";s:10:\"0.00000000\";s:15:\"total_localtax2\";s:10:\"0.00000000\";s:9:\"total_ttc\";s:10:\"6.58000000\";s:9:\"info_bits\";s:1:\"0\";}i:3;O:8:\"stdClass\":17:{s:3:\"ref\";s:9:\"DOLICLOUD\";s:18:\"multicurrency_code\";s:3:\"EUR\";s:22:\"multicurrency_total_ht\";s:10:\"9.00000000\";s:23:\"multicurrency_total_tva\";s:10:\"0.00000000\";s:23:\"multicurrency_total_ttc\";s:10:\"9.00000000\";s:3:\"qty\";s:1:\"1\";s:12:\"product_type\";s:1:\"1\";s:12:\"vat_src_code\";s:0:\"\";s:6:\"tva_tx\";s:5:\"0.000\";s:12:\"localtax1_tx\";s:5:\"0.000\";s:12:\"localtax2_tx\";s:5:\"0.000\";s:8:\"total_ht\";s:10:\"9.00000000\";s:9:\"total_tva\";s:10:\"0.00000000\";s:15:\"total_localtax1\";s:10:\"0.00000000\";s:15:\"total_localtax2\";s:10:\"0.00000000\";s:9:\"total_ttc\";s:10:\"9.00000000\";s:9:\"info_bits\";s:1:\"0\";}i:4;O:8:\"stdClass\":17:{s:3:\"ref\";s:9:\"DOLICLOUD\";s:18:\"multicurrency_code\";s:3:\"EUR\";s:22:\"multicurrency_total_ht\";s:10:\"9.00000000\";s:23:\"multicurrency_total_tva\";s:10:\"0.00000000\";s:23:\"multicurrency_total_ttc\";s:10:\"9.00000000\";s:3:\"qty\";s:1:\"1\";s:12:\"product_type\";s:1:\"1\";s:12:\"vat_src_code\";s:0:\"\";s:6:\"tva_tx\";s:5:\"0.000\";s:12:\"localtax1_tx\";s:5:\"0.000\";s:12:\"localtax2_tx\";s:5:\"0.000\";s:8:\"total_ht\";s:10:\"9.00000000\";s:9:\"total_tva\";s:10:\"0.00000000\";s:15:\"total_localtax1\";s:10:\"0.00000000\";s:15:\"total_localtax2\";s:10:\"0.00000000\";s:9:\"total_ttc\";s:10:\"9.00000000\";s:9:\"info_bits\";s:1:\"0\";}i:5;O:8:\"stdClass\":17:{s:3:\"ref\";N;s:18:\"multicurrency_code\";s:3:\"EUR\";s:22:\"multicurrency_total_ht\";s:11:\"10.00000000\";s:23:\"multicurrency_total_tva\";s:10:\"0.00000000\";s:23:\"multicurrency_total_ttc\";s:11:\"10.00000000\";s:3:\"qty\";s:1:\"1\";s:12:\"product_type\";s:1:\"0\";s:12:\"vat_src_code\";s:0:\"\";s:6:\"tva_tx\";s:5:\"0.000\";s:12:\"localtax1_tx\";s:5:\"0.000\";s:12:\"localtax2_tx\";s:5:\"0.000\";s:8:\"total_ht\";s:11:\"10.00000000\";s:9:\"total_tva\";s:10:\"0.00000000\";s:15:\"total_localtax1\";s:10:\"0.00000000\";s:15:\"total_localtax2\";s:10:\"0.00000000\";s:9:\"total_ttc\";s:11:\"10.00000000\";s:9:\"info_bits\";s:1:\"0\";}}s:3:\"ref\";s:11:\"FA1909-0025\";s:11:\"note_public\";N;}',12,1,0,'2019-09-26 17:33:37','Alice Adminson',''),(24,'2019-10-04 08:27:00','BILL_VALIDATE',5.63000000,'aa16d46e6ea7376fe0f91a4aeb7b1d534ed351fae071ded64c393e61269c4c35','316e03ffb8327d837c8601e7dbafc91509581b0be9449a89827a14e6cfa2688a','facture',150,'FA6801-0010','2018-01-19 00:00:00','O:8:\"stdClass\":12:{s:10:\"thirdparty\";O:8:\"stdClass\":29:{s:4:\"name\";s:10:\"Indian SAS\";s:10:\"name_alias\";s:0:\"\";s:7:\"address\";s:13:\"1 alalah road\";s:3:\"zip\";N;s:4:\"town\";s:5:\"Delhi\";s:10:\"state_code\";N;s:5:\"phone\";N;s:3:\"fax\";N;s:5:\"email\";N;s:7:\"barcode\";N;s:7:\"idprof1\";s:0:\"\";s:7:\"idprof2\";s:0:\"\";s:7:\"idprof3\";s:0:\"\";s:7:\"idprof4\";s:0:\"\";s:7:\"idprof5\";s:0:\"\";s:7:\"idprof6\";s:0:\"\";s:9:\"tva_intra\";s:0:\"\";s:15:\"localtax1_assuj\";N;s:15:\"localtax1_value\";s:5:\"0.000\";s:15:\"localtax2_assuj\";N;s:15:\"localtax2_value\";s:5:\"0.000\";s:8:\"managers\";N;s:7:\"capital\";s:13:\"5000.00000000\";s:11:\"typent_code\";s:8:\"TE_SMALL\";s:20:\"forme_juridique_code\";N;s:11:\"code_client\";s:11:\"CU1212-0007\";s:16:\"code_fournisseur\";s:11:\"SU1212-0005\";s:7:\"ref_ext\";N;s:12:\"country_code\";s:2:\"IN\";}s:9:\"mycompany\";O:8:\"stdClass\":29:{s:4:\"name\";s:12:\"MyBigCompany\";s:10:\"name_alias\";N;s:7:\"address\";s:24:\"21 Jump street..ll..ee \"\";s:3:\"zip\";s:5:\"75500\";s:4:\"town\";s:6:\"MyTown\";s:10:\"state_code\";N;s:5:\"phone\";s:8:\"09123123\";s:3:\"fax\";s:8:\"09123124\";s:5:\"email\";s:24:\"myemail@mybigcompany.com\";s:7:\"barcode\";N;s:7:\"idprof1\";s:6:\"123456\";s:7:\"idprof2\";s:7:\"ABC-DEF\";s:7:\"idprof3\";s:9:\"15E-45-8D\";s:7:\"idprof4\";s:0:\"\";s:7:\"idprof5\";s:0:\"\";s:7:\"idprof6\";s:0:\"\";s:9:\"tva_intra\";s:10:\"FR12345678\";s:15:\"localtax1_assuj\";i:1;s:15:\"localtax1_value\";N;s:15:\"localtax2_assuj\";i:1;s:15:\"localtax2_value\";N;s:8:\"managers\";s:10:\"Zack Zeceo\";s:7:\"capital\";s:5:\"10000\";s:11:\"typent_code\";N;s:20:\"forme_juridique_code\";s:0:\"\";s:11:\"code_client\";N;s:16:\"code_fournisseur\";N;s:7:\"ref_ext\";N;s:12:\"country_code\";s:2:\"IN\";}s:4:\"date\";i:1516316400;s:10:\"ref_client\";N;s:4:\"type\";s:1:\"0\";s:8:\"total_ht\";d:5;s:9:\"total_tva\";d:0.63;s:9:\"total_ttc\";d:5.63;s:12:\"revenuestamp\";s:10:\"0.00000000\";s:11:\"invoiceline\";a:1:{i:1;O:8:\"stdClass\":17:{s:3:\"ref\";s:7:\"PEARPIE\";s:18:\"multicurrency_code\";N;s:22:\"multicurrency_total_ht\";s:10:\"5.00000000\";s:23:\"multicurrency_total_tva\";s:10:\"0.63000000\";s:23:\"multicurrency_total_ttc\";s:10:\"5.63000000\";s:3:\"qty\";s:1:\"1\";s:12:\"product_type\";s:1:\"0\";s:12:\"vat_src_code\";s:0:\"\";s:6:\"tva_tx\";s:6:\"12.500\";s:12:\"localtax1_tx\";s:5:\"0.000\";s:12:\"localtax2_tx\";s:5:\"0.000\";s:8:\"total_ht\";s:10:\"5.00000000\";s:9:\"total_tva\";s:10:\"0.63000000\";s:15:\"total_localtax1\";s:10:\"0.00000000\";s:15:\"total_localtax2\";s:10:\"0.00000000\";s:9:\"total_ttc\";s:10:\"5.63000000\";s:9:\"info_bits\";s:1:\"0\";}}s:3:\"ref\";s:11:\"FA6801-0010\";s:11:\"note_public\";N;}',12,1,0,'2019-10-04 10:27:00','Alice Adminson',''),(25,'2019-10-04 08:28:14','PAYMENT_CUSTOMER_CREATE',5.63000000,'fa5c9b4bb975af8401744390d47e62218a7ec47a2e96c60f5e58d7f6be38dc44','9bfe069dc130dd71c31f914ff0afa7835fd40932790ac88be0005638342ccb87','payment',39,'PAY1801-0005','2018-01-19 12:00:00','O:8:\"stdClass\":8:{s:9:\"mycompany\";O:8:\"stdClass\":29:{s:4:\"name\";s:12:\"MyBigCompany\";s:10:\"name_alias\";N;s:7:\"address\";s:24:\"21 Jump street..ll..ee \"\";s:3:\"zip\";s:5:\"75500\";s:4:\"town\";s:6:\"MyTown\";s:10:\"state_code\";N;s:5:\"phone\";s:8:\"09123123\";s:3:\"fax\";s:8:\"09123124\";s:5:\"email\";s:24:\"myemail@mybigcompany.com\";s:7:\"barcode\";N;s:7:\"idprof1\";s:6:\"123456\";s:7:\"idprof2\";s:7:\"ABC-DEF\";s:7:\"idprof3\";s:9:\"15E-45-8D\";s:7:\"idprof4\";s:0:\"\";s:7:\"idprof5\";s:0:\"\";s:7:\"idprof6\";s:0:\"\";s:9:\"tva_intra\";s:10:\"FR12345678\";s:15:\"localtax1_assuj\";i:1;s:15:\"localtax1_value\";N;s:15:\"localtax2_assuj\";i:1;s:15:\"localtax2_value\";N;s:8:\"managers\";s:10:\"Zack Zeceo\";s:7:\"capital\";s:5:\"10000\";s:11:\"typent_code\";N;s:20:\"forme_juridique_code\";s:0:\"\";s:11:\"code_client\";N;s:16:\"code_fournisseur\";N;s:7:\"ref_ext\";N;s:12:\"country_code\";s:2:\"IN\";}s:3:\"ref\";s:12:\"PAY1801-0005\";s:4:\"date\";i:1516359600;s:9:\"type_code\";s:3:\"LIQ\";s:11:\"payment_num\";N;s:4:\"note\";s:0:\"\";s:12:\"payment_part\";a:1:{i:1;O:8:\"stdClass\":3:{s:6:\"amount\";s:4:\"5.63\";s:10:\"thirdparty\";O:8:\"stdClass\":29:{s:4:\"name\";s:10:\"Indian SAS\";s:10:\"name_alias\";s:0:\"\";s:7:\"address\";s:13:\"1 alalah road\";s:3:\"zip\";N;s:4:\"town\";s:5:\"Delhi\";s:10:\"state_code\";N;s:5:\"phone\";N;s:3:\"fax\";N;s:5:\"email\";N;s:7:\"barcode\";N;s:7:\"idprof1\";s:0:\"\";s:7:\"idprof2\";s:0:\"\";s:7:\"idprof3\";s:0:\"\";s:7:\"idprof4\";s:0:\"\";s:7:\"idprof5\";s:0:\"\";s:7:\"idprof6\";s:0:\"\";s:9:\"tva_intra\";s:0:\"\";s:15:\"localtax1_assuj\";N;s:15:\"localtax1_value\";s:5:\"0.000\";s:15:\"localtax2_assuj\";N;s:15:\"localtax2_value\";s:5:\"0.000\";s:8:\"managers\";N;s:7:\"capital\";s:13:\"5000.00000000\";s:11:\"typent_code\";s:8:\"TE_SMALL\";s:20:\"forme_juridique_code\";N;s:11:\"code_client\";s:11:\"CU1212-0007\";s:16:\"code_fournisseur\";s:11:\"SU1212-0005\";s:7:\"ref_ext\";N;s:12:\"country_code\";s:2:\"IN\";}s:7:\"invoice\";O:8:\"stdClass\":9:{s:4:\"date\";i:1516316400;s:10:\"ref_client\";N;s:4:\"type\";s:1:\"0\";s:8:\"total_ht\";s:10:\"5.00000000\";s:9:\"total_tva\";s:10:\"0.63000000\";s:9:\"total_ttc\";s:10:\"5.63000000\";s:12:\"revenuestamp\";s:10:\"0.00000000\";s:3:\"ref\";s:11:\"FA6801-0010\";s:11:\"note_public\";N;}}}s:6:\"amount\";d:5.63;}',12,1,0,'2019-10-04 10:28:14','Alice Adminson',''),(26,'2019-12-22 19:01:48','CASHCONTROL_VALIDATE',400.00000000,'bb14150a5ea65d97f9d22f6bc3d3d357ccfb2aa681f2ecbcc81a9d870260c58c','7b03131558731b2e7b4000189214b132f4323621c596d4418cfeba233a085e83','cashcontrol',1,'1','2019-12-22 23:01:02','O:8:\"stdClass\":37:{s:9:\"mycompany\";O:8:\"stdClass\":26:{s:10:\"name_alias\";N;s:7:\"address\";s:15:\"21 Jump street.\";s:3:\"zip\";s:5:\"75500\";s:4:\"town\";s:6:\"MyTown\";s:5:\"phone\";s:8:\"09123123\";s:3:\"fax\";s:8:\"09123124\";s:5:\"email\";s:24:\"myemail@mybigcompany.com\";s:7:\"barcode\";N;s:7:\"idprof1\";s:6:\"123456\";s:7:\"idprof2\";s:7:\"ABC-DEF\";s:7:\"idprof3\";s:9:\"15E-45-8D\";s:7:\"idprof4\";s:0:\"\";s:7:\"idprof5\";s:0:\"\";s:7:\"idprof6\";s:0:\"\";s:9:\"tva_intra\";s:10:\"FR12345678\";s:15:\"localtax1_assuj\";i:0;s:15:\"localtax1_value\";N;s:15:\"localtax2_assuj\";i:0;s:15:\"localtax2_value\";N;s:8:\"managers\";s:10:\"Zack Zeceo\";s:7:\"capital\";s:5:\"10000\";s:11:\"typent_code\";N;s:20:\"forme_juridique_code\";s:0:\"\";s:11:\"code_client\";N;s:16:\"code_fournisseur\";N;s:7:\"ref_ext\";N;}s:7:\"element\";s:11:\"cashcontrol\";s:2:\"id\";i:1;s:7:\"opening\";d:-324.29;s:6:\"status\";i:1;s:10:\"year_close\";i:2019;s:11:\"month_close\";i:11;s:9:\"day_close\";N;s:9:\"posmodule\";s:7:\"takepos\";s:9:\"posnumber\";s:1:\"1\";s:4:\"cash\";d:400;s:6:\"cheque\";d:0;s:4:\"card\";d:0;s:10:\"date_valid\";i:1577041308;s:13:\"date_creation\";i:1577041262;s:17:\"date_modification\";N;s:10:\"import_key\";N;s:13:\"array_options\";a:0:{}s:6:\"canvas\";N;s:7:\"project\";N;s:10:\"fk_project\";N;s:10:\"thirdparty\";N;s:4:\"user\";N;s:3:\"ref\";s:1:\"1\";s:7:\"ref_ext\";N;s:6:\"statut\";N;s:10:\"fk_account\";N;s:11:\"note_public\";N;s:12:\"note_private\";N;s:4:\"note\";N;s:8:\"comments\";a:0:{}s:15:\"date_validation\";N;s:16:\"next_prev_filter\";N;s:6:\"entity\";i:1;s:5:\"label\";N;s:3:\"tms\";i:1577030462;s:13:\"fk_user_valid\";s:2:\"12\";}',12,1,0,'2019-12-22 23:01:48','Alice Adminson',''),(34,'2020-01-10 00:42:47','PAYMENT_VARIOUS_CREATE',10.00000000,'e20ec32652d7564cdca915e95528b68bd3b770b82defe64ead1af3f6dc6bc150','25514deeca716e41c02699d9466fc640f4b7da0a0c953637b542c555f9634f9b','payment_various',4,'4','2020-01-10 12:00:00','O:8:\"stdClass\":7:{s:9:\"mycompany\";O:8:\"stdClass\":29:{s:4:\"name\";s:12:\"MyBigCompany\";s:10:\"name_alias\";N;s:7:\"address\";s:15:\"21 Jump street.\";s:3:\"zip\";s:5:\"75500\";s:4:\"town\";s:6:\"MyTown\";s:10:\"state_code\";s:0:\"\";s:5:\"phone\";s:8:\"09123123\";s:3:\"fax\";s:8:\"09123124\";s:5:\"email\";s:24:\"myemail@mybigcompany.com\";s:7:\"barcode\";N;s:7:\"idprof1\";s:6:\"123456\";s:7:\"idprof2\";s:7:\"ABC-DEF\";s:7:\"idprof3\";s:9:\"15E-45-8D\";s:7:\"idprof4\";s:0:\"\";s:7:\"idprof5\";s:0:\"\";s:7:\"idprof6\";s:0:\"\";s:9:\"tva_intra\";s:10:\"FR12345678\";s:15:\"localtax1_assuj\";i:1;s:15:\"localtax1_value\";N;s:15:\"localtax2_assuj\";i:1;s:15:\"localtax2_value\";N;s:8:\"managers\";s:10:\"Zack Zeceo\";s:7:\"capital\";s:5:\"10000\";s:11:\"typent_code\";N;s:20:\"forme_juridique_code\";s:0:\"\";s:11:\"code_client\";N;s:16:\"code_fournisseur\";N;s:7:\"ref_ext\";N;s:12:\"country_code\";s:2:\"IN\";}s:3:\"ref\";i:4;s:4:\"date\";i:1578643200;s:9:\"type_code\";s:3:\"VIR\";s:11:\"payment_num\";s:0:\"\";s:4:\"note\";s:0:\"\";s:6:\"amount\";i:10;}',12,1,0,'2020-01-10 04:42:47','Alice Adminson',''),(35,'2020-01-10 01:08:37','PAYMENT_VARIOUS_MODIFY',10.00000000,'94bd3491e8e553e6e633cd4a40c8c0ef3a6af0bd60df1d8e768d3c8c2a37b79b','eeadf2ffc7bd611e3b739e8825307f9e9cb2d9dddbd9e16b1f092fa5d881a5ca','payment_various',4,'4','2020-01-10 00:00:00','O:8:\"stdClass\":7:{s:9:\"mycompany\";O:8:\"stdClass\":29:{s:4:\"name\";s:12:\"MyBigCompany\";s:10:\"name_alias\";N;s:7:\"address\";s:15:\"21 Jump street.\";s:3:\"zip\";s:5:\"75500\";s:4:\"town\";s:6:\"MyTown\";s:10:\"state_code\";s:0:\"\";s:5:\"phone\";s:8:\"09123123\";s:3:\"fax\";s:8:\"09123124\";s:5:\"email\";s:24:\"myemail@mybigcompany.com\";s:7:\"barcode\";N;s:7:\"idprof1\";s:6:\"123456\";s:7:\"idprof2\";s:7:\"ABC-DEF\";s:7:\"idprof3\";s:9:\"15E-45-8D\";s:7:\"idprof4\";s:0:\"\";s:7:\"idprof5\";s:0:\"\";s:7:\"idprof6\";s:0:\"\";s:9:\"tva_intra\";s:10:\"FR12345678\";s:15:\"localtax1_assuj\";i:1;s:15:\"localtax1_value\";N;s:15:\"localtax2_assuj\";i:1;s:15:\"localtax2_value\";N;s:8:\"managers\";s:10:\"Zack Zeceo\";s:7:\"capital\";s:5:\"10000\";s:11:\"typent_code\";N;s:20:\"forme_juridique_code\";s:0:\"\";s:11:\"code_client\";N;s:16:\"code_fournisseur\";N;s:7:\"ref_ext\";N;s:12:\"country_code\";s:2:\"IN\";}s:3:\"ref\";s:1:\"4\";s:4:\"date\";i:1578600000;s:9:\"type_code\";s:3:\"VIR\";s:11:\"payment_num\";s:0:\"\";s:4:\"note\";s:0:\"\";s:6:\"amount\";d:10;}',12,1,0,'2020-01-10 05:08:37','Alice Adminson',''),(36,'2020-01-10 01:08:43','PAYMENT_VARIOUS_MODIFY',10.00000000,'02ecc274221832fcbf8f525ed64f1391415a29dded01022a5a4c51cfb2c5ad49','c274f2f609af56bd40b74000eaa2f6866a734feb0fc262ce3431ac9f91a754e2','payment_various',4,'4','2020-01-10 00:00:00','O:8:\"stdClass\":7:{s:9:\"mycompany\";O:8:\"stdClass\":29:{s:4:\"name\";s:12:\"MyBigCompany\";s:10:\"name_alias\";N;s:7:\"address\";s:15:\"21 Jump street.\";s:3:\"zip\";s:5:\"75500\";s:4:\"town\";s:6:\"MyTown\";s:10:\"state_code\";s:0:\"\";s:5:\"phone\";s:8:\"09123123\";s:3:\"fax\";s:8:\"09123124\";s:5:\"email\";s:24:\"myemail@mybigcompany.com\";s:7:\"barcode\";N;s:7:\"idprof1\";s:6:\"123456\";s:7:\"idprof2\";s:7:\"ABC-DEF\";s:7:\"idprof3\";s:9:\"15E-45-8D\";s:7:\"idprof4\";s:0:\"\";s:7:\"idprof5\";s:0:\"\";s:7:\"idprof6\";s:0:\"\";s:9:\"tva_intra\";s:10:\"FR12345678\";s:15:\"localtax1_assuj\";i:1;s:15:\"localtax1_value\";N;s:15:\"localtax2_assuj\";i:1;s:15:\"localtax2_value\";N;s:8:\"managers\";s:10:\"Zack Zeceo\";s:7:\"capital\";s:5:\"10000\";s:11:\"typent_code\";N;s:20:\"forme_juridique_code\";s:0:\"\";s:11:\"code_client\";N;s:16:\"code_fournisseur\";N;s:7:\"ref_ext\";N;s:12:\"country_code\";s:2:\"IN\";}s:3:\"ref\";s:1:\"4\";s:4:\"date\";i:1578600000;s:9:\"type_code\";s:0:\"\";s:11:\"payment_num\";s:0:\"\";s:4:\"note\";s:0:\"\";s:6:\"amount\";d:10;}',12,1,0,'2020-01-10 05:08:43','Alice Adminson',''),(37,'2020-01-10 01:17:51','PAYMENT_VARIOUS_MODIFY',10.00000000,'214ad5673f893c2da41a8c87ccbcae92dccf17c9d4a13b3d04a9497d21bf68b8','ffbebb278eaa1c75f0cf5afdd05c8367887615a7329f2b3ab628b8f0da10f9d8','payment_various',4,'4','2020-01-10 00:00:00','O:8:\"stdClass\":7:{s:9:\"mycompany\";O:8:\"stdClass\":29:{s:4:\"name\";s:12:\"MyBigCompany\";s:10:\"name_alias\";N;s:7:\"address\";s:15:\"21 Jump street.\";s:3:\"zip\";s:5:\"75500\";s:4:\"town\";s:6:\"MyTown\";s:10:\"state_code\";s:0:\"\";s:5:\"phone\";s:8:\"09123123\";s:3:\"fax\";s:8:\"09123124\";s:5:\"email\";s:24:\"myemail@mybigcompany.com\";s:7:\"barcode\";N;s:7:\"idprof1\";s:6:\"123456\";s:7:\"idprof2\";s:7:\"ABC-DEF\";s:7:\"idprof3\";s:9:\"15E-45-8D\";s:7:\"idprof4\";s:0:\"\";s:7:\"idprof5\";s:0:\"\";s:7:\"idprof6\";s:0:\"\";s:9:\"tva_intra\";s:10:\"FR12345678\";s:15:\"localtax1_assuj\";i:1;s:15:\"localtax1_value\";N;s:15:\"localtax2_assuj\";i:1;s:15:\"localtax2_value\";N;s:8:\"managers\";s:10:\"Zack Zeceo\";s:7:\"capital\";s:5:\"10000\";s:11:\"typent_code\";N;s:20:\"forme_juridique_code\";s:0:\"\";s:11:\"code_client\";N;s:16:\"code_fournisseur\";N;s:7:\"ref_ext\";N;s:12:\"country_code\";s:2:\"IN\";}s:3:\"ref\";s:1:\"4\";s:4:\"date\";i:1578600000;s:9:\"type_code\";s:0:\"\";s:11:\"payment_num\";s:0:\"\";s:4:\"note\";s:0:\"\";s:6:\"amount\";d:10;}',12,1,0,'2020-01-10 05:17:51','Alice Adminson',''),(38,'2020-01-16 01:22:16','BILL_VALIDATE',123.00000000,'aae0a1eb8b3da6686020252194f47ce82301fb604ee213ae120a2885197735d5','b414061da9abbd2dec7153a7d53978c177c5c5f55ed8ace177a02e46e7a74312','facture',221,'AC2001-0001','2020-01-16 00:00:00','O:8:\"stdClass\":12:{s:10:\"thirdparty\";O:8:\"stdClass\":29:{s:4:\"name\";s:16:\"Magic Food Store\";s:10:\"name_alias\";s:0:\"\";s:7:\"address\";s:22:\"65 holdywood boulevard\";s:3:\"zip\";s:6:\"123456\";s:4:\"town\";s:7:\"BigTown\";s:10:\"state_code\";N;s:5:\"phone\";N;s:3:\"fax\";s:4:\"0101\";s:5:\"email\";s:18:\"myemail@domain.com\";s:7:\"barcode\";N;s:7:\"idprof1\";s:0:\"\";s:7:\"idprof2\";s:0:\"\";s:7:\"idprof3\";s:10:\"10/10/2010\";s:7:\"idprof4\";s:0:\"\";s:7:\"idprof5\";s:0:\"\";s:7:\"idprof6\";s:0:\"\";s:9:\"tva_intra\";s:0:\"\";s:15:\"localtax1_assuj\";N;s:15:\"localtax1_value\";s:5:\"0.000\";s:15:\"localtax2_assuj\";N;s:15:\"localtax2_value\";s:5:\"0.000\";s:8:\"managers\";N;s:7:\"capital\";s:10:\"0.00000000\";s:11:\"typent_code\";s:10:\"TE_UNKNOWN\";s:20:\"forme_juridique_code\";N;s:11:\"code_client\";s:11:\"CU1301-0008\";s:16:\"code_fournisseur\";N;s:7:\"ref_ext\";N;s:12:\"country_code\";s:2:\"ES\";}s:9:\"mycompany\";O:8:\"stdClass\":29:{s:4:\"name\";s:12:\"MyBigCompany\";s:10:\"name_alias\";N;s:7:\"address\";s:15:\"21 Jump street.\";s:3:\"zip\";s:5:\"75500\";s:4:\"town\";s:6:\"MyTown\";s:10:\"state_code\";s:0:\"\";s:5:\"phone\";s:8:\"09123123\";s:3:\"fax\";s:8:\"09123124\";s:5:\"email\";s:24:\"myemail@mybigcompany.com\";s:7:\"barcode\";N;s:7:\"idprof1\";s:6:\"123456\";s:7:\"idprof2\";s:7:\"ABC-DEF\";s:7:\"idprof3\";s:9:\"15E-45-8D\";s:7:\"idprof4\";s:0:\"\";s:7:\"idprof5\";s:0:\"\";s:7:\"idprof6\";s:0:\"\";s:9:\"tva_intra\";s:10:\"FR12345678\";s:15:\"localtax1_assuj\";i:1;s:15:\"localtax1_value\";N;s:15:\"localtax2_assuj\";i:1;s:15:\"localtax2_value\";N;s:8:\"managers\";s:10:\"Zack Zeceo\";s:7:\"capital\";s:5:\"10000\";s:11:\"typent_code\";N;s:20:\"forme_juridique_code\";s:0:\"\";s:11:\"code_client\";N;s:16:\"code_fournisseur\";N;s:7:\"ref_ext\";N;s:12:\"country_code\";s:2:\"IN\";}s:4:\"date\";i:1579129200;s:10:\"ref_client\";N;s:4:\"type\";s:1:\"3\";s:8:\"total_ht\";d:123;s:9:\"total_tva\";d:0;s:9:\"total_ttc\";d:123;s:12:\"revenuestamp\";s:10:\"0.00000000\";s:11:\"invoiceline\";a:1:{i:1;O:8:\"stdClass\":17:{s:3:\"ref\";N;s:18:\"multicurrency_code\";s:3:\"EUR\";s:22:\"multicurrency_total_ht\";s:12:\"123.00000000\";s:23:\"multicurrency_total_tva\";s:10:\"0.00000000\";s:23:\"multicurrency_total_ttc\";s:12:\"123.00000000\";s:3:\"qty\";s:1:\"1\";s:12:\"product_type\";s:1:\"0\";s:12:\"vat_src_code\";s:0:\"\";s:6:\"tva_tx\";s:5:\"0.000\";s:12:\"localtax1_tx\";s:5:\"0.000\";s:12:\"localtax2_tx\";s:5:\"0.000\";s:8:\"total_ht\";s:12:\"123.00000000\";s:9:\"total_tva\";s:10:\"0.00000000\";s:15:\"total_localtax1\";s:10:\"0.00000000\";s:15:\"total_localtax2\";s:10:\"0.00000000\";s:9:\"total_ttc\";s:12:\"123.00000000\";s:9:\"info_bits\";s:1:\"0\";}}s:3:\"ref\";s:11:\"AC2001-0001\";s:11:\"note_public\";N;}',12,1,0,'2020-01-16 02:22:16','Alice Adminson',''),(39,'2020-01-16 01:33:27','BILL_VALIDATE',20.50000000,'777eb88a0b91c6d376881534a7c84a9b9ee5a6d7efedbae3b0c00d7e36bacba9','b78e5b5909c49c575142b429f2d09abb2d19c5545f815a1cabe0f2ed80ded6e4','facture',224,'AC2001-0002','2020-01-16 00:00:00','O:8:\"stdClass\":12:{s:10:\"thirdparty\";O:8:\"stdClass\":29:{s:4:\"name\";s:16:\"Magic Food Store\";s:10:\"name_alias\";s:0:\"\";s:7:\"address\";s:22:\"65 holdywood boulevard\";s:3:\"zip\";s:6:\"123456\";s:4:\"town\";s:7:\"BigTown\";s:10:\"state_code\";N;s:5:\"phone\";N;s:3:\"fax\";s:4:\"0101\";s:5:\"email\";s:18:\"myemail@domain.com\";s:7:\"barcode\";N;s:7:\"idprof1\";s:0:\"\";s:7:\"idprof2\";s:0:\"\";s:7:\"idprof3\";s:10:\"10/10/2010\";s:7:\"idprof4\";s:0:\"\";s:7:\"idprof5\";s:0:\"\";s:7:\"idprof6\";s:0:\"\";s:9:\"tva_intra\";s:0:\"\";s:15:\"localtax1_assuj\";N;s:15:\"localtax1_value\";s:5:\"0.000\";s:15:\"localtax2_assuj\";N;s:15:\"localtax2_value\";s:5:\"0.000\";s:8:\"managers\";N;s:7:\"capital\";s:10:\"0.00000000\";s:11:\"typent_code\";s:10:\"TE_UNKNOWN\";s:20:\"forme_juridique_code\";N;s:11:\"code_client\";s:11:\"CU1301-0008\";s:16:\"code_fournisseur\";N;s:7:\"ref_ext\";N;s:12:\"country_code\";s:2:\"ES\";}s:9:\"mycompany\";O:8:\"stdClass\":29:{s:4:\"name\";s:12:\"MyBigCompany\";s:10:\"name_alias\";N;s:7:\"address\";s:15:\"21 Jump street.\";s:3:\"zip\";s:5:\"75500\";s:4:\"town\";s:6:\"MyTown\";s:10:\"state_code\";s:0:\"\";s:5:\"phone\";s:8:\"09123123\";s:3:\"fax\";s:8:\"09123124\";s:5:\"email\";s:24:\"myemail@mybigcompany.com\";s:7:\"barcode\";N;s:7:\"idprof1\";s:6:\"123456\";s:7:\"idprof2\";s:7:\"ABC-DEF\";s:7:\"idprof3\";s:9:\"15E-45-8D\";s:7:\"idprof4\";s:0:\"\";s:7:\"idprof5\";s:0:\"\";s:7:\"idprof6\";s:0:\"\";s:9:\"tva_intra\";s:10:\"FR12345678\";s:15:\"localtax1_assuj\";i:1;s:15:\"localtax1_value\";N;s:15:\"localtax2_assuj\";i:1;s:15:\"localtax2_value\";N;s:8:\"managers\";s:10:\"Zack Zeceo\";s:7:\"capital\";s:5:\"10000\";s:11:\"typent_code\";N;s:20:\"forme_juridique_code\";s:0:\"\";s:11:\"code_client\";N;s:16:\"code_fournisseur\";N;s:7:\"ref_ext\";N;s:12:\"country_code\";s:2:\"IN\";}s:4:\"date\";i:1579129200;s:10:\"ref_client\";N;s:4:\"type\";s:1:\"3\";s:8:\"total_ht\";d:20.5;s:9:\"total_tva\";d:0;s:9:\"total_ttc\";d:20.5;s:12:\"revenuestamp\";s:10:\"0.00000000\";s:11:\"invoiceline\";a:1:{i:1;O:8:\"stdClass\":17:{s:3:\"ref\";N;s:18:\"multicurrency_code\";s:3:\"EUR\";s:22:\"multicurrency_total_ht\";s:11:\"20.50000000\";s:23:\"multicurrency_total_tva\";s:10:\"0.00000000\";s:23:\"multicurrency_total_ttc\";s:11:\"20.50000000\";s:3:\"qty\";s:1:\"1\";s:12:\"product_type\";s:1:\"0\";s:12:\"vat_src_code\";s:0:\"\";s:6:\"tva_tx\";s:5:\"0.000\";s:12:\"localtax1_tx\";s:5:\"0.000\";s:12:\"localtax2_tx\";s:5:\"0.000\";s:8:\"total_ht\";s:11:\"20.50000000\";s:9:\"total_tva\";s:10:\"0.00000000\";s:15:\"total_localtax1\";s:10:\"0.00000000\";s:15:\"total_localtax2\";s:10:\"0.00000000\";s:9:\"total_ttc\";s:11:\"20.50000000\";s:9:\"info_bits\";s:1:\"0\";}}s:3:\"ref\";s:11:\"AC2001-0002\";s:11:\"note_public\";N;}',12,1,0,'2020-01-16 02:33:27','Alice Adminson',''),(40,'2020-01-16 01:36:48','PAYMENT_CUSTOMER_CREATE',20.50000000,'cb03ceef89e1630e5a3ba8b3b1ca6c77e42b97fc2884a661c04e9e5c8b3afa1e','18bed0f0566b20ffa32c49c901cfc8b46485ef2172b22c676cef07ce8bd2d90b','payment',40,'PAY2001-0006','2020-01-16 12:00:00','O:8:\"stdClass\":8:{s:9:\"mycompany\";O:8:\"stdClass\":29:{s:4:\"name\";s:12:\"MyBigCompany\";s:10:\"name_alias\";N;s:7:\"address\";s:15:\"21 Jump street.\";s:3:\"zip\";s:5:\"75500\";s:4:\"town\";s:6:\"MyTown\";s:10:\"state_code\";s:0:\"\";s:5:\"phone\";s:8:\"09123123\";s:3:\"fax\";s:8:\"09123124\";s:5:\"email\";s:24:\"myemail@mybigcompany.com\";s:7:\"barcode\";N;s:7:\"idprof1\";s:6:\"123456\";s:7:\"idprof2\";s:7:\"ABC-DEF\";s:7:\"idprof3\";s:9:\"15E-45-8D\";s:7:\"idprof4\";s:0:\"\";s:7:\"idprof5\";s:0:\"\";s:7:\"idprof6\";s:0:\"\";s:9:\"tva_intra\";s:10:\"FR12345678\";s:15:\"localtax1_assuj\";i:1;s:15:\"localtax1_value\";N;s:15:\"localtax2_assuj\";i:1;s:15:\"localtax2_value\";N;s:8:\"managers\";s:10:\"Zack Zeceo\";s:7:\"capital\";s:5:\"10000\";s:11:\"typent_code\";N;s:20:\"forme_juridique_code\";s:0:\"\";s:11:\"code_client\";N;s:16:\"code_fournisseur\";N;s:7:\"ref_ext\";N;s:12:\"country_code\";s:2:\"IN\";}s:3:\"ref\";s:12:\"PAY2001-0006\";s:4:\"date\";i:1579172400;s:9:\"type_code\";s:3:\"VIR\";s:11:\"payment_num\";N;s:4:\"note\";s:0:\"\";s:12:\"payment_part\";a:1:{i:1;O:8:\"stdClass\":3:{s:6:\"amount\";s:4:\"20.5\";s:10:\"thirdparty\";O:8:\"stdClass\":29:{s:4:\"name\";s:16:\"Magic Food Store\";s:10:\"name_alias\";s:0:\"\";s:7:\"address\";s:22:\"65 holdywood boulevard\";s:3:\"zip\";s:6:\"123456\";s:4:\"town\";s:7:\"BigTown\";s:10:\"state_code\";N;s:5:\"phone\";N;s:3:\"fax\";s:4:\"0101\";s:5:\"email\";s:18:\"myemail@domain.com\";s:7:\"barcode\";N;s:7:\"idprof1\";s:0:\"\";s:7:\"idprof2\";s:0:\"\";s:7:\"idprof3\";s:10:\"10/10/2010\";s:7:\"idprof4\";s:0:\"\";s:7:\"idprof5\";s:0:\"\";s:7:\"idprof6\";s:0:\"\";s:9:\"tva_intra\";s:0:\"\";s:15:\"localtax1_assuj\";N;s:15:\"localtax1_value\";s:5:\"0.000\";s:15:\"localtax2_assuj\";N;s:15:\"localtax2_value\";s:5:\"0.000\";s:8:\"managers\";N;s:7:\"capital\";s:10:\"0.00000000\";s:11:\"typent_code\";s:10:\"TE_UNKNOWN\";s:20:\"forme_juridique_code\";N;s:11:\"code_client\";s:11:\"CU1301-0008\";s:16:\"code_fournisseur\";N;s:7:\"ref_ext\";N;s:12:\"country_code\";s:2:\"ES\";}s:7:\"invoice\";O:8:\"stdClass\":9:{s:4:\"date\";i:1579129200;s:10:\"ref_client\";N;s:4:\"type\";s:1:\"3\";s:8:\"total_ht\";s:11:\"20.50000000\";s:9:\"total_tva\";s:10:\"0.00000000\";s:9:\"total_ttc\";s:11:\"20.50000000\";s:12:\"revenuestamp\";s:10:\"0.00000000\";s:3:\"ref\";s:11:\"AC2001-0002\";s:11:\"note_public\";N;}}}s:6:\"amount\";d:20.5;}',12,1,0,'2020-01-16 02:36:48','Alice Adminson',''),(41,'2020-01-19 13:51:43','BILL_VALIDATE',239.20000000,'7f38eaf315003f652b72fd27e55e71010a5ed0339086aa100b9a91a6045bb06f','26d074106c5f096ea1795ce7ed399cda6c2b2d5ac78dd9c2e152a0a0aa6ef47b','facture',227,'AC2001-0003','2020-01-19 00:00:00','O:8:\"stdClass\":12:{s:10:\"thirdparty\";O:8:\"stdClass\":29:{s:4:\"name\";s:10:\"Indian SAS\";s:10:\"name_alias\";s:0:\"\";s:7:\"address\";s:13:\"1 alalah road\";s:3:\"zip\";N;s:4:\"town\";s:5:\"Delhi\";s:10:\"state_code\";N;s:5:\"phone\";N;s:3:\"fax\";N;s:5:\"email\";N;s:7:\"barcode\";N;s:7:\"idprof1\";s:0:\"\";s:7:\"idprof2\";s:0:\"\";s:7:\"idprof3\";s:0:\"\";s:7:\"idprof4\";s:0:\"\";s:7:\"idprof5\";s:0:\"\";s:7:\"idprof6\";s:0:\"\";s:9:\"tva_intra\";s:0:\"\";s:15:\"localtax1_assuj\";N;s:15:\"localtax1_value\";s:5:\"0.000\";s:15:\"localtax2_assuj\";N;s:15:\"localtax2_value\";s:5:\"0.000\";s:8:\"managers\";N;s:7:\"capital\";s:13:\"5000.00000000\";s:11:\"typent_code\";s:8:\"TE_SMALL\";s:20:\"forme_juridique_code\";N;s:11:\"code_client\";s:11:\"CU1212-0007\";s:16:\"code_fournisseur\";s:11:\"SU1212-0005\";s:7:\"ref_ext\";N;s:12:\"country_code\";s:2:\"IN\";}s:9:\"mycompany\";O:8:\"stdClass\":29:{s:4:\"name\";s:12:\"MyBigCompany\";s:10:\"name_alias\";N;s:7:\"address\";s:15:\"21 Jump street.\";s:3:\"zip\";s:5:\"75500\";s:4:\"town\";s:6:\"MyTown\";s:10:\"state_code\";s:0:\"\";s:5:\"phone\";s:8:\"09123123\";s:3:\"fax\";s:8:\"09123124\";s:5:\"email\";s:24:\"myemail@mybigcompany.com\";s:7:\"barcode\";N;s:7:\"idprof1\";s:6:\"123456\";s:7:\"idprof2\";s:7:\"ABC-DEF\";s:7:\"idprof3\";s:9:\"15E-45-8D\";s:7:\"idprof4\";s:0:\"\";s:7:\"idprof5\";s:0:\"\";s:7:\"idprof6\";s:0:\"\";s:9:\"tva_intra\";s:10:\"FR12345678\";s:15:\"localtax1_assuj\";i:1;s:15:\"localtax1_value\";N;s:15:\"localtax2_assuj\";i:1;s:15:\"localtax2_value\";N;s:8:\"managers\";s:10:\"Zack Zeceo\";s:7:\"capital\";s:5:\"10000\";s:11:\"typent_code\";N;s:20:\"forme_juridique_code\";s:0:\"\";s:11:\"code_client\";N;s:16:\"code_fournisseur\";N;s:7:\"ref_ext\";N;s:12:\"country_code\";s:2:\"IN\";}s:4:\"date\";i:1579388400;s:10:\"ref_client\";N;s:4:\"type\";s:1:\"3\";s:8:\"total_ht\";d:200;s:9:\"total_tva\";d:39.2;s:9:\"total_ttc\";d:239.2;s:12:\"revenuestamp\";s:10:\"0.00000000\";s:11:\"invoiceline\";a:1:{i:1;O:8:\"stdClass\":17:{s:3:\"ref\";N;s:18:\"multicurrency_code\";s:3:\"EUR\";s:22:\"multicurrency_total_ht\";s:12:\"200.00000000\";s:23:\"multicurrency_total_tva\";s:11:\"39.20000000\";s:23:\"multicurrency_total_ttc\";s:12:\"239.20000000\";s:3:\"qty\";s:1:\"1\";s:12:\"product_type\";s:1:\"0\";s:12:\"vat_src_code\";s:0:\"\";s:6:\"tva_tx\";s:6:\"19.600\";s:12:\"localtax1_tx\";s:5:\"0.000\";s:12:\"localtax2_tx\";s:5:\"0.000\";s:8:\"total_ht\";s:12:\"200.00000000\";s:9:\"total_tva\";s:11:\"39.20000000\";s:15:\"total_localtax1\";s:10:\"0.00000000\";s:15:\"total_localtax2\";s:10:\"0.00000000\";s:9:\"total_ttc\";s:12:\"239.20000000\";s:9:\"info_bits\";s:1:\"0\";}}s:3:\"ref\";s:11:\"AC2001-0003\";s:11:\"note_public\";N;}',12,1,0,'2020-01-19 14:51:43','Alice Adminson',''),(42,'2020-01-19 14:01:26','BILL_VALIDATE',50.54000000,'107572ffe2f1ccf1ee4fe7b39c5a4ed40a485c1d37c926fbff8a0e420396d641','352ac5e380c996d7bff798c1369f8a85e86cc98a2864e278cbe0cb6b309c12a5','facture',228,'AC2001-0004','2020-01-19 00:00:00','O:8:\"stdClass\":12:{s:10:\"thirdparty\";O:8:\"stdClass\":29:{s:4:\"name\";s:10:\"Indian SAS\";s:10:\"name_alias\";s:0:\"\";s:7:\"address\";s:13:\"1 alalah road\";s:3:\"zip\";N;s:4:\"town\";s:5:\"Delhi\";s:10:\"state_code\";N;s:5:\"phone\";N;s:3:\"fax\";N;s:5:\"email\";N;s:7:\"barcode\";N;s:7:\"idprof1\";s:0:\"\";s:7:\"idprof2\";s:0:\"\";s:7:\"idprof3\";s:0:\"\";s:7:\"idprof4\";s:0:\"\";s:7:\"idprof5\";s:0:\"\";s:7:\"idprof6\";s:0:\"\";s:9:\"tva_intra\";s:0:\"\";s:15:\"localtax1_assuj\";N;s:15:\"localtax1_value\";s:5:\"0.000\";s:15:\"localtax2_assuj\";N;s:15:\"localtax2_value\";s:5:\"0.000\";s:8:\"managers\";N;s:7:\"capital\";s:13:\"5000.00000000\";s:11:\"typent_code\";s:8:\"TE_SMALL\";s:20:\"forme_juridique_code\";N;s:11:\"code_client\";s:11:\"CU1212-0007\";s:16:\"code_fournisseur\";s:11:\"SU1212-0005\";s:7:\"ref_ext\";N;s:12:\"country_code\";s:2:\"IN\";}s:9:\"mycompany\";O:8:\"stdClass\":29:{s:4:\"name\";s:12:\"MyBigCompany\";s:10:\"name_alias\";N;s:7:\"address\";s:15:\"21 Jump street.\";s:3:\"zip\";s:5:\"75500\";s:4:\"town\";s:6:\"MyTown\";s:10:\"state_code\";s:0:\"\";s:5:\"phone\";s:8:\"09123123\";s:3:\"fax\";s:8:\"09123124\";s:5:\"email\";s:24:\"myemail@mybigcompany.com\";s:7:\"barcode\";N;s:7:\"idprof1\";s:6:\"123456\";s:7:\"idprof2\";s:7:\"ABC-DEF\";s:7:\"idprof3\";s:9:\"15E-45-8D\";s:7:\"idprof4\";s:0:\"\";s:7:\"idprof5\";s:0:\"\";s:7:\"idprof6\";s:0:\"\";s:9:\"tva_intra\";s:10:\"FR12345678\";s:15:\"localtax1_assuj\";i:1;s:15:\"localtax1_value\";N;s:15:\"localtax2_assuj\";i:1;s:15:\"localtax2_value\";N;s:8:\"managers\";s:10:\"Zack Zeceo\";s:7:\"capital\";s:5:\"10000\";s:11:\"typent_code\";N;s:20:\"forme_juridique_code\";s:0:\"\";s:11:\"code_client\";N;s:16:\"code_fournisseur\";N;s:7:\"ref_ext\";N;s:12:\"country_code\";s:2:\"IN\";}s:4:\"date\";i:1579388400;s:10:\"ref_client\";N;s:4:\"type\";s:1:\"3\";s:8:\"total_ht\";d:48.6;s:9:\"total_tva\";d:1.94;s:9:\"total_ttc\";d:50.54;s:12:\"revenuestamp\";s:10:\"0.00000000\";s:11:\"invoiceline\";a:2:{i:1;O:8:\"stdClass\":17:{s:3:\"ref\";N;s:18:\"multicurrency_code\";s:3:\"EUR\";s:22:\"multicurrency_total_ht\";s:11:\"50.00000000\";s:23:\"multicurrency_total_tva\";s:10:\"2.00000000\";s:23:\"multicurrency_total_ttc\";s:11:\"52.00000000\";s:3:\"qty\";s:1:\"1\";s:12:\"product_type\";s:1:\"0\";s:12:\"vat_src_code\";s:0:\"\";s:6:\"tva_tx\";s:5:\"4.000\";s:12:\"localtax1_tx\";s:5:\"0.000\";s:12:\"localtax2_tx\";s:5:\"0.000\";s:8:\"total_ht\";s:11:\"50.00000000\";s:9:\"total_tva\";s:10:\"2.00000000\";s:15:\"total_localtax1\";s:10:\"0.00000000\";s:15:\"total_localtax2\";s:10:\"0.00000000\";s:9:\"total_ttc\";s:11:\"52.00000000\";s:9:\"info_bits\";s:1:\"0\";}i:2;O:8:\"stdClass\":17:{s:3:\"ref\";N;s:18:\"multicurrency_code\";s:3:\"EUR\";s:22:\"multicurrency_total_ht\";s:11:\"-1.40000000\";s:23:\"multicurrency_total_tva\";s:11:\"-0.06000000\";s:23:\"multicurrency_total_ttc\";s:11:\"-1.46000000\";s:3:\"qty\";s:1:\"1\";s:12:\"product_type\";s:1:\"0\";s:12:\"vat_src_code\";s:0:\"\";s:6:\"tva_tx\";s:5:\"4.000\";s:12:\"localtax1_tx\";s:5:\"0.000\";s:12:\"localtax2_tx\";s:5:\"0.000\";s:8:\"total_ht\";s:11:\"-1.40000000\";s:9:\"total_tva\";s:11:\"-0.06000000\";s:15:\"total_localtax1\";s:10:\"0.00000000\";s:15:\"total_localtax2\";s:10:\"0.00000000\";s:9:\"total_ttc\";s:11:\"-1.46000000\";s:9:\"info_bits\";s:1:\"0\";}}s:3:\"ref\";s:11:\"AC2001-0004\";s:11:\"note_public\";N;}',12,1,0,'2020-01-19 15:01:26','Alice Adminson',''),(43,'2020-01-19 14:04:53','BILL_VALIDATE',50.54000000,'795f9c5b741f360e3194ac8b3bb163c244b2761125f7507935baa44b319c624a','8cbb81e210f60d71b33a7fdcae0202721c2b4a8cdd59fe77ff2a8942839159b4','facture',228,'AC2001-0004','2020-01-19 00:00:00','O:8:\"stdClass\":12:{s:10:\"thirdparty\";O:8:\"stdClass\":29:{s:4:\"name\";s:10:\"Indian SAS\";s:10:\"name_alias\";s:0:\"\";s:7:\"address\";s:13:\"1 alalah road\";s:3:\"zip\";N;s:4:\"town\";s:5:\"Delhi\";s:10:\"state_code\";N;s:5:\"phone\";N;s:3:\"fax\";N;s:5:\"email\";N;s:7:\"barcode\";N;s:7:\"idprof1\";s:0:\"\";s:7:\"idprof2\";s:0:\"\";s:7:\"idprof3\";s:0:\"\";s:7:\"idprof4\";s:0:\"\";s:7:\"idprof5\";s:0:\"\";s:7:\"idprof6\";s:0:\"\";s:9:\"tva_intra\";s:0:\"\";s:15:\"localtax1_assuj\";N;s:15:\"localtax1_value\";s:5:\"0.000\";s:15:\"localtax2_assuj\";N;s:15:\"localtax2_value\";s:5:\"0.000\";s:8:\"managers\";N;s:7:\"capital\";s:13:\"5000.00000000\";s:11:\"typent_code\";s:8:\"TE_SMALL\";s:20:\"forme_juridique_code\";N;s:11:\"code_client\";s:11:\"CU1212-0007\";s:16:\"code_fournisseur\";s:11:\"SU1212-0005\";s:7:\"ref_ext\";N;s:12:\"country_code\";s:2:\"IN\";}s:9:\"mycompany\";O:8:\"stdClass\":29:{s:4:\"name\";s:12:\"MyBigCompany\";s:10:\"name_alias\";N;s:7:\"address\";s:15:\"21 Jump street.\";s:3:\"zip\";s:5:\"75500\";s:4:\"town\";s:6:\"MyTown\";s:10:\"state_code\";s:0:\"\";s:5:\"phone\";s:8:\"09123123\";s:3:\"fax\";s:8:\"09123124\";s:5:\"email\";s:24:\"myemail@mybigcompany.com\";s:7:\"barcode\";N;s:7:\"idprof1\";s:6:\"123456\";s:7:\"idprof2\";s:7:\"ABC-DEF\";s:7:\"idprof3\";s:9:\"15E-45-8D\";s:7:\"idprof4\";s:0:\"\";s:7:\"idprof5\";s:0:\"\";s:7:\"idprof6\";s:0:\"\";s:9:\"tva_intra\";s:10:\"FR12345678\";s:15:\"localtax1_assuj\";i:1;s:15:\"localtax1_value\";N;s:15:\"localtax2_assuj\";i:1;s:15:\"localtax2_value\";N;s:8:\"managers\";s:10:\"Zack Zeceo\";s:7:\"capital\";s:5:\"10000\";s:11:\"typent_code\";N;s:20:\"forme_juridique_code\";s:0:\"\";s:11:\"code_client\";N;s:16:\"code_fournisseur\";N;s:7:\"ref_ext\";N;s:12:\"country_code\";s:2:\"IN\";}s:4:\"date\";i:1579388400;s:10:\"ref_client\";N;s:4:\"type\";s:1:\"3\";s:8:\"total_ht\";d:48.6;s:9:\"total_tva\";d:1.94;s:9:\"total_ttc\";d:50.54;s:12:\"revenuestamp\";s:10:\"0.00000000\";s:11:\"invoiceline\";a:2:{i:1;O:8:\"stdClass\":17:{s:3:\"ref\";N;s:18:\"multicurrency_code\";s:3:\"EUR\";s:22:\"multicurrency_total_ht\";s:11:\"50.00000000\";s:23:\"multicurrency_total_tva\";s:10:\"2.00000000\";s:23:\"multicurrency_total_ttc\";s:11:\"52.00000000\";s:3:\"qty\";s:1:\"1\";s:12:\"product_type\";s:1:\"0\";s:12:\"vat_src_code\";s:0:\"\";s:6:\"tva_tx\";s:5:\"4.000\";s:12:\"localtax1_tx\";s:5:\"0.000\";s:12:\"localtax2_tx\";s:5:\"0.000\";s:8:\"total_ht\";s:11:\"50.00000000\";s:9:\"total_tva\";s:10:\"2.00000000\";s:15:\"total_localtax1\";s:10:\"0.00000000\";s:15:\"total_localtax2\";s:10:\"0.00000000\";s:9:\"total_ttc\";s:11:\"52.00000000\";s:9:\"info_bits\";s:1:\"0\";}i:2;O:8:\"stdClass\":17:{s:3:\"ref\";N;s:18:\"multicurrency_code\";s:3:\"EUR\";s:22:\"multicurrency_total_ht\";s:11:\"-1.40000000\";s:23:\"multicurrency_total_tva\";s:11:\"-0.06000000\";s:23:\"multicurrency_total_ttc\";s:11:\"-1.46000000\";s:3:\"qty\";s:1:\"1\";s:12:\"product_type\";s:1:\"0\";s:12:\"vat_src_code\";s:0:\"\";s:6:\"tva_tx\";s:5:\"4.000\";s:12:\"localtax1_tx\";s:5:\"0.000\";s:12:\"localtax2_tx\";s:5:\"0.000\";s:8:\"total_ht\";s:11:\"-1.40000000\";s:9:\"total_tva\";s:11:\"-0.06000000\";s:15:\"total_localtax1\";s:10:\"0.00000000\";s:15:\"total_localtax2\";s:10:\"0.00000000\";s:9:\"total_ttc\";s:11:\"-1.46000000\";s:9:\"info_bits\";s:1:\"0\";}}s:3:\"ref\";s:11:\"AC2001-0004\";s:11:\"note_public\";N;}',12,1,0,'2020-01-19 15:04:53','Alice Adminson',''),(44,'2020-01-19 14:13:07','BILL_VALIDATE',50.54000000,'0c5b79703d1db88579a1fdb74053596defebddb7a1e6d4c5c8b065729be10201','41669e482d1e5e7a58c132c2bf85bc75372cadb4d9b97047a98cc74a9d1fd767','facture',228,'AC2001-0004','2020-01-19 00:00:00','O:8:\"stdClass\":12:{s:10:\"thirdparty\";O:8:\"stdClass\":29:{s:4:\"name\";s:10:\"Indian SAS\";s:10:\"name_alias\";s:0:\"\";s:7:\"address\";s:13:\"1 alalah road\";s:3:\"zip\";N;s:4:\"town\";s:5:\"Delhi\";s:10:\"state_code\";N;s:5:\"phone\";N;s:3:\"fax\";N;s:5:\"email\";N;s:7:\"barcode\";N;s:7:\"idprof1\";s:0:\"\";s:7:\"idprof2\";s:0:\"\";s:7:\"idprof3\";s:0:\"\";s:7:\"idprof4\";s:0:\"\";s:7:\"idprof5\";s:0:\"\";s:7:\"idprof6\";s:0:\"\";s:9:\"tva_intra\";s:0:\"\";s:15:\"localtax1_assuj\";N;s:15:\"localtax1_value\";s:5:\"0.000\";s:15:\"localtax2_assuj\";N;s:15:\"localtax2_value\";s:5:\"0.000\";s:8:\"managers\";N;s:7:\"capital\";s:13:\"5000.00000000\";s:11:\"typent_code\";s:8:\"TE_SMALL\";s:20:\"forme_juridique_code\";N;s:11:\"code_client\";s:11:\"CU1212-0007\";s:16:\"code_fournisseur\";s:11:\"SU1212-0005\";s:7:\"ref_ext\";N;s:12:\"country_code\";s:2:\"IN\";}s:9:\"mycompany\";O:8:\"stdClass\":29:{s:4:\"name\";s:12:\"MyBigCompany\";s:10:\"name_alias\";N;s:7:\"address\";s:15:\"21 Jump street.\";s:3:\"zip\";s:5:\"75500\";s:4:\"town\";s:6:\"MyTown\";s:10:\"state_code\";s:0:\"\";s:5:\"phone\";s:8:\"09123123\";s:3:\"fax\";s:8:\"09123124\";s:5:\"email\";s:24:\"myemail@mybigcompany.com\";s:7:\"barcode\";N;s:7:\"idprof1\";s:6:\"123456\";s:7:\"idprof2\";s:7:\"ABC-DEF\";s:7:\"idprof3\";s:9:\"15E-45-8D\";s:7:\"idprof4\";s:0:\"\";s:7:\"idprof5\";s:0:\"\";s:7:\"idprof6\";s:0:\"\";s:9:\"tva_intra\";s:10:\"FR12345678\";s:15:\"localtax1_assuj\";i:1;s:15:\"localtax1_value\";N;s:15:\"localtax2_assuj\";i:1;s:15:\"localtax2_value\";N;s:8:\"managers\";s:10:\"Zack Zeceo\";s:7:\"capital\";s:5:\"10000\";s:11:\"typent_code\";N;s:20:\"forme_juridique_code\";s:0:\"\";s:11:\"code_client\";N;s:16:\"code_fournisseur\";N;s:7:\"ref_ext\";N;s:12:\"country_code\";s:2:\"IN\";}s:4:\"date\";i:1579388400;s:10:\"ref_client\";N;s:4:\"type\";s:1:\"3\";s:8:\"total_ht\";d:48.6;s:9:\"total_tva\";d:1.94;s:9:\"total_ttc\";d:50.54;s:12:\"revenuestamp\";s:10:\"0.00000000\";s:11:\"invoiceline\";a:2:{i:1;O:8:\"stdClass\":17:{s:3:\"ref\";N;s:18:\"multicurrency_code\";s:3:\"EUR\";s:22:\"multicurrency_total_ht\";s:11:\"50.00000000\";s:23:\"multicurrency_total_tva\";s:10:\"2.00000000\";s:23:\"multicurrency_total_ttc\";s:11:\"52.00000000\";s:3:\"qty\";s:1:\"1\";s:12:\"product_type\";s:1:\"0\";s:12:\"vat_src_code\";s:0:\"\";s:6:\"tva_tx\";s:5:\"4.000\";s:12:\"localtax1_tx\";s:5:\"0.000\";s:12:\"localtax2_tx\";s:5:\"0.000\";s:8:\"total_ht\";s:11:\"50.00000000\";s:9:\"total_tva\";s:10:\"2.00000000\";s:15:\"total_localtax1\";s:10:\"0.00000000\";s:15:\"total_localtax2\";s:10:\"0.00000000\";s:9:\"total_ttc\";s:11:\"52.00000000\";s:9:\"info_bits\";s:1:\"0\";}i:2;O:8:\"stdClass\":17:{s:3:\"ref\";N;s:18:\"multicurrency_code\";s:3:\"EUR\";s:22:\"multicurrency_total_ht\";s:11:\"-1.40000000\";s:23:\"multicurrency_total_tva\";s:11:\"-0.06000000\";s:23:\"multicurrency_total_ttc\";s:11:\"-1.46000000\";s:3:\"qty\";s:1:\"1\";s:12:\"product_type\";s:1:\"0\";s:12:\"vat_src_code\";s:0:\"\";s:6:\"tva_tx\";s:5:\"4.000\";s:12:\"localtax1_tx\";s:5:\"0.000\";s:12:\"localtax2_tx\";s:5:\"0.000\";s:8:\"total_ht\";s:11:\"-1.40000000\";s:9:\"total_tva\";s:11:\"-0.06000000\";s:15:\"total_localtax1\";s:10:\"0.00000000\";s:15:\"total_localtax2\";s:10:\"0.00000000\";s:9:\"total_ttc\";s:11:\"-1.46000000\";s:9:\"info_bits\";s:1:\"0\";}}s:3:\"ref\";s:11:\"AC2001-0004\";s:11:\"note_public\";N;}',12,1,0,'2020-01-19 15:13:07','Alice Adminson',''),(46,'2020-01-21 00:02:14','MEMBER_SUBSCRIPTION_CREATE',50.00000000,'aacdc952cc25b2d4f90222cea6f684320c76477e55b87687397d82e70694c517','ce99e3278ebb1f5f2540a0d7205a4b1230e2e23c4bed48b567433b34786b88e4','subscription',2,'','2013-07-18 00:00:00','O:8:\"stdClass\":10:{s:9:\"mycompany\";O:8:\"stdClass\":29:{s:4:\"name\";s:12:\"MyBigCompany\";s:10:\"name_alias\";N;s:7:\"address\";s:15:\"21 Jump street.\";s:3:\"zip\";s:5:\"75500\";s:4:\"town\";s:6:\"MyTown\";s:10:\"state_code\";s:0:\"\";s:5:\"phone\";s:8:\"09123123\";s:3:\"fax\";s:8:\"09123124\";s:5:\"email\";s:24:\"myemail@mybigcompany.com\";s:7:\"barcode\";N;s:7:\"idprof1\";s:6:\"123456\";s:7:\"idprof2\";s:7:\"ABC-DEF\";s:7:\"idprof3\";s:9:\"15E-45-8D\";s:7:\"idprof4\";s:0:\"\";s:7:\"idprof5\";s:0:\"\";s:7:\"idprof6\";s:0:\"\";s:9:\"tva_intra\";s:10:\"FR12345678\";s:15:\"localtax1_assuj\";i:1;s:15:\"localtax1_value\";N;s:15:\"localtax2_assuj\";i:1;s:15:\"localtax2_value\";N;s:8:\"managers\";s:10:\"Zack Zeceo\";s:7:\"capital\";s:5:\"10000\";s:11:\"typent_code\";N;s:20:\"forme_juridique_code\";s:0:\"\";s:11:\"code_client\";N;s:16:\"code_fournisseur\";N;s:7:\"ref_ext\";N;s:12:\"country_code\";s:2:\"IN\";}s:5:\"datec\";i:1579564934;s:5:\"dateh\";i:1374098400;s:5:\"datef\";i:1405548000;s:11:\"fk_adherent\";s:1:\"3\";s:6:\"amount\";s:2:\"50\";s:2:\"id\";i:2;s:10:\"import_key\";N;s:6:\"statut\";N;s:4:\"note\";s:17:\"Subscription 2013\";}',12,1,0,'2020-01-21 01:02:14','Alice Adminson',''),(47,'2020-01-21 09:22:37','MEMBER_SUBSCRIPTION_CREATE',50.00000000,'43a9804c627e78b20c7842a563099892a2d464b207f96bb393886f0b0ea52b4a','c6befc858191e428330c0054328f84d09f7be0f5603fb5b15e3a59980bb8e6eb','subscription',3,'','2017-07-18 00:00:00','O:8:\"stdClass\":10:{s:9:\"mycompany\";O:8:\"stdClass\":29:{s:4:\"name\";s:12:\"MyBigCompany\";s:10:\"name_alias\";N;s:7:\"address\";s:15:\"21 Jump street.\";s:3:\"zip\";s:5:\"75500\";s:4:\"town\";s:6:\"MyTown\";s:10:\"state_code\";s:0:\"\";s:5:\"phone\";s:8:\"09123123\";s:3:\"fax\";s:8:\"09123124\";s:5:\"email\";s:24:\"myemail@mybigcompany.com\";s:7:\"barcode\";N;s:7:\"idprof1\";s:6:\"123456\";s:7:\"idprof2\";s:7:\"ABC-DEF\";s:7:\"idprof3\";s:9:\"15E-45-8D\";s:7:\"idprof4\";s:0:\"\";s:7:\"idprof5\";s:0:\"\";s:7:\"idprof6\";s:0:\"\";s:9:\"tva_intra\";s:10:\"FR12345678\";s:15:\"localtax1_assuj\";i:1;s:15:\"localtax1_value\";N;s:15:\"localtax2_assuj\";i:1;s:15:\"localtax2_value\";N;s:8:\"managers\";s:10:\"Zack Zeceo\";s:7:\"capital\";s:5:\"10000\";s:11:\"typent_code\";N;s:20:\"forme_juridique_code\";s:0:\"\";s:11:\"code_client\";N;s:16:\"code_fournisseur\";N;s:7:\"ref_ext\";N;s:12:\"country_code\";s:2:\"IN\";}s:5:\"datec\";i:1579598557;s:5:\"dateh\";i:1500328800;s:5:\"datef\";i:1531778400;s:11:\"fk_adherent\";s:1:\"4\";s:6:\"amount\";s:2:\"50\";s:2:\"id\";i:3;s:10:\"import_key\";N;s:6:\"statut\";N;s:4:\"note\";s:17:\"Subscription 2017\";}',12,1,0,'2020-01-21 10:22:37','Alice Adminson',''),(48,'2020-01-21 09:23:17','MEMBER_SUBSCRIPTION_CREATE',50.00000000,'d44357a1d55ffedd8f24690cd3c8aa43f9bfd33aa362ad558fd486b3b7f62a50','7c32d13e68bb245ab06b8e11efa5ed9e5fdb15650265dc80d5cb00d4674c134d','subscription',4,'','2017-07-18 00:00:00','O:8:\"stdClass\":10:{s:9:\"mycompany\";O:8:\"stdClass\":29:{s:4:\"name\";s:12:\"MyBigCompany\";s:10:\"name_alias\";N;s:7:\"address\";s:15:\"21 Jump street.\";s:3:\"zip\";s:5:\"75500\";s:4:\"town\";s:6:\"MyTown\";s:10:\"state_code\";s:0:\"\";s:5:\"phone\";s:8:\"09123123\";s:3:\"fax\";s:8:\"09123124\";s:5:\"email\";s:24:\"myemail@mybigcompany.com\";s:7:\"barcode\";N;s:7:\"idprof1\";s:6:\"123456\";s:7:\"idprof2\";s:7:\"ABC-DEF\";s:7:\"idprof3\";s:9:\"15E-45-8D\";s:7:\"idprof4\";s:0:\"\";s:7:\"idprof5\";s:0:\"\";s:7:\"idprof6\";s:0:\"\";s:9:\"tva_intra\";s:10:\"FR12345678\";s:15:\"localtax1_assuj\";i:1;s:15:\"localtax1_value\";N;s:15:\"localtax2_assuj\";i:1;s:15:\"localtax2_value\";N;s:8:\"managers\";s:10:\"Zack Zeceo\";s:7:\"capital\";s:5:\"10000\";s:11:\"typent_code\";N;s:20:\"forme_juridique_code\";s:0:\"\";s:11:\"code_client\";N;s:16:\"code_fournisseur\";N;s:7:\"ref_ext\";N;s:12:\"country_code\";s:2:\"IN\";}s:5:\"datec\";i:1579598597;s:5:\"dateh\";i:1500328800;s:5:\"datef\";i:1531778400;s:11:\"fk_adherent\";s:1:\"2\";s:6:\"amount\";s:2:\"50\";s:2:\"id\";i:4;s:10:\"import_key\";N;s:6:\"statut\";N;s:4:\"note\";s:17:\"Subscription 2017\";}',12,1,0,'2020-01-21 10:23:17','Alice Adminson',''),(49,'2020-01-21 09:23:17','BILL_VALIDATE',50.00000000,'30d0b37723f3cd2fce6afefd56cbdeb90f7cdee0e898e6ebaa411d84d3123ca0','e0301b9c4da11aa095a90cd9989b9fb6d0c635263cb2a8998b4ba57b60751d11','facture',229,'FA1707-0026','2017-07-18 00:00:00','O:8:\"stdClass\":12:{s:10:\"thirdparty\";O:8:\"stdClass\":29:{s:4:\"name\";s:12:\"Dupont Alain\";s:10:\"name_alias\";s:0:\"\";s:7:\"address\";s:0:\"\";s:3:\"zip\";N;s:4:\"town\";N;s:10:\"state_code\";N;s:5:\"phone\";N;s:3:\"fax\";N;s:5:\"email\";s:18:\"pcurie@example.com\";s:7:\"barcode\";N;s:7:\"idprof1\";s:0:\"\";s:7:\"idprof2\";s:0:\"\";s:7:\"idprof3\";s:0:\"\";s:7:\"idprof4\";s:0:\"\";s:7:\"idprof5\";s:0:\"\";s:7:\"idprof6\";s:0:\"\";s:9:\"tva_intra\";s:0:\"\";s:15:\"localtax1_assuj\";N;s:15:\"localtax1_value\";s:5:\"0.000\";s:15:\"localtax2_assuj\";N;s:15:\"localtax2_value\";s:5:\"0.000\";s:8:\"managers\";N;s:7:\"capital\";s:10:\"0.00000000\";s:11:\"typent_code\";s:10:\"TE_UNKNOWN\";s:20:\"forme_juridique_code\";N;s:11:\"code_client\";s:11:\"CU1601-0019\";s:16:\"code_fournisseur\";N;s:7:\"ref_ext\";N;s:12:\"country_code\";s:0:\"\";}s:9:\"mycompany\";O:8:\"stdClass\":29:{s:4:\"name\";s:12:\"MyBigCompany\";s:10:\"name_alias\";N;s:7:\"address\";s:15:\"21 Jump street.\";s:3:\"zip\";s:5:\"75500\";s:4:\"town\";s:6:\"MyTown\";s:10:\"state_code\";s:0:\"\";s:5:\"phone\";s:8:\"09123123\";s:3:\"fax\";s:8:\"09123124\";s:5:\"email\";s:24:\"myemail@mybigcompany.com\";s:7:\"barcode\";N;s:7:\"idprof1\";s:6:\"123456\";s:7:\"idprof2\";s:7:\"ABC-DEF\";s:7:\"idprof3\";s:9:\"15E-45-8D\";s:7:\"idprof4\";s:0:\"\";s:7:\"idprof5\";s:0:\"\";s:7:\"idprof6\";s:0:\"\";s:9:\"tva_intra\";s:10:\"FR12345678\";s:15:\"localtax1_assuj\";i:1;s:15:\"localtax1_value\";N;s:15:\"localtax2_assuj\";i:1;s:15:\"localtax2_value\";N;s:8:\"managers\";s:10:\"Zack Zeceo\";s:7:\"capital\";s:5:\"10000\";s:11:\"typent_code\";N;s:20:\"forme_juridique_code\";s:0:\"\";s:11:\"code_client\";N;s:16:\"code_fournisseur\";N;s:7:\"ref_ext\";N;s:12:\"country_code\";s:2:\"IN\";}s:4:\"date\";i:1500328800;s:10:\"ref_client\";s:0:\"\";s:4:\"type\";i:0;s:8:\"total_ht\";d:50;s:9:\"total_tva\";d:0;s:9:\"total_ttc\";d:50;s:12:\"revenuestamp\";N;s:11:\"invoiceline\";a:1:{i:1;O:8:\"stdClass\":17:{s:3:\"ref\";N;s:18:\"multicurrency_code\";s:3:\"EUR\";s:22:\"multicurrency_total_ht\";s:11:\"50.00000000\";s:23:\"multicurrency_total_tva\";s:10:\"0.00000000\";s:23:\"multicurrency_total_ttc\";s:11:\"50.00000000\";s:3:\"qty\";s:1:\"1\";s:12:\"product_type\";s:1:\"1\";s:12:\"vat_src_code\";s:0:\"\";s:6:\"tva_tx\";s:5:\"0.000\";s:12:\"localtax1_tx\";s:5:\"0.000\";s:12:\"localtax2_tx\";s:5:\"0.000\";s:8:\"total_ht\";s:11:\"50.00000000\";s:9:\"total_tva\";s:10:\"0.00000000\";s:15:\"total_localtax1\";s:10:\"0.00000000\";s:15:\"total_localtax2\";s:10:\"0.00000000\";s:9:\"total_ttc\";s:11:\"50.00000000\";s:9:\"info_bits\";s:1:\"0\";}}s:3:\"ref\";s:11:\"FA1707-0026\";s:11:\"note_public\";s:0:\"\";}',12,1,0,'2020-01-21 10:23:17','Alice Adminson',''),(50,'2020-01-21 09:23:17','PAYMENT_CUSTOMER_CREATE',50.00000000,'41e6e00dfd2b96c3d9056489f22241959407ad0282405d37ada32da919e2d744','625ed1ef1ab9edddabc0b1588542eb6eac30ac9224e75812dabcbdfa0211b918','payment',41,'PAY2001-0007','2020-01-21 00:00:00','O:8:\"stdClass\":8:{s:9:\"mycompany\";O:8:\"stdClass\":29:{s:4:\"name\";s:12:\"MyBigCompany\";s:10:\"name_alias\";N;s:7:\"address\";s:15:\"21 Jump street.\";s:3:\"zip\";s:5:\"75500\";s:4:\"town\";s:6:\"MyTown\";s:10:\"state_code\";s:0:\"\";s:5:\"phone\";s:8:\"09123123\";s:3:\"fax\";s:8:\"09123124\";s:5:\"email\";s:24:\"myemail@mybigcompany.com\";s:7:\"barcode\";N;s:7:\"idprof1\";s:6:\"123456\";s:7:\"idprof2\";s:7:\"ABC-DEF\";s:7:\"idprof3\";s:9:\"15E-45-8D\";s:7:\"idprof4\";s:0:\"\";s:7:\"idprof5\";s:0:\"\";s:7:\"idprof6\";s:0:\"\";s:9:\"tva_intra\";s:10:\"FR12345678\";s:15:\"localtax1_assuj\";i:1;s:15:\"localtax1_value\";N;s:15:\"localtax2_assuj\";i:1;s:15:\"localtax2_value\";N;s:8:\"managers\";s:10:\"Zack Zeceo\";s:7:\"capital\";s:5:\"10000\";s:11:\"typent_code\";N;s:20:\"forme_juridique_code\";s:0:\"\";s:11:\"code_client\";N;s:16:\"code_fournisseur\";N;s:7:\"ref_ext\";N;s:12:\"country_code\";s:2:\"IN\";}s:3:\"ref\";s:12:\"PAY2001-0007\";s:4:\"date\";i:1579561200;s:9:\"type_code\";s:3:\"CHQ\";s:11:\"payment_num\";s:0:\"\";s:4:\"note\";N;s:12:\"payment_part\";a:1:{i:1;O:8:\"stdClass\":3:{s:6:\"amount\";s:2:\"50\";s:10:\"thirdparty\";O:8:\"stdClass\":29:{s:4:\"name\";s:12:\"Dupont Alain\";s:10:\"name_alias\";s:0:\"\";s:7:\"address\";s:0:\"\";s:3:\"zip\";N;s:4:\"town\";N;s:10:\"state_code\";N;s:5:\"phone\";N;s:3:\"fax\";N;s:5:\"email\";s:18:\"pcurie@example.com\";s:7:\"barcode\";N;s:7:\"idprof1\";s:0:\"\";s:7:\"idprof2\";s:0:\"\";s:7:\"idprof3\";s:0:\"\";s:7:\"idprof4\";s:0:\"\";s:7:\"idprof5\";s:0:\"\";s:7:\"idprof6\";s:0:\"\";s:9:\"tva_intra\";s:0:\"\";s:15:\"localtax1_assuj\";N;s:15:\"localtax1_value\";s:5:\"0.000\";s:15:\"localtax2_assuj\";N;s:15:\"localtax2_value\";s:5:\"0.000\";s:8:\"managers\";N;s:7:\"capital\";s:10:\"0.00000000\";s:11:\"typent_code\";s:10:\"TE_UNKNOWN\";s:20:\"forme_juridique_code\";N;s:11:\"code_client\";s:11:\"CU1601-0019\";s:16:\"code_fournisseur\";N;s:7:\"ref_ext\";N;s:12:\"country_code\";s:0:\"\";}s:7:\"invoice\";O:8:\"stdClass\":9:{s:4:\"date\";i:1500328800;s:10:\"ref_client\";N;s:4:\"type\";s:1:\"0\";s:8:\"total_ht\";s:11:\"50.00000000\";s:9:\"total_tva\";s:10:\"0.00000000\";s:9:\"total_ttc\";s:11:\"50.00000000\";s:12:\"revenuestamp\";s:10:\"0.00000000\";s:3:\"ref\";s:11:\"FA1707-0026\";s:11:\"note_public\";N;}}}s:6:\"amount\";i:50;}',12,1,0,'2020-01-21 10:23:17','Alice Adminson',''),(51,'2020-01-21 09:23:28','MEMBER_SUBSCRIPTION_CREATE',50.00000000,'b24dfe36f8a3e5971898dd4fcfc61d775d4f0937169f44986bc9478d189e8e60','6160f4fb0fe73ce769a03f9d5460db7051602796090b9e44b51c6eadbd63c309','subscription',5,'','2018-07-18 00:00:00','O:8:\"stdClass\":10:{s:9:\"mycompany\";O:8:\"stdClass\":29:{s:4:\"name\";s:12:\"MyBigCompany\";s:10:\"name_alias\";N;s:7:\"address\";s:15:\"21 Jump street.\";s:3:\"zip\";s:5:\"75500\";s:4:\"town\";s:6:\"MyTown\";s:10:\"state_code\";s:0:\"\";s:5:\"phone\";s:8:\"09123123\";s:3:\"fax\";s:8:\"09123124\";s:5:\"email\";s:24:\"myemail@mybigcompany.com\";s:7:\"barcode\";N;s:7:\"idprof1\";s:6:\"123456\";s:7:\"idprof2\";s:7:\"ABC-DEF\";s:7:\"idprof3\";s:9:\"15E-45-8D\";s:7:\"idprof4\";s:0:\"\";s:7:\"idprof5\";s:0:\"\";s:7:\"idprof6\";s:0:\"\";s:9:\"tva_intra\";s:10:\"FR12345678\";s:15:\"localtax1_assuj\";i:1;s:15:\"localtax1_value\";N;s:15:\"localtax2_assuj\";i:1;s:15:\"localtax2_value\";N;s:8:\"managers\";s:10:\"Zack Zeceo\";s:7:\"capital\";s:5:\"10000\";s:11:\"typent_code\";N;s:20:\"forme_juridique_code\";s:0:\"\";s:11:\"code_client\";N;s:16:\"code_fournisseur\";N;s:7:\"ref_ext\";N;s:12:\"country_code\";s:2:\"IN\";}s:5:\"datec\";i:1579598608;s:5:\"dateh\";i:1531864800;s:5:\"datef\";i:1563314400;s:11:\"fk_adherent\";s:1:\"2\";s:6:\"amount\";s:2:\"50\";s:2:\"id\";i:5;s:10:\"import_key\";N;s:6:\"statut\";N;s:4:\"note\";s:17:\"Subscription 2018\";}',12,1,0,'2020-01-21 10:23:28','Alice Adminson',''),(52,'2020-01-21 09:23:28','BILL_VALIDATE',50.00000000,'a6ba6c4518b94977daa8a65b6e9063e81b37563037455ee4608724674c53ea01','3724c09a72bbaab46bdde59c79ffd5d439ffb43f2a509c49ebe05aa9acdcda7a','facture',230,'FA1807-0027','2018-07-18 00:00:00','O:8:\"stdClass\":12:{s:10:\"thirdparty\";O:8:\"stdClass\":29:{s:4:\"name\";s:12:\"Dupont Alain\";s:10:\"name_alias\";s:0:\"\";s:7:\"address\";s:0:\"\";s:3:\"zip\";N;s:4:\"town\";N;s:10:\"state_code\";N;s:5:\"phone\";N;s:3:\"fax\";N;s:5:\"email\";s:18:\"pcurie@example.com\";s:7:\"barcode\";N;s:7:\"idprof1\";s:0:\"\";s:7:\"idprof2\";s:0:\"\";s:7:\"idprof3\";s:0:\"\";s:7:\"idprof4\";s:0:\"\";s:7:\"idprof5\";s:0:\"\";s:7:\"idprof6\";s:0:\"\";s:9:\"tva_intra\";s:0:\"\";s:15:\"localtax1_assuj\";N;s:15:\"localtax1_value\";s:5:\"0.000\";s:15:\"localtax2_assuj\";N;s:15:\"localtax2_value\";s:5:\"0.000\";s:8:\"managers\";N;s:7:\"capital\";s:10:\"0.00000000\";s:11:\"typent_code\";s:10:\"TE_UNKNOWN\";s:20:\"forme_juridique_code\";N;s:11:\"code_client\";s:11:\"CU1601-0019\";s:16:\"code_fournisseur\";N;s:7:\"ref_ext\";N;s:12:\"country_code\";s:0:\"\";}s:9:\"mycompany\";O:8:\"stdClass\":29:{s:4:\"name\";s:12:\"MyBigCompany\";s:10:\"name_alias\";N;s:7:\"address\";s:15:\"21 Jump street.\";s:3:\"zip\";s:5:\"75500\";s:4:\"town\";s:6:\"MyTown\";s:10:\"state_code\";s:0:\"\";s:5:\"phone\";s:8:\"09123123\";s:3:\"fax\";s:8:\"09123124\";s:5:\"email\";s:24:\"myemail@mybigcompany.com\";s:7:\"barcode\";N;s:7:\"idprof1\";s:6:\"123456\";s:7:\"idprof2\";s:7:\"ABC-DEF\";s:7:\"idprof3\";s:9:\"15E-45-8D\";s:7:\"idprof4\";s:0:\"\";s:7:\"idprof5\";s:0:\"\";s:7:\"idprof6\";s:0:\"\";s:9:\"tva_intra\";s:10:\"FR12345678\";s:15:\"localtax1_assuj\";i:1;s:15:\"localtax1_value\";N;s:15:\"localtax2_assuj\";i:1;s:15:\"localtax2_value\";N;s:8:\"managers\";s:10:\"Zack Zeceo\";s:7:\"capital\";s:5:\"10000\";s:11:\"typent_code\";N;s:20:\"forme_juridique_code\";s:0:\"\";s:11:\"code_client\";N;s:16:\"code_fournisseur\";N;s:7:\"ref_ext\";N;s:12:\"country_code\";s:2:\"IN\";}s:4:\"date\";i:1531864800;s:10:\"ref_client\";s:0:\"\";s:4:\"type\";i:0;s:8:\"total_ht\";d:50;s:9:\"total_tva\";d:0;s:9:\"total_ttc\";d:50;s:12:\"revenuestamp\";N;s:11:\"invoiceline\";a:1:{i:1;O:8:\"stdClass\":17:{s:3:\"ref\";N;s:18:\"multicurrency_code\";s:3:\"EUR\";s:22:\"multicurrency_total_ht\";s:11:\"50.00000000\";s:23:\"multicurrency_total_tva\";s:10:\"0.00000000\";s:23:\"multicurrency_total_ttc\";s:11:\"50.00000000\";s:3:\"qty\";s:1:\"1\";s:12:\"product_type\";s:1:\"1\";s:12:\"vat_src_code\";s:0:\"\";s:6:\"tva_tx\";s:5:\"0.000\";s:12:\"localtax1_tx\";s:5:\"0.000\";s:12:\"localtax2_tx\";s:5:\"0.000\";s:8:\"total_ht\";s:11:\"50.00000000\";s:9:\"total_tva\";s:10:\"0.00000000\";s:15:\"total_localtax1\";s:10:\"0.00000000\";s:15:\"total_localtax2\";s:10:\"0.00000000\";s:9:\"total_ttc\";s:11:\"50.00000000\";s:9:\"info_bits\";s:1:\"0\";}}s:3:\"ref\";s:11:\"FA1807-0027\";s:11:\"note_public\";s:0:\"\";}',12,1,0,'2020-01-21 10:23:28','Alice Adminson',''),(53,'2020-01-21 09:23:28','PAYMENT_CUSTOMER_CREATE',50.00000000,'54bbe038c35a0b1f63cccfbd89ce3232fc5dff8a56e7ff33bffebb9f412827bc','444449d4566c78f70a64b92d0008e9ddc933be75326cebdf5d41c4a94acdddc4','payment',42,'PAY2001-0008','2020-01-21 00:00:00','O:8:\"stdClass\":8:{s:9:\"mycompany\";O:8:\"stdClass\":29:{s:4:\"name\";s:12:\"MyBigCompany\";s:10:\"name_alias\";N;s:7:\"address\";s:15:\"21 Jump street.\";s:3:\"zip\";s:5:\"75500\";s:4:\"town\";s:6:\"MyTown\";s:10:\"state_code\";s:0:\"\";s:5:\"phone\";s:8:\"09123123\";s:3:\"fax\";s:8:\"09123124\";s:5:\"email\";s:24:\"myemail@mybigcompany.com\";s:7:\"barcode\";N;s:7:\"idprof1\";s:6:\"123456\";s:7:\"idprof2\";s:7:\"ABC-DEF\";s:7:\"idprof3\";s:9:\"15E-45-8D\";s:7:\"idprof4\";s:0:\"\";s:7:\"idprof5\";s:0:\"\";s:7:\"idprof6\";s:0:\"\";s:9:\"tva_intra\";s:10:\"FR12345678\";s:15:\"localtax1_assuj\";i:1;s:15:\"localtax1_value\";N;s:15:\"localtax2_assuj\";i:1;s:15:\"localtax2_value\";N;s:8:\"managers\";s:10:\"Zack Zeceo\";s:7:\"capital\";s:5:\"10000\";s:11:\"typent_code\";N;s:20:\"forme_juridique_code\";s:0:\"\";s:11:\"code_client\";N;s:16:\"code_fournisseur\";N;s:7:\"ref_ext\";N;s:12:\"country_code\";s:2:\"IN\";}s:3:\"ref\";s:12:\"PAY2001-0008\";s:4:\"date\";i:1579561200;s:9:\"type_code\";s:3:\"CHQ\";s:11:\"payment_num\";s:0:\"\";s:4:\"note\";N;s:12:\"payment_part\";a:1:{i:1;O:8:\"stdClass\":3:{s:6:\"amount\";s:2:\"50\";s:10:\"thirdparty\";O:8:\"stdClass\":29:{s:4:\"name\";s:12:\"Dupont Alain\";s:10:\"name_alias\";s:0:\"\";s:7:\"address\";s:0:\"\";s:3:\"zip\";N;s:4:\"town\";N;s:10:\"state_code\";N;s:5:\"phone\";N;s:3:\"fax\";N;s:5:\"email\";s:18:\"pcurie@example.com\";s:7:\"barcode\";N;s:7:\"idprof1\";s:0:\"\";s:7:\"idprof2\";s:0:\"\";s:7:\"idprof3\";s:0:\"\";s:7:\"idprof4\";s:0:\"\";s:7:\"idprof5\";s:0:\"\";s:7:\"idprof6\";s:0:\"\";s:9:\"tva_intra\";s:0:\"\";s:15:\"localtax1_assuj\";N;s:15:\"localtax1_value\";s:5:\"0.000\";s:15:\"localtax2_assuj\";N;s:15:\"localtax2_value\";s:5:\"0.000\";s:8:\"managers\";N;s:7:\"capital\";s:10:\"0.00000000\";s:11:\"typent_code\";s:10:\"TE_UNKNOWN\";s:20:\"forme_juridique_code\";N;s:11:\"code_client\";s:11:\"CU1601-0019\";s:16:\"code_fournisseur\";N;s:7:\"ref_ext\";N;s:12:\"country_code\";s:0:\"\";}s:7:\"invoice\";O:8:\"stdClass\":9:{s:4:\"date\";i:1531864800;s:10:\"ref_client\";N;s:4:\"type\";s:1:\"0\";s:8:\"total_ht\";s:11:\"50.00000000\";s:9:\"total_tva\";s:10:\"0.00000000\";s:9:\"total_ttc\";s:11:\"50.00000000\";s:12:\"revenuestamp\";s:10:\"0.00000000\";s:3:\"ref\";s:11:\"FA1807-0027\";s:11:\"note_public\";N;}}}s:6:\"amount\";i:50;}',12,1,0,'2020-01-21 10:23:28','Alice Adminson',''),(54,'2020-01-21 09:23:49','MEMBER_SUBSCRIPTION_CREATE',50.00000000,'c4b9d402ebf74ae10353550d9ef1ce08c899b6533bdc5434fa105599da3e28ce','4642f26ec597360d7616ed0d925080970614232397fc17022922eecad2e727c9','subscription',6,'','2019-07-18 00:00:00','O:8:\"stdClass\":10:{s:9:\"mycompany\";O:8:\"stdClass\":29:{s:4:\"name\";s:12:\"MyBigCompany\";s:10:\"name_alias\";N;s:7:\"address\";s:15:\"21 Jump street.\";s:3:\"zip\";s:5:\"75500\";s:4:\"town\";s:6:\"MyTown\";s:10:\"state_code\";s:0:\"\";s:5:\"phone\";s:8:\"09123123\";s:3:\"fax\";s:8:\"09123124\";s:5:\"email\";s:24:\"myemail@mybigcompany.com\";s:7:\"barcode\";N;s:7:\"idprof1\";s:6:\"123456\";s:7:\"idprof2\";s:7:\"ABC-DEF\";s:7:\"idprof3\";s:9:\"15E-45-8D\";s:7:\"idprof4\";s:0:\"\";s:7:\"idprof5\";s:0:\"\";s:7:\"idprof6\";s:0:\"\";s:9:\"tva_intra\";s:10:\"FR12345678\";s:15:\"localtax1_assuj\";i:1;s:15:\"localtax1_value\";N;s:15:\"localtax2_assuj\";i:1;s:15:\"localtax2_value\";N;s:8:\"managers\";s:10:\"Zack Zeceo\";s:7:\"capital\";s:5:\"10000\";s:11:\"typent_code\";N;s:20:\"forme_juridique_code\";s:0:\"\";s:11:\"code_client\";N;s:16:\"code_fournisseur\";N;s:7:\"ref_ext\";N;s:12:\"country_code\";s:2:\"IN\";}s:5:\"datec\";i:1579598629;s:5:\"dateh\";i:1563400800;s:5:\"datef\";i:1594936800;s:11:\"fk_adherent\";s:1:\"2\";s:6:\"amount\";s:2:\"50\";s:2:\"id\";i:6;s:10:\"import_key\";N;s:6:\"statut\";N;s:4:\"note\";s:17:\"Subscription 2019\";}',12,1,0,'2020-01-21 10:23:49','Alice Adminson',''),(55,'2020-01-21 09:23:49','BILL_VALIDATE',50.00000000,'3e7b2c3b0b26c1982a3f8205b48a68756d81cd5bb673e1d2c7c09ce12c2086b9','ca332254195c3a59ee8c2ed0c60aec16a4229e83f5138f69747e65136ad370fa','facture',231,'FA1907-0028','2019-07-18 00:00:00','O:8:\"stdClass\":12:{s:10:\"thirdparty\";O:8:\"stdClass\":29:{s:4:\"name\";s:12:\"Dupont Alain\";s:10:\"name_alias\";s:0:\"\";s:7:\"address\";s:0:\"\";s:3:\"zip\";N;s:4:\"town\";N;s:10:\"state_code\";N;s:5:\"phone\";N;s:3:\"fax\";N;s:5:\"email\";s:18:\"pcurie@example.com\";s:7:\"barcode\";N;s:7:\"idprof1\";s:0:\"\";s:7:\"idprof2\";s:0:\"\";s:7:\"idprof3\";s:0:\"\";s:7:\"idprof4\";s:0:\"\";s:7:\"idprof5\";s:0:\"\";s:7:\"idprof6\";s:0:\"\";s:9:\"tva_intra\";s:0:\"\";s:15:\"localtax1_assuj\";N;s:15:\"localtax1_value\";s:5:\"0.000\";s:15:\"localtax2_assuj\";N;s:15:\"localtax2_value\";s:5:\"0.000\";s:8:\"managers\";N;s:7:\"capital\";s:10:\"0.00000000\";s:11:\"typent_code\";s:10:\"TE_UNKNOWN\";s:20:\"forme_juridique_code\";N;s:11:\"code_client\";s:11:\"CU1601-0019\";s:16:\"code_fournisseur\";N;s:7:\"ref_ext\";N;s:12:\"country_code\";s:0:\"\";}s:9:\"mycompany\";O:8:\"stdClass\":29:{s:4:\"name\";s:12:\"MyBigCompany\";s:10:\"name_alias\";N;s:7:\"address\";s:15:\"21 Jump street.\";s:3:\"zip\";s:5:\"75500\";s:4:\"town\";s:6:\"MyTown\";s:10:\"state_code\";s:0:\"\";s:5:\"phone\";s:8:\"09123123\";s:3:\"fax\";s:8:\"09123124\";s:5:\"email\";s:24:\"myemail@mybigcompany.com\";s:7:\"barcode\";N;s:7:\"idprof1\";s:6:\"123456\";s:7:\"idprof2\";s:7:\"ABC-DEF\";s:7:\"idprof3\";s:9:\"15E-45-8D\";s:7:\"idprof4\";s:0:\"\";s:7:\"idprof5\";s:0:\"\";s:7:\"idprof6\";s:0:\"\";s:9:\"tva_intra\";s:10:\"FR12345678\";s:15:\"localtax1_assuj\";i:1;s:15:\"localtax1_value\";N;s:15:\"localtax2_assuj\";i:1;s:15:\"localtax2_value\";N;s:8:\"managers\";s:10:\"Zack Zeceo\";s:7:\"capital\";s:5:\"10000\";s:11:\"typent_code\";N;s:20:\"forme_juridique_code\";s:0:\"\";s:11:\"code_client\";N;s:16:\"code_fournisseur\";N;s:7:\"ref_ext\";N;s:12:\"country_code\";s:2:\"IN\";}s:4:\"date\";i:1563400800;s:10:\"ref_client\";s:0:\"\";s:4:\"type\";i:0;s:8:\"total_ht\";d:50;s:9:\"total_tva\";d:0;s:9:\"total_ttc\";d:50;s:12:\"revenuestamp\";N;s:11:\"invoiceline\";a:1:{i:1;O:8:\"stdClass\":17:{s:3:\"ref\";N;s:18:\"multicurrency_code\";s:3:\"EUR\";s:22:\"multicurrency_total_ht\";s:11:\"50.00000000\";s:23:\"multicurrency_total_tva\";s:10:\"0.00000000\";s:23:\"multicurrency_total_ttc\";s:11:\"50.00000000\";s:3:\"qty\";s:1:\"1\";s:12:\"product_type\";s:1:\"1\";s:12:\"vat_src_code\";s:0:\"\";s:6:\"tva_tx\";s:5:\"0.000\";s:12:\"localtax1_tx\";s:5:\"0.000\";s:12:\"localtax2_tx\";s:5:\"0.000\";s:8:\"total_ht\";s:11:\"50.00000000\";s:9:\"total_tva\";s:10:\"0.00000000\";s:15:\"total_localtax1\";s:10:\"0.00000000\";s:15:\"total_localtax2\";s:10:\"0.00000000\";s:9:\"total_ttc\";s:11:\"50.00000000\";s:9:\"info_bits\";s:1:\"0\";}}s:3:\"ref\";s:11:\"FA1907-0028\";s:11:\"note_public\";s:0:\"\";}',12,1,0,'2020-01-21 10:23:49','Alice Adminson',''),(56,'2020-01-21 09:23:49','PAYMENT_CUSTOMER_CREATE',50.00000000,'87cab3c0d2443145bb01b7364b78917756b2bf9b7908355b1a3258c28ecf1400','966571aa0fe244a6e762172fff34c03610ba4066f6f95369f514076c97975b6b','payment',43,'PAY2001-0009','2020-01-21 00:00:00','O:8:\"stdClass\":8:{s:9:\"mycompany\";O:8:\"stdClass\":29:{s:4:\"name\";s:12:\"MyBigCompany\";s:10:\"name_alias\";N;s:7:\"address\";s:15:\"21 Jump street.\";s:3:\"zip\";s:5:\"75500\";s:4:\"town\";s:6:\"MyTown\";s:10:\"state_code\";s:0:\"\";s:5:\"phone\";s:8:\"09123123\";s:3:\"fax\";s:8:\"09123124\";s:5:\"email\";s:24:\"myemail@mybigcompany.com\";s:7:\"barcode\";N;s:7:\"idprof1\";s:6:\"123456\";s:7:\"idprof2\";s:7:\"ABC-DEF\";s:7:\"idprof3\";s:9:\"15E-45-8D\";s:7:\"idprof4\";s:0:\"\";s:7:\"idprof5\";s:0:\"\";s:7:\"idprof6\";s:0:\"\";s:9:\"tva_intra\";s:10:\"FR12345678\";s:15:\"localtax1_assuj\";i:1;s:15:\"localtax1_value\";N;s:15:\"localtax2_assuj\";i:1;s:15:\"localtax2_value\";N;s:8:\"managers\";s:10:\"Zack Zeceo\";s:7:\"capital\";s:5:\"10000\";s:11:\"typent_code\";N;s:20:\"forme_juridique_code\";s:0:\"\";s:11:\"code_client\";N;s:16:\"code_fournisseur\";N;s:7:\"ref_ext\";N;s:12:\"country_code\";s:2:\"IN\";}s:3:\"ref\";s:12:\"PAY2001-0009\";s:4:\"date\";i:1579561200;s:9:\"type_code\";s:2:\"CB\";s:11:\"payment_num\";s:0:\"\";s:4:\"note\";N;s:12:\"payment_part\";a:1:{i:1;O:8:\"stdClass\":3:{s:6:\"amount\";s:2:\"50\";s:10:\"thirdparty\";O:8:\"stdClass\":29:{s:4:\"name\";s:12:\"Dupont Alain\";s:10:\"name_alias\";s:0:\"\";s:7:\"address\";s:0:\"\";s:3:\"zip\";N;s:4:\"town\";N;s:10:\"state_code\";N;s:5:\"phone\";N;s:3:\"fax\";N;s:5:\"email\";s:18:\"pcurie@example.com\";s:7:\"barcode\";N;s:7:\"idprof1\";s:0:\"\";s:7:\"idprof2\";s:0:\"\";s:7:\"idprof3\";s:0:\"\";s:7:\"idprof4\";s:0:\"\";s:7:\"idprof5\";s:0:\"\";s:7:\"idprof6\";s:0:\"\";s:9:\"tva_intra\";s:0:\"\";s:15:\"localtax1_assuj\";N;s:15:\"localtax1_value\";s:5:\"0.000\";s:15:\"localtax2_assuj\";N;s:15:\"localtax2_value\";s:5:\"0.000\";s:8:\"managers\";N;s:7:\"capital\";s:10:\"0.00000000\";s:11:\"typent_code\";s:10:\"TE_UNKNOWN\";s:20:\"forme_juridique_code\";N;s:11:\"code_client\";s:11:\"CU1601-0019\";s:16:\"code_fournisseur\";N;s:7:\"ref_ext\";N;s:12:\"country_code\";s:0:\"\";}s:7:\"invoice\";O:8:\"stdClass\":9:{s:4:\"date\";i:1563400800;s:10:\"ref_client\";N;s:4:\"type\";s:1:\"0\";s:8:\"total_ht\";s:11:\"50.00000000\";s:9:\"total_tva\";s:10:\"0.00000000\";s:9:\"total_ttc\";s:11:\"50.00000000\";s:12:\"revenuestamp\";s:10:\"0.00000000\";s:3:\"ref\";s:11:\"FA1907-0028\";s:11:\"note_public\";N;}}}s:6:\"amount\";i:50;}',12,1,0,'2020-01-21 10:23:49','Alice Adminson',''),(57,'2020-01-21 09:33:28','MODULE_RESET',0.00000000,'0000000000','d8134616ec977d8204a6856269ccfc799ea7eccc80074ac62350a5cdee3b070b','module',1,'systemevent','2020-01-21 10:33:28','O:8:\"stdClass\":6:{s:9:\"mycompany\";O:8:\"stdClass\":29:{s:4:\"name\";s:12:\"MyBigCompany\";s:10:\"name_alias\";N;s:7:\"address\";s:15:\"21 Jump street.\";s:3:\"zip\";s:5:\"75500\";s:4:\"town\";s:6:\"MyTown\";s:10:\"state_code\";s:0:\"\";s:5:\"phone\";s:8:\"09123123\";s:3:\"fax\";s:8:\"09123124\";s:5:\"email\";s:24:\"myemail@mybigcompany.com\";s:7:\"barcode\";N;s:7:\"idprof1\";s:6:\"123456\";s:7:\"idprof2\";s:7:\"ABC-DEF\";s:7:\"idprof3\";s:9:\"15E-45-8D\";s:7:\"idprof4\";s:0:\"\";s:7:\"idprof5\";s:0:\"\";s:7:\"idprof6\";s:0:\"\";s:9:\"tva_intra\";s:10:\"FR12345678\";s:15:\"localtax1_assuj\";i:1;s:15:\"localtax1_value\";N;s:15:\"localtax2_assuj\";i:1;s:15:\"localtax2_value\";N;s:8:\"managers\";s:10:\"Zack Zeceo\";s:7:\"capital\";s:5:\"10000\";s:11:\"typent_code\";N;s:20:\"forme_juridique_code\";s:0:\"\";s:11:\"code_client\";N;s:16:\"code_fournisseur\";N;s:7:\"ref_ext\";N;s:12:\"country_code\";s:2:\"IN\";}s:2:\"id\";i:1;s:7:\"element\";s:6:\"module\";s:3:\"ref\";s:11:\"systemevent\";s:6:\"entity\";i:1;s:4:\"date\";i:1579599208;}',12,1,0,'2020-01-21 10:33:28','Alice Adminson',''),(58,'2020-12-10 12:31:17','MODULE_SET',0.00000000,'1f651fa26c45e58ae8303d336a35eddef44c398d225744ad49f803355cdadb43','dce54650a53002c6dc3dbffad2600c13ce08d19b5fa23811b8d2a31d75ac6a60','module',1,'systemevent','2020-12-10 13:31:17','O:8:\"stdClass\":6:{s:9:\"mycompany\";O:8:\"stdClass\":29:{s:4:\"name\";s:12:\"MyBigCompany\";s:10:\"name_alias\";N;s:7:\"address\";s:15:\"21 Jump street.\";s:3:\"zip\";s:5:\"75500\";s:4:\"town\";s:6:\"MyTown\";s:10:\"state_code\";s:0:\"\";s:5:\"phone\";s:8:\"09123123\";s:3:\"fax\";s:8:\"09123124\";s:5:\"email\";s:24:\"myemail@mybigcompany.com\";s:7:\"barcode\";N;s:7:\"idprof1\";s:6:\"123456\";s:7:\"idprof2\";s:7:\"ABC-DEF\";s:7:\"idprof3\";s:9:\"15E-45-8D\";s:7:\"idprof4\";s:0:\"\";s:7:\"idprof5\";s:0:\"\";s:7:\"idprof6\";s:0:\"\";s:9:\"tva_intra\";s:10:\"FR12345678\";s:15:\"localtax1_assuj\";i:1;s:15:\"localtax1_value\";N;s:15:\"localtax2_assuj\";i:1;s:15:\"localtax2_value\";N;s:8:\"managers\";s:10:\"Zack Zeceo\";s:7:\"capital\";s:5:\"10000\";s:11:\"typent_code\";N;s:20:\"forme_juridique_code\";s:0:\"\";s:11:\"code_client\";N;s:16:\"code_fournisseur\";N;s:7:\"ref_ext\";N;s:12:\"country_code\";s:2:\"IN\";}s:2:\"id\";i:1;s:7:\"element\";s:6:\"module\";s:3:\"ref\";s:11:\"systemevent\";s:6:\"entity\";s:1:\"1\";s:4:\"date\";i:1607603477;}',12,1,0,'2020-12-10 13:31:17','Alice Adminson',''),(59,'2022-02-07 14:32:49','MODULE_RESET',0.00000000,'0000000000','db6f3715c6f5a84d8f492e5cde34c3055d08ad8a0427229d66190c1de3700c1f','module',1,'systemevent','2022-02-07 14:32:49','O:8:\"stdClass\":6:{s:9:\"mycompany\";O:8:\"stdClass\":16:{s:4:\"name\";s:12:\"MyBigCompany\";s:7:\"address\";s:15:\"21 Jump street.\";s:3:\"zip\";s:5:\"75500\";s:4:\"town\";s:6:\"MyTown\";s:5:\"phone\";s:8:\"09123123\";s:3:\"fax\";s:8:\"09123124\";s:5:\"email\";s:24:\"myemail@mybigcompany.com\";s:7:\"idprof1\";s:6:\"123456\";s:7:\"idprof2\";s:7:\"ABC-DEF\";s:7:\"idprof3\";s:9:\"15E-45-8D\";s:9:\"tva_intra\";s:10:\"FR12345678\";s:15:\"localtax1_assuj\";i:1;s:15:\"localtax2_assuj\";i:1;s:8:\"managers\";s:10:\"Zack Zeceo\";s:7:\"capital\";s:5:\"10000\";s:12:\"country_code\";s:2:\"IN\";}s:2:\"id\";i:1;s:7:\"element\";s:6:\"module\";s:3:\"ref\";s:11:\"systemevent\";s:6:\"entity\";i:1;s:4:\"date\";i:1644244369;}',12,1,0,'2022-02-07 14:32:49','Alice Adminson',''),(60,'2022-02-07 14:32:50','MODULE_SET',0.00000000,'3821e87f5e665f473ae8043688893856375f41c0d7c5190c209e45299f4cc4b9','85d0333c46688c956bfe71052640ea882bbef2ad767a6a6b1fcd97dbabdb0539','module',1,'systemevent','2022-02-07 14:32:50','O:8:\"stdClass\":6:{s:9:\"mycompany\";O:8:\"stdClass\":16:{s:4:\"name\";s:12:\"MyBigCompany\";s:7:\"address\";s:15:\"21 Jump street.\";s:3:\"zip\";s:5:\"75500\";s:4:\"town\";s:6:\"MyTown\";s:5:\"phone\";s:8:\"09123123\";s:3:\"fax\";s:8:\"09123124\";s:5:\"email\";s:24:\"myemail@mybigcompany.com\";s:7:\"idprof1\";s:6:\"123456\";s:7:\"idprof2\";s:7:\"ABC-DEF\";s:7:\"idprof3\";s:9:\"15E-45-8D\";s:9:\"tva_intra\";s:10:\"FR12345678\";s:15:\"localtax1_assuj\";i:1;s:15:\"localtax2_assuj\";i:1;s:8:\"managers\";s:10:\"Zack Zeceo\";s:7:\"capital\";s:5:\"10000\";s:12:\"country_code\";s:2:\"IN\";}s:2:\"id\";i:1;s:7:\"element\";s:6:\"module\";s:3:\"ref\";s:11:\"systemevent\";s:6:\"entity\";i:1;s:4:\"date\";i:1644244370;}',12,1,0,'2022-02-07 14:32:50','Alice Adminson','');

--
